000
CXUS55 KPIH 011200
CF6SNT
PRELIMINARY LOCAL CLIMATOLOGICAL DATA (WS FORM: F-6)
STATION: STANLEY
MONTH: JANUARY
YEAR: 2023
LATITUDE: 44 10 N
LONGITUDE: 114 56 W
TEMPERATURE IN F: :PCPN: SNOW: WIND :SUNSHINE: SKY :PK WND
================================================================================
1 2 3 4 5 6A 6B 7 8 9 10 11 12 13 14 15 16 17 18
12Z AVG MX 2MIN
DY MAX MIN AVG DEP HDD CDD WTR SNW DPTH SPD SPD DIR MIN PSBL S-S WX SPD DR
================================================================================
1 21 -5 8 -8 57 0 0.00 M M 0.7 7 170 M M 0 9 180
2 9 -19 -5 -21 70 0 0.00 M M 0.9 8 130 M M 0 12 140
3 16 -16 0 -16 65 0 0.00 M M 1.0 7 170 M M 0 10 150
4 22 -1 11 -5 54 0 0.00 M M 1.1 8 130 M M 0 13 110
5 28 15 22 6 43 0 0.09 M M 1.2 10 320 M M 0 14 320
6 37 7 22 6 43 0 0.10 M M 1.2 7 350 M M 0 10 150
7 21 4 13 -3 52 0 0.00 M M 2.5 9 140 M M 0 15 130
8 32 3 18 2 47 0 0.30 M M 5.7 20 150 M M 0 30 150
9 32 3 18 2 47 0 0.30 M M 5.6 17 160 M M 0 29 150
10 25 11 18 2 47 0 0.10 M M 1.7 8 90 M M 0 11 160
11 36 13 25 8 40 0 0.06 M M 1.5 7 170 M M 0 11 170
12 30 10 20 3 45 0 0.01 M M 0.3 6 110 M M 0 8 90
13 36 17 27 10 38 0 0.06 M M 1.2 12 140 M M 0 21 160
14 37 28 33 16 32 0 0.10 M M 6.6 13 140 M M 0 19 140
15 35 15 25 8 40 0 0.02 M M 2.4 10 300 M M 0 15 320
16 23 -2 11 -6 54 0 0.01 M M 1.8 7 130 M M 0 11 110
17 24 0 12 -5 53 0 0.00 M M 1.6 7 120 M M 0 10 120
18 20 -15 3 -14 62 0 0.00 M M 1.2 7 100 M M 0 8 180
19 23 2 13 -4 52 0 0.01 M M 0.4 5 310 M M 0 7 310
20 20 -13 4 -13 61 0 0.00 M M 2.0 7 130 M M 0 10 170
21 21 -14 4 -13 61 0 0.00 M M 0.6 8 60 M M 0 13 80
22 26 9 18 1 47 0 0.01 M M 2.8 10 340 M M 0 17 340
23 20 -9 6 -11 59 0 0.00 M M 2.4 8 170 M M 0 10 120
24 27 -13 7 -10 58 0 0.00 M M 1.1 7 350 M M 0 12 340
25 32 4 18 0 47 0 0.00 M M 2.3 14 330 M M 0 25 330
26 34 1 18 0 47 0 0.00 M M 2.2 9 350 M M 0 14 140
27 35 21 28 10 37 0 0.04 M M 4.2 13 310 M M 0 21 360
28 25 10 18 0 47 0 0.07 M M 3.2 13 280 M M 0 21 260
29 12 -22 -5 -23 70 0 0.00 M M 4.4 9 350 M M 0 16 360
30 9 -34 -12 -30 77 0 0.00 M M 1.7 7 160 M M 0 10 140
31 19 -16 2 -16 63 0 0.00 M M 1.5 6 350 M M 0 8 340
================================================================================
SM 787 -6 1615 0 1.28 M 67.0 M 0
================================================================================
AV 25.4 -0.2 2.2 FASTST M M 0 MAX(MPH)
MISC ----> 20 150 30 150
================================================================================
NOTES:
# LAST OF SEVERAL OCCURRENCES
COLUMN 17 PEAK WIND IN M.P.H.
PRELIMINARY LOCAL CLIMATOLOGICAL DATA (WS FORM: F-6) , PAGE 2
STATION: STANLEY
MONTH: JANUARY
YEAR: 2023
LATITUDE: 44 10 N
LONGITUDE: 114 56 W
[TEMPERATURE DATA] [PRECIPITATION DATA] SYMBOLS USED IN COLUMN 16
AVERAGE MONTHLY: 12.6 TOTAL FOR MONTH: 1.28 1 = FOG OR MIST
DPTR FM NORMAL: -4.3 DPTR FM NORMAL: -0.46 2 = FOG REDUCING VISIBILITY
HIGHEST: 37 ON 14, 6 GRTST 24HR 0.30 ON 8- 8 TO 1/4 MILE OR LESS
LOWEST: -34 ON 30 3 = THUNDER
SNOW, ICE PELLETS, HAIL 4 = ICE PELLETS
TOTAL MONTH: M 5 = HAIL
GRTST 24HR M ON M 6 = FREEZING RAIN OR DRIZZLE
GRTST DEPTH: M ON M 7 = DUSTSTORM OR SANDSTORM:
VSBY 1/2 MILE OR LESS
8 = SMOKE OR HAZE
[NO. OF DAYS WITH] [WEATHER - DAYS WITH] 9 = BLOWING SNOW
X = TORNADO
MAX 32 OR BELOW: 24 0.01 INCH OR MORE: 15
MAX 90 OR ABOVE: 0 0.10 INCH OR MORE: 5
MIN 32 OR BELOW: 31 0.50 INCH OR MORE: 0
MIN 0 OR BELOW: 14 1.00 INCH OR MORE: 0
[HDD (BASE 65) ]
TOTAL THIS MO. 1615 CLEAR (SCALE 0-3) 31
DPTR FM NORMAL 125 PTCLDY (SCALE 4-7) 0
TOTAL FM JUL 1 5814 CLOUDY (SCALE 8-10) 0
DPTR FM NORMAL 53
[CDD (BASE 65) ]
TOTAL THIS MO. 0
DPTR FM NORMAL 0 [PRESSURE DATA]
TOTAL FM JAN 1 0 HIGHEST SLP 30.67 ON 21
DPTR FM NORMAL 0 LOWEST SLP 29.40 ON 15
[REMARKS]
#FINAL-01-23#