000
CXUS55 KPIH 042226
CF6SNT
PRELIMINARY LOCAL CLIMATOLOGICAL DATA (WS FORM: F-6)
STATION: STANLEY
MONTH: JUNE
YEAR: 2022
LATITUDE: 44 10 N
LONGITUDE: 114 56 W
TEMPERATURE IN F: :PCPN: SNOW: WIND :SUNSHINE: SKY :PK WND
================================================================================
1 2 3 4 5 6A 6B 7 8 9 10 11 12 13 14 15 16 17 18
12Z AVG MX 2MIN
DY MAX MIN AVG DEP HDD CDD WTR SNW DPTH SPD SPD DIR MIN PSBL S-S WX SPD DR
================================================================================
1 62 29 46 -3 19 0 0.00 M M 3.9 10 210 M M 0 19 210
2 68 31 50 1 15 0 0.00 M M 3.3 17 210 M M 0 27 210
3 69 40 55 6 10 0 0.01 M M 4.1 18 170 M M 0 29 180
4 54 38 46 -3 19 0 0.01 M M 3.5 16 140 M M 0 26 140
5 59 38 49 0 16 0 0.46 M M 2.8 10 290 M M 0 18 290
6 58 33 46 -4 19 0 0.06 M M 3.9 12 330 M M 0 20 340
7 65 28 47 -3 18 0 0.00 M M 3.7 10 250 M M 0 18 280
8 59 39 49 -1 16 0 0.01 M M 3.6 13 170 M M 0 21 170
9 73 33 53 3 12 0 0.00 M M 4.2 12 270 M M 0 19 180
10 75 38 57 7 8 0 0.00 M M 4.0 14 170 M M 0 25 230
11 70 49 60 10 5 0 0.08 M M 6.3 18 210 M M 0 28 280
12 55 42 49 -2 16 0 0.93 M M 3.5 12 310 M M 0 19 320
13 48 34 41 -10 24 0 0.02 M M 4.9 14 310 M M 0 24 310
14 46 28 37 -14 28 0 0.00 M M 5.0 20 340 M M 0 33 320
15 67 24 46 -5 19 0 0.00 M M 4.0 12 250 M M 0 19 260
16 77 31 54 3 11 0 0.00 M M 4.8 17 150 M M 0 28 200
17 79 38 59 7 6 0 0.00 M M 6.7 24 190 M M 0 43 160
18 68 38 53 1 12 0 0.00 M M 4.5 20 180 M M 0 32 160
19 58 35 47 -5 18 0 0.04 M M 3.7 12 320 M M 0 23 340
20 57 31 44 -8 21 0 0.02 M M 2.8 16 330 M M 0 25 340
21 70 31 51 -2 14 0 0.00 M M 3.1 10 10 M M 0 17 360
22 76 30 53 0 12 0 0.00 M M 2.8 15 190 M M 0 21 190
23 77 33 55 2 10 0 0.00 M M 3.5 18 170 M M 0 31 180
24 69 37 53 -1 12 0 0.00 M M 4.8 15 250 M M 0 24 330
25 74 30 52 -2 13 0 0.00 M M 3.0 12 320 M M 0 19 80
26 80 32 56 2 9 0 0.00 M M 3.5 13 350 M M 0 18 350
27 85 35 60 6 5 0 0.00 M M 3.8 14 310 M M 0 23 290
28 83 41 62 7 3 0 0.00 M M 5.2 17 210 M M 0 33 200
29 73 38 56 1 9 0 0.00 M M 4.8 16 290 M M 0 27 300
30 78 29 54 -1 11 0 0.00 M M 4.3 14 320 M M 0 20 310
================================================================================
SM 2032 1033 410 0 1.64 M 122.0 M 0
================================================================================
AV 67.7 34.4 4.1 FASTST M M 0 MAX(MPH)
MISC ----> 24 190 43 160
================================================================================
NOTES:
# LAST OF SEVERAL OCCURRENCES
COLUMN 17 PEAK WIND IN M.P.H.
PRELIMINARY LOCAL CLIMATOLOGICAL DATA (WS FORM: F-6) , PAGE 2
STATION: STANLEY
MONTH: JUNE
YEAR: 2022
LATITUDE: 44 10 N
LONGITUDE: 114 56 W
[TEMPERATURE DATA] [PRECIPITATION DATA] SYMBOLS USED IN COLUMN 16
AVERAGE MONTHLY: 51.1 TOTAL FOR MONTH: 1.64 1 = FOG OR MIST
DPTR FM NORMAL: -0.5 DPTR FM NORMAL: 0.04 2 = FOG REDUCING VISIBILITY
HIGHEST: 85 ON 27 GRTST 24HR 0.95 ON 12-13 TO 1/4 MILE OR LESS
LOWEST: 24 ON 15 3 = THUNDER
SNOW, ICE PELLETS, HAIL 4 = ICE PELLETS
TOTAL MONTH: M 5 = HAIL
GRTST 24HR M ON M 6 = FREEZING RAIN OR DRIZZLE
GRTST DEPTH: M ON M 7 = DUSTSTORM OR SANDSTORM:
VSBY 1/2 MILE OR LESS
8 = SMOKE OR HAZE
[NO. OF DAYS WITH] [WEATHER - DAYS WITH] 9 = BLOWING SNOW
X = TORNADO
MAX 32 OR BELOW: 0 0.01 INCH OR MORE: 10
MAX 90 OR ABOVE: 0 0.10 INCH OR MORE: 2
MIN 32 OR BELOW: 12 0.50 INCH OR MORE: 1
MIN 0 OR BELOW: 0 1.00 INCH OR MORE: 0
[HDD (BASE 65) ]
TOTAL THIS MO. 410 CLEAR (SCALE 0-3) 30
DPTR FM NORMAL 7 PTCLDY (SCALE 4-7) 0
TOTAL FM JUL 1 9893 CLOUDY (SCALE 8-10) 0
DPTR FM NORMAL -170
[CDD (BASE 65) ]
TOTAL THIS MO. 0
DPTR FM NORMAL -1 [PRESSURE DATA]
TOTAL FM JAN 1 0 HIGHEST SLP 30.37 ON 21
DPTR FM NORMAL -1 LOWEST SLP 29.42 ON 17
[REMARKS]
12TH: RAINFALL OF 0.93 BREAKS PREVIOUS RECORD 0F 0.61 SET IN 2000.
#FINAL-06-22#