000
CXUS55 KCYS 120216 CCA
CF6SNY
PRELIMINARY LOCAL CLIMATOLOGICAL DATA (WS FORM: F-6)...CORRECTED
STATION: SIDNEY NEBRASKA AIRPORT
MONTH: DECEMBER
YEAR: 2022
LATITUDE: 41 5 N
LONGITUDE: 102 59 W
TEMPERATURE IN F: :PCPN: SNOW: WIND :SUNSHINE: SKY :PK WND
================================================================================
1 2 3 4 5 6A 6B 7 8 9 10 11 12 13 14 15 16 17 18
12Z AVG MX 2MIN
DY MAX MIN AVG DEP HDD CDD WTR SNW DPTH SPD SPD DIR MIN PSBL S-S WX SPD DR
================================================================================
1 47 8 28 -3 37 0 0.00 M M 8.8 17 230 M M 0 20 230
2 51 6 29 -1 36 0 0.00 M M 14.1 43 300 M M 1 56 300
3 37 5 21 -9 44 0 0.00 M M 10.7 21 210 M M 0 25 220
4 54 19 37 7 28 0 0.00 M M 11.6 22 210 M M 2 26 200
5 43 26 35 6 30 0 0.00 M M 8.4 17 190 M M 9 19 180
6 49 24 37 8 28 0 T M M 9.7 21 270 M M 3 27 270
7 49 17 33 4 32 0 0.00 M M 10.4 18 170 M M 0 25 260
8 39 17 28 0 37 0 T M M 11.6 32 330 M M 5 1 42 330
9 48 7 28 0 37 0 0.00 M M 12.6 33 190 M M 0 45 310
10 44 19 32 4 33 0 0.00 M M 13.5 35 310 M M 0 46 310
11 59 16 38 10 27 0 0.00 M M 6.9 17 190 M M 0 19 190
12 37 23 30 2 35 0 T M M 11.5 35 350 M M 4 12 42 350
13 22 14 18 -9 47 0 M M M 33.4 41 320 M M 10 1269 55 320
14 25 14 20 -7 45 0 T M M 29.7 46 330 M M 6 1289 59 330
15 22 14 18 -9 47 0 T M M 28.3 41 320 M M 4 189 53 320
16 23 11 17 -10 48 0 T M M 27.6 44 320 M M 2 89 61 320
17 31 5 18 -9 47 0 0.00 M M 17.5 32 300 M M 5 38 310
18 37 2 20 -7 45 0 0.00 M M 7.2 18 200 M M 0 22 190
19 37 -4 17 -10 48 0 T M M 7.2 16 200 M M 0 19 350
20 18 3 11 -15 54 0 0.00 M M 8.9 16 150 M M 3 1 19 150
21 31 -14 9 -17 56 0 T M M 20.8 43 340 M M 6 8 55 340
22 -5 -19 -12 -38 77 0 T M M 27.5 44 330 M M 4 8 52 320
23 11 -11 0 -26 65 0 0.00 M M 11.8 23 330 M M 0 33 340
24 41 -1 20 -6 45 0 0.00 M M 9.4 21 320 M M 7 26 300
25 45 20 33 7 32 0 T M M 15.7 25 310 M M 4 34 310
26 42 17 30 4 35 0 0.00 M M 13.6 28 310 M M 1 35 320
27 55 29 42 16 23 0 0.00 M M 13.4 37 310 M M 0 46 300
28 51 35 43 17 22 0 0.00 M M 13.7 29 320 M M 7 37 320
29 38 6 22 -4 43 0 0.14 M M 13.5 24 310 M M 6 12 32 300
30 31 3 17 -9 48 0 0.00 M M 9.8 17 210 M M 1 21 280
31 42 16 29 2 36 0 T M M 9.7 17 230 M M 6 22 250
================================================================================
SM 1154 327 1267 0 0.14 M 448.5 M 96
================================================================================
AV 37.2 10.5 14.5 FASTST M M 3 MAX(MPH)
MISC ----> 46 330 61 320
================================================================================
NOTES:
# LAST OF SEVERAL OCCURRENCES
COLUMN 17 PEAK WIND IN M.P.H.
PRELIMINARY LOCAL CLIMATOLOGICAL DATA (WS FORM: F-6) , PAGE 2
STATION: SIDNEY NEBRASKA AIRPORT
MONTH: DECEMBER
YEAR: 2022
LATITUDE: 41 5 N
LONGITUDE: 102 59 W
[TEMPERATURE DATA] [PRECIPITATION DATA] SYMBOLS USED IN COLUMN 16
AVERAGE MONTHLY: 23.9 TOTAL FOR MONTH: 0.14 1 = FOG OR MIST
DPTR FM NORMAL: -3.6 DPTR FM NORMAL: -0.06 2 = FOG REDUCING VISIBILITY
HIGHEST: 59 ON 11 GRTST 24HR 0.23 ON 12-13 TO 1/4 MILE OR LESS
LOWEST: -19 ON 22 3 = THUNDER
SNOW, ICE PELLETS, HAIL 4 = ICE PELLETS
TOTAL MONTH: M 5 = HAIL
GRTST 24HR M ON M 6 = FREEZING RAIN OR DRIZZLE
GRTST DEPTH: M ON M 7 = DUSTSTORM OR SANDSTORM:
VSBY 1/2 MILE OR LESS
8 = SMOKE OR HAZE
[NO. OF DAYS WITH] [WEATHER - DAYS WITH] 9 = BLOWING SNOW
X = TORNADO
MAX 32 OR BELOW: 10 0.01 INCH OR MORE: 1
MAX 90 OR ABOVE: 0 0.10 INCH OR MORE: 1
MIN 32 OR BELOW: 30 0.50 INCH OR MORE: 0
MIN 0 OR BELOW: 5 1.00 INCH OR MORE: 0
[HDD (BASE 65) ]
TOTAL THIS MO. 1267 CLEAR (SCALE 0-3) 17
DPTR FM NORMAL 106 PTCLDY (SCALE 4-7) 12
TOTAL FM JUL 1 2828 CLOUDY (SCALE 8-10) 2
DPTR FM NORMAL 114
[CDD (BASE 65) ]
TOTAL THIS MO. 0
DPTR FM NORMAL 0 [PRESSURE DATA]
TOTAL FM JAN 1 1022 HIGHEST SLP 30.76 ON 23
DPTR FM NORMAL 330 LOWEST SLP 29.28 ON 27
[REMARKS]
ASOS PRECIPITATION DID NOT ALIGN WITH HUMAN REPORTS OF
SIGNIFICANT SNOW ON: 12/13 ENTERED PRECIPITATION AS MISSING.
MONTHLY PRECIPITATION SHOULD REMAIN MISSING.
DECEMBER 22...RECORD LOW HIGH -5 DEGREES (PREVIOUS 1 DEGREE IN 1990)
#FINAL-12-22#