000
CXUS56 KPQR 011155
CF6SPB
PRELIMINARY LOCAL CLIMATOLOGICAL DATA (WS FORM: F-6)
STATION: SCAPPOOSE OR
MONTH: OCTOBER
YEAR: 2021
LATITUDE: 45 46 N
LONGITUDE: 122 50 W
TEMPERATURE IN F: :PCPN: SNOW: WIND :SUNSHINE: SKY :PK WND
================================================================================
1 2 3 4 5 6A 6B 7 8 9 10 11 12 13 14 15 16 17 18
12Z AVG MX 2MIN
DY MAX MIN AVG DEP HDD CDD WTR SNW DPTH SPD SPD DIR MIN PSBL S-S WX SPD DR
================================================================================
1 68 47 58 0 7 0 0.00 M M 5.9 15 360 M M 3 1 19 330
2 73 43 58 0 7 0 0.00 M M 2.2 9 340 M M 0 1 13 340
3 70 42 56 -2 9 0 0.00 M M 4.9 14 360 M M 3 17 330
4 70 53 62 5 3 0 0.00 M M 2.5 9 120 M M 2 1 14 320
5 59 43 51 -6 14 0 0.28 M M 2.5 13 260 M M 6 1 16 260
6 64 42 53 -4 12 0 0.17 M M 4.3 12 140 M M 6 1 14 140
7 62 37 50 -6 15 0 0.00 M M 5.1 12 340 M M 3 12 16 340
8 60 38 49 -7 16 0 0.00 M M 1.1 6 50 M M 5 12 9 150
9 61 40 51 -5 14 0 0.01 M M 1.2 9 140 M M 9 1 12 130
10 62 39 51 -4 14 0 0.05 M M 4.6 20 290 M M 6 1 32 290
11 60 37 49 -6 16 0 0.00 M M 3.5 12 10 M M 3 12 14 20
12 53 33 43 -11 22 0 0.22 M M 2.6 12 130 M M 8 1 13 140
13 54 38 46 -8 19 0 0.09 M M 1.4 9 150 M M 8 1 12 150
14 57 49 53 -1 12 0 0.05 M M 3.6 9 140 M M 10 1 11 140
15 64 46 55 2 10 0 0.00 M M 2.6 10 140 M M 6 1 14 130
16 66 45 56 3 9 0 0.00 M M 1.3 7 130 M M 6 128 9 130
17 61 50 56 3 9 0 0.32 M M 3.1 14 270 M M 10 1 18 310
18 58 41 50 -2 15 0 0.00 M M 2.2 9 330 M M 7 18 12 320
19 61 36 49 -3 16 0 0.02 M M 0.7 7 90 M M 1 1 8 80
20 61 50 56 4 9 0 0.25 M M 4.0 14 170 M M 8 1 23 180
21 68 47 58 7 7 0 0.84 M M 4.5 14 140 M M 7 12 18 240
22 61 51 56 5 9 0 0.04 M M 3.4 12 140 M M 8 1 17 180
23 56 51 54 3 11 0 0.44 M M 5.5 15 150 M M 10 1 22 140
24 58 51 55 5 10 0 0.51 M M 8.8 23 210 M M 9 13 33 200
25 56 51 54 4 11 0 0.25 M M 8.9 18 170 M M 9 1 29 140
26 59 51 55 5 10 0 0.11 M M 5.5 13 150 M M 10 1 20 150
27 59 48 54 4 11 0 0.15 M M 2.8 12 230 M M 8 1 17 220
28 70 52 61 12 4 0 0.45 M M 4.5 12 160 M M 10 1 18 180
29 59 46 53 4 12 0 0.26 M M 4.9 12 330 M M 5 1 17 320
30 63 38 51 2 14 0 0.00 M M 3.8 12 340 M M 0 16 340
31 64 37 51 3 14 0 0.00 M M 3.7 16 130 M M 0 21 140
================================================================================
SM 1917 1372 361 0 4.51 M 115.6 M 186
================================================================================
AV 61.8 44.3 3.7 FASTST M M 6 MAX(MPH)
MISC ----> 23 210 33 200
================================================================================
NOTES:
# LAST OF SEVERAL OCCURRENCES
COLUMN 17 PEAK WIND IN M.P.H.
PRELIMINARY LOCAL CLIMATOLOGICAL DATA (WS FORM: F-6) , PAGE 2
STATION: SCAPPOOSE OR
MONTH: OCTOBER
YEAR: 2021
LATITUDE: 45 46 N
LONGITUDE: 122 50 W
[TEMPERATURE DATA] [PRECIPITATION DATA] SYMBOLS USED IN COLUMN 16
AVERAGE MONTHLY: 53.0 TOTAL FOR MONTH: 4.51 1 = FOG OR MIST
DPTR FM NORMAL: -0.2 DPTR FM NORMAL: 0.91 2 = FOG REDUCING VISIBILITY
HIGHEST: 73 ON 2 GRTST 24HR 0.88 ON 21-22 TO 1/4 MILE OR LESS
LOWEST: 33 ON 12 3 = THUNDER
SNOW, ICE PELLETS, HAIL 4 = ICE PELLETS
TOTAL MONTH: M 5 = HAIL
GRTST 24HR M ON M 6 = FREEZING RAIN OR DRIZZLE
GRTST DEPTH: M ON M 7 = DUSTSTORM OR SANDSTORM:
VSBY 1/2 MILE OR LESS
8 = SMOKE OR HAZE
[NO. OF DAYS WITH] [WEATHER - DAYS WITH] 9 = BLOWING SNOW
X = TORNADO
MAX 32 OR BELOW: 0 0.01 INCH OR MORE: 19
MAX 90 OR ABOVE: 0 0.10 INCH OR MORE: 13
MIN 32 OR BELOW: 0 0.50 INCH OR MORE: 2
MIN 0 OR BELOW: 0 1.00 INCH OR MORE: 0
[HDD (BASE 65) ]
TOTAL THIS MO. 361 CLEAR (SCALE 0-3) 8
DPTR FM NORMAL -7 PTCLDY (SCALE 4-7) 12
TOTAL FM JUL 1 438 CLOUDY (SCALE 8-10) 11
DPTR FM NORMAL -88
[CDD (BASE 65) ]
TOTAL THIS MO. 0
DPTR FM NORMAL -2 [PRESSURE DATA]
TOTAL FM JAN 1 684 HIGHEST SLP 30.31 ON 1
DPTR FM NORMAL 350 LOWEST SLP 29.04 ON 24
[REMARKS]
#FINAL-10-21#