000
CXUS55 KPUB 011541
CF6SPD
PRELIMINARY LOCAL CLIMATOLOGICAL DATA (WS FORM: F-6)
STATION: SPRINGFIELD CO
MONTH: FEBRUARY
YEAR: 2023
LATITUDE: 37 16 N
LONGITUDE: 102 37 W
TEMPERATURE IN F: :PCPN: SNOW: WIND :SUNSHINE: SKY :PK WND
================================================================================
1 2 3 4 5 6A 6B 7 8 9 10 11 12 13 14 15 16 17 18
12Z AVG MX 2MIN
DY MAX MIN AVG DEP HDD CDD WTR SNW DPTH SPD SPD DIR MIN PSBL S-S WX SPD DR
================================================================================
1 46 3 25 -8 40 0 0.00 M M 5.5 12 290 M M 0 16 300
2 46 19 33 0 32 0 0.00 M M 9.8 21 330 M M 0 27 330
3 63 23 43 10 22 0 0.00 M M 9.8 18 210 M M 0 27 210
4 59 25 42 9 23 0 0.00 M M 12.3 25 280 M M 0 35 280
5 61 24 43 10 22 0 0.00 M M 10.8 20 140 M M 0 24 140
6 56 30 43 10 22 0 0.00 M M 17.6 32 10 M M 0 49 310
7 48 19 34 1 31 0 0.00 M M 8.4 17 360 M M 0 25 10
8 53 18 36 3 29 0 0.00 M M 6.3 16 320 M M 0 21 310
9 35 20 28 -6 37 0 0.04 M M 22.8 35 350 M M 0 44 360
10 40 13 27 -7 38 0 0.00 M M 7.6 14 310 M M 0 18 320
11 64 13 39 5 26 0 0.00 M M 11.1 24 170 M M 0 30 190
12 59 23 41 7 24 0 0.00 M M 14.2 30 320 M M 0 39 310
13 61 19 40 6 25 0 0.00 M M 14.9 30 170 M M 0 38 180
14 55 30 43 9 22 0 0.16 M M 15.6 31 310 M M 0 43 320
15 30 9 20 -14 45 0 0.27 M M 18.0 31 10 M M 0 40 360
16 24 4 14 -20 51 0 0.00 M M 15.2 26 320 M M 0 36 320
17 46 1 24 -11 41 0 0.00 M M 10.2 20 220 M M 0 27 220
18 55 27 41 6 24 0 0.00 M M 10.4 20 200 M M 0 27 220
19 64 29 47 12 18 0 0.00 M M 10.4 28 260 M M 0 41 260
20 70 28 49 14 16 0 0.00 M M 9.1 26 290 M M 0 34 290
21 74 27 51 16 14 0 0.00 M M 15.3 37 230 M M 0 54 250
22 48 10 29 -7 36 0 0.01 M M 13.0 24 20 M M 0 30 10
23 28 4 16 -20 49 0 0.00 M M 10.6 21 130 M M 0 27 120
24 50 6 28 -8 37 0 0.00 M M 10.6 30 190 M M 0 38 180
25 69 21 45 9 20 0 0.00 M M 8.7 18 220 M M 0 26 200
26 75 33 54 17 11 0 0.02 M M 17.2 48 190 M M 0 74 250
27 65 31 48 11 17 0 0.00 M M 11.3 24 290 M M 0 32 290
28 65 20 43 6 22 0 0.00 M M 15.0 32 270 M M 0 49 260
================================================================================
SM 1509 529 794 0 0.50 M 341.7 M 0
================================================================================
AV 53.9 18.9 12.2 FASTST M M 0 MAX(MPH)
MISC ----> 48 190 74 250
================================================================================
NOTES:
COLUMN 17 PEAK WIND IN M.P.H.
PRELIMINARY LOCAL CLIMATOLOGICAL DATA (WS FORM: F-6) , PAGE 2
STATION: SPRINGFIELD CO
MONTH: FEBRUARY
YEAR: 2023
LATITUDE: 37 16 N
LONGITUDE: 102 37 W
[TEMPERATURE DATA] [PRECIPITATION DATA] SYMBOLS USED IN COLUMN 16
AVERAGE MONTHLY: 36.4 TOTAL FOR MONTH: 0.50 1 = FOG OR MIST
DPTR FM NORMAL: 1.8 DPTR FM NORMAL: 0.18 2 = FOG REDUCING VISIBILITY
HIGHEST: 75 ON 26 GRTST 24HR 0.27 ON 15 TO 1/4 MILE OR LESS
LOWEST: 1 ON 17 3 = THUNDER
SNOW, ICE PELLETS, HAIL 4 = ICE PELLETS
TOTAL MONTH: M 5 = HAIL
GRTST 24HR M ON M 6 = FREEZING RAIN OR DRIZZLE
GRTST DEPTH: M ON M 7 = DUSTSTORM OR SANDSTORM:
VSBY 1/2 MILE OR LESS
8 = SMOKE OR HAZE
[NO. OF DAYS WITH] [WEATHER - DAYS WITH] 9 = BLOWING SNOW
X = TORNADO
MAX 32 OR BELOW: 3 0.01 INCH OR MORE: 5
MAX 90 OR ABOVE: 0 0.10 INCH OR MORE: 2
MIN 32 OR BELOW: 27 0.50 INCH OR MORE: 0
MIN 0 OR BELOW: 0 1.00 INCH OR MORE: 0
[HDD (BASE 65) ]
TOTAL THIS MO. 794 CLEAR (SCALE 0-3) 28
DPTR FM NORMAL -58 PTCLDY (SCALE 4-7) 0
TOTAL FM JUL 1 3876 CLOUDY (SCALE 8-10) 0
DPTR FM NORMAL -192
[CDD (BASE 65) ]
TOTAL THIS MO. 0
DPTR FM NORMAL 0 [PRESSURE DATA]
TOTAL FM JAN 1 0 HIGHEST SLP 30.52 ON 10
DPTR FM NORMAL 0 LOWEST SLP 28.98 ON 14
[REMARKS]
#FINAL-02-23#