718
CXUS55 KPUB 011310
CF6SPD
PRELIMINARY LOCAL CLIMATOLOGICAL DATA (WS FORM: F-6)
STATION: SPRINGFIELD CO
MONTH: OCTOBER
YEAR: 2020
LATITUDE: 37 16 N
LONGITUDE: 102 37 W
TEMPERATURE IN F: :PCPN: SNOW: WIND :SUNSHINE: SKY :PK WND
================================================================================
1 2 3 4 5 6A 6B 7 8 9 10 11 12 13 14 15 16 17 18
12Z AVG MX 2MIN
DY MAX MIN AVG DEP HDD CDD WTR SNW DPTH SPD SPD DIR MIN PSBL S-S WX SPD DR
================================================================================
1 69 38 54 -6 11 0 0.00 M M 8.1 15 130 M M 0 19 140
2 83 42 63 4 2 0 0.00 M M 5.6 14 200 M M 0 18 200
3 71 43 57 -2 8 0 0.00 M M 11.0 29 360 M M 0 37 10
4 81 40 61 2 4 0 0.00 M M 13.8 24 190 M M 0 32 190
5 88 45 67 9 0 2 0.00 M M 11.1 24 310 M M 0 34 300
6 87 43 65 7 0 0 0.00 M M 10.0 20 180 M M 0 26 200
7 92 47 70 13 0 5 0.00 M M 7.0 20 310 M M 0 23 310
8 90 51 71 14 0 6 0.00 0.0 M 13.8 30 170 M M 0 40 170
9 91 50 71 15 0 6 0.00 0.0 M 10.0 20 340 M M 0 26 340
10 88 48 68 12 0 3 0.00 M M 11.9 29 150 M M 0 34 150
11 90 45 68 12 0 3 0.00 M M 17.9 49 360 M M 0 66 360
12 76 35 56 1 9 0 0.00 M M 13.1 26 200 M M 0 41 200
13 78 44 61 6 4 0 0.00 M M 13.5 23 20 M M 0 29 310
14 91 43 67 12 0 2 0.00 M M 15.7 30 60 M M 0 42 60
15 57 33 45 -9 20 0 0.00 M M 9.5 20 80 M M 0 25 90
16 68 29 49 -5 16 0 0.00 M M 16.9 37 190 M M 0 48 200
17 79 45 62 8 3 0 0.00 M M 11.4 23 120 M M 0 33 140
18 48 33 41 -12 24 0 0.00 M M 10.6 20 20 M M 0 25 40
19 67 37 52 -1 13 0 0.00 M M 9.2 18 120 M M 0 23 110
20 86 33 60 8 5 0 0.00 M M 8.4 26 80 M M 0 36 70
21 79 47 63 11 2 0 0.00 M M 12.4 26 180 M M 0 36 160
22 83 33 58 6 7 0 0.00 M M 17.6 30 360 M M 0 37 10
23 38 25 32 -19 33 0 0.00 M M 14.1 30 360 M M 0 38 350
24 73 24 49 -2 16 0 0.00 M M 13.3 28 180 M M 0 35 170
25 33 17 25 -25 40 0 0.11 M M 14.4 24 20 M M 0 30 50
26 17 13 15 -35 50 0 0.03 M M 12.8 23 20 M M 0 28 20
27 30 16 23 -27 42 0 0.00 M M 6.2 14 340 M M 0 16 340
28 44 26 35 -14 30 0 0.01 M M 17.4 31 350 M M 0 43 350
29 62 31 47 -2 18 0 0.00 M M 10.1 29 340 M M 0 39 350
30 67 34 51 2 14 0 0.00 M M 9.2 15 200 M M 0 22 200
31 75 31 53 5 12 0 0.00 0.0 0 12.4 25 10 M M 0 35 30
================================================================================
SM 2181 1121 383 27 0.15 0.0 368.4 M 0
================================================================================
AV 70.4 36.2 11.9 FASTST M M 0 MAX(MPH)
MISC ----> 49 360 66 360
================================================================================
NOTES:
# LAST OF SEVERAL OCCURRENCES
COLUMN 17 PEAK WIND IN M.P.H.
PRELIMINARY LOCAL CLIMATOLOGICAL DATA (WS FORM: F-6) , PAGE 2
STATION: SPRINGFIELD CO
MONTH: OCTOBER
YEAR: 2020
LATITUDE: 37 16 N
LONGITUDE: 102 37 W
[TEMPERATURE DATA] [PRECIPITATION DATA] SYMBOLS USED IN COLUMN 16
AVERAGE MONTHLY: 53.3 TOTAL FOR MONTH: 0.15 1 = FOG OR MIST
DPTR FM NORMAL: -0.6 DPTR FM NORMAL: -1.24 2 = FOG REDUCING VISIBILITY
HIGHEST: 92 ON 7 GRTST 24HR 0.14 ON 25-26 TO 1/4 MILE OR LESS
LOWEST: 13 ON 26 3 = THUNDER
SNOW, ICE PELLETS, HAIL 4 = ICE PELLETS
TOTAL MONTH: 0.0 INCH 5 = HAIL
GRTST 24HR 0.0 6 = FREEZING RAIN OR DRIZZLE
GRTST DEPTH: 0 7 = DUSTSTORM OR SANDSTORM:
VSBY 1/2 MILE OR LESS
8 = SMOKE OR HAZE
[NO. OF DAYS WITH] [WEATHER - DAYS WITH] 9 = BLOWING SNOW
X = TORNADO
MAX 32 OR BELOW: 2 0.01 INCH OR MORE: 3
MAX 90 OR ABOVE: 5 0.10 INCH OR MORE: 1
MIN 32 OR BELOW: 9 0.50 INCH OR MORE: 0
MIN 0 OR BELOW: 0 1.00 INCH OR MORE: 0
[HDD (BASE 65) ]
TOTAL THIS MO. 383 CLEAR (SCALE 0-3) 31
DPTR FM NORMAL 28 PTCLDY (SCALE 4-7) 0
TOTAL FM JUL 1 479 CLOUDY (SCALE 8-10) 0
DPTR FM NORMAL 35
[CDD (BASE 65) ]
TOTAL THIS MO. 27
DPTR FM NORMAL 16 [PRESSURE DATA]
TOTAL FM JAN 1 1425 HIGHEST SLP 30.44 ON 23
DPTR FM NORMAL 397 LOWEST SLP 29.46 ON 11
[REMARKS]
#FINAL-10-20#