000
CXUS54 KLZK 011130
CF6SRC
PRELIMINARY LOCAL CLIMATOLOGICAL DATA (WS FORM: F-6)
STATION: SEARCY AIRPORT
MONTH: JUNE
YEAR: 2021
LATITUDE: 35 12 N
LONGITUDE: 91 44 W
TEMPERATURE IN F: :PCPN: SNOW: WIND :SUNSHINE: SKY :PK WND
================================================================================
1 2 3 4 5 6A 6B 7 8 9 10 11 12 13 14 15 16 17 18
12Z AVG MX 2MIN
DY MAX MIN AVG DEP HDD CDD WTR SNW DPTH SPD SPD DIR MIN PSBL S-S WX SPD DR
================================================================================
1 68 63 66 -8 0 1 1.24 M M 4.7 10 70 M M 10 1 M M
2 79 65 72 -3 0 7 0.30 M M 3.5 7 260 M M 9 1 30 150
3 82 62 72 -3 0 7 0.00 M M 2.6 10 350 M M 4 1 M M
4 86 60 73 -2 0 8 0.00 M M 0.9 5 240 M M 1 1 M M
5 82 63 73 -2 0 8 T M M 2.9 9 180 M M 6 1 M M
6 85 67 76 0 0 11 0.14 M M 4.6 13 150 M M 8 1 M M
7 82 68 75 -1 0 10 0.92 M M 6.5 20 190 M M 9 13 35 190
8 76 68 72 -4 0 7 0.12 M M 4.4 10 130 M M 8 1 M M
9 89 69 79 3 0 14 0.09 M M 2.8 7 190 M M 7 13 M M
10 90 69 80 3 0 15 1.14 0.0 0 3.6 28 310 M M 5 13 37 310
11 93 72 83 6 0 18 0.10 0.0 0 3.5 10 190 M M 5 13 M M
12 95 71 83 6 0 18 0.00 0.0 0 4.5 13 360 M M 1 17 360
13 92 73 83 6 0 18 0.00 M M 6.3 13 30 M M 2 17 350
14 92 69 81 3 0 16 0.00 0.0 0 4.7 10 360 M M 0 M M
15 92 68 80 2 0 15 0.00 0.0 0 4.6 10 60 M M 0 M M
16 90 68 79 1 0 14 0.00 M M 3.7 8 190 M M 5 M M
17 91 71 81 3 0 16 0.00 M M 4.2 10 190 M M 4 M M
18 92 68 80 2 0 15 0.00 M M 4.6 13 140 M M 1 M M
19 92 65 79 0 0 14 0.00 M M 1.3 7 80 M M 1 1 M M
20 93 70 82 3 0 17 0.00 0.0 0 5.6 13 210 M M 2 1 20 210
21 85 65 75 -4 0 10 0.00 0.0 0 7.4 12 10 M M 4 17 220
22 82 55 69 -10 0 4 0.00 0.0 0 5.2 13 40 M M 0 8 20 70
23 87 53 70 -9 0 5 0.00 0.0 0 3.2 8 120 M M 0 M M
24 93 66 80 0 0 15 0.00 0.0 0 5.1 12 150 M M 2 M M
25 93 75 84 4 0 19 0.00 0.0 0 8.8 15 180 M M 3 22 170
26 90 75 83 3 0 18 T 0.0 0 9.4 16 180 M M 5 22 180
27 92 74 83 3 0 18 0.06 0.0 0 7.4 14 150 M M 2 20 160
28 92 71 82 2 0 17 0.00 M M 4.7 14 170 M M 2 17 150
29 95 71 83 3 0 18 0.00 M M 3.0 9 170 M M 1 M M
30 94 70 82 2 0 17 0.00 M M 3.7 9 190 M M 0 1 M M
================================================================================
SM 2644 2024 0 390 4.11 0.0 137.6 M 107
================================================================================
AV 88.1 67.5 4.6 FASTST M M 4 MAX(MPH)
MISC ----> 28 310 37 310
================================================================================
NOTES:
# LAST OF SEVERAL OCCURRENCES
COLUMN 17 PEAK WIND IN M.P.H.
PRELIMINARY LOCAL CLIMATOLOGICAL DATA (WS FORM: F-6) , PAGE 2
STATION: SEARCY AIRPORT
MONTH: JUNE
YEAR: 2021
LATITUDE: 35 12 N
LONGITUDE: 91 44 W
[TEMPERATURE DATA] [PRECIPITATION DATA] SYMBOLS USED IN COLUMN 16
AVERAGE MONTHLY: 77.8 TOTAL FOR MONTH: 4.11 1 = FOG OR MIST
DPTR FM NORMAL: 0.1 DPTR FM NORMAL: 1.22 2 = FOG REDUCING VISIBILITY
HIGHEST: 95 ON 29,12 GRTST 24HR 1.38 ON 1- 2 TO 1/4 MILE OR LESS
LOWEST: 53 ON 23 3 = THUNDER
SNOW, ICE PELLETS, HAIL 4 = ICE PELLETS
TOTAL MONTH: 0.0 INCH 5 = HAIL
GRTST 24HR 0.0 6 = FREEZING RAIN OR DRIZZLE
GRTST DEPTH: 0 7 = DUSTSTORM OR SANDSTORM:
VSBY 1/2 MILE OR LESS
8 = SMOKE OR HAZE
[NO. OF DAYS WITH] [WEATHER - DAYS WITH] 9 = BLOWING SNOW
X = TORNADO
MAX 32 OR BELOW: 0 0.01 INCH OR MORE: 9
MAX 90 OR ABOVE: 18 0.10 INCH OR MORE: 6
MIN 32 OR BELOW: 0 0.50 INCH OR MORE: 3
MIN 0 OR BELOW: 0 1.00 INCH OR MORE: 2
[HDD (BASE 65) ]
TOTAL THIS MO. 0 CLEAR (SCALE 0-3) 15
DPTR FM NORMAL -1 PTCLDY (SCALE 4-7) 10
TOTAL FM JUL 1 3292 CLOUDY (SCALE 8-10) 5
DPTR FM NORMAL -239
[CDD (BASE 65) ]
TOTAL THIS MO. 390
DPTR FM NORMAL 8 [PRESSURE DATA]
TOTAL FM JAN 1 540 HIGHEST SLP 30.17 ON 29
DPTR FM NORMAL -72 LOWEST SLP 29.73 ON 20
[REMARKS]
#FINAL-06-21#