000
CXUS54 KEPZ 011030
CF6SRR
PRELIMINARY LOCAL CLIMATOLOGICAL DATA (WS FORM: F-6)
STATION: RUIDOSO AWOS
MONTH: JUNE
YEAR: 2020
LATITUDE: 33 28 N
LONGITUDE: 105 32 W
TEMPERATURE IN F: :PCPN: SNOW: WIND :SUNSHINE: SKY :PK WND
================================================================================
1 2 3 4 5 6A 6B 7 8 9 10 11 12 13 14 15 16 17 18
12Z AVG MX 2MIN
DY MAX MIN AVG DEP HDD CDD WTR SNW DPTH SPD SPD DIR MIN PSBL S-S WX SPD DR
================================================================================
1 79 50 65 M 0 0 0.00 M M 7.7 20 120 M M 1 24 120
2 81 55 68 M 0 3 0.20 M M 6.1 20 310 M M 3 25 310
3 82 57 70 M 0 5 0.00 M M 6.8 15 100 M M 2 23 130
4 90 57 74 M 0 9 0.00 M M 7.4 14 300 M M 1 27 290
5 90 59 75 M 0 10 0.00 M M 8.9 25 160 M M 2 33 230
6 88 64 76 M 0 11 0.00 M M 12.0 26 220 M M 2 35 220
7 84 57 71 M 0 6 0.00 M M 14.5 26 230 M M 0 33 200
8 81 55 68 M 0 3 0.00 M M 16.4 32 230 M M 0 40 230
9 70 45 58 M 7 0 0.00 M M 17.7 28 320 M M 0 44 280
10 79 48 64 M 1 0 0.00 M M 9.3 17 130 M M 1 24 120
11 81 54 68 M 0 3 0.00 M M 11.0 24 220 M M 3 3 40 160
12 81 54 68 M 0 3 0.02 M M 8.3 18 230 M M 1 28 230
13 77 55 66 M 0 1 0.00 M M 10.4 22 170 M M 4 31 170
14 81 55 68 M 0 3 0.00 M M 11.1 20 150 M M 2 32 160
15 82 55 69 M 0 4 0.00 M 0 9.0 29 190 M M 2 35 190
16 81 54 68 M 0 3 0.00 M M 6.4 15 170 M M 3 21 170
17 84 63 74 M 0 9 0.00 M M 12.1 23 220 M M 1 35 230
18 82 63 73 M 0 8 0.00 M M 10.2 18 220 M M 1 23 230
19 84 61 73 M 0 8 0.00 M M 10.3 30 230 M M 0 35 230
20 84 54 69 M 0 4 0.00 0.0 0 10.8 18 340 M M 1 27 160
21 88 59 74 M 0 9 0.00 0.0 0 9.8 18 260 M M 0 29 330
22 90 63 77 M 0 12 0.00 M M 8.7 15 130 M M 1 25 330
23 81 55 68 M 0 3 0.35 M M 10.3 21 150 M M 6 38 30 350
24 79 50 65 M 0 0 0.19 M M 8.7 20 210 M M 2 3 32 330
25 84 55 70 M 0 5 0.00 M M 5.8 13 170 M M 1 31 40
26 86 59 73 M 0 8 0.12 M M 7.8 29 230 M M 3 37 230
27 84 61 73 M 0 8 0.02 M M 10.3 31 260 M M 1 3 43 260
28 82 61 72 M 0 7 0.00 M M 13.3 24 230 M M 2 29 280
29 82 63 73 M 0 8 0.00 M M 18.5 25 230 M M 0 36 210
30 81 64 73 M 0 8 0.00 M M 13.0 17 240 M M 0 28 300
================================================================================
SM 2478 1705 8 161 0.90 0.0 312.6 M 46
================================================================================
AV 82.6 56.8 10.4 FASTST M M 2 MAX(MPH)
MISC ----> 32 230 44 280
================================================================================
NOTES:
# LAST OF SEVERAL OCCURRENCES
COLUMN 17 PEAK WIND IN M.P.H.
PRELIMINARY LOCAL CLIMATOLOGICAL DATA (WS FORM: F-6) , PAGE 2
STATION: RUIDOSO AWOS
MONTH: JUNE
YEAR: 2020
LATITUDE: 33 28 N
LONGITUDE: 105 32 W
[TEMPERATURE DATA] [PRECIPITATION DATA] SYMBOLS USED IN COLUMN 16
AVERAGE MONTHLY: 69.7 TOTAL FOR MONTH: 0.90 1 = FOG OR MIST
DPTR FM NORMAL: 0.0 DPTR FM NORMAL: M 2 = FOG REDUCING VISIBILITY
HIGHEST: 90 ON 22, 5 GRTST 24HR 0.35 ON 23-23 TO 1/4 MILE OR LESS
LOWEST: 45 ON 9 3 = THUNDER
SNOW, ICE PELLETS, HAIL 4 = ICE PELLETS
TOTAL MONTH: 0.0 INCH 5 = HAIL
GRTST 24HR 0.0 6 = FREEZING RAIN OR DRIZZLE
GRTST DEPTH: 0 7 = DUSTSTORM OR SANDSTORM:
VSBY 1/2 MILE OR LESS
8 = SMOKE OR HAZE
[NO. OF DAYS WITH] [WEATHER - DAYS WITH] 9 = BLOWING SNOW
X = TORNADO
MAX 32 OR BELOW: 0 0.01 INCH OR MORE: 6
MAX 90 OR ABOVE: 3 0.10 INCH OR MORE: 4
MIN 32 OR BELOW: 0 0.50 INCH OR MORE: 0
MIN 0 OR BELOW: 0 1.00 INCH OR MORE: 0
[HDD (BASE 65) ]
TOTAL THIS MO. 8 CLEAR (SCALE 0-3) 27
DPTR FM NORMAL M PTCLDY (SCALE 4-7) 3
TOTAL FM JUL 1 4339 CLOUDY (SCALE 8-10) 0
DPTR FM NORMAL M
[CDD (BASE 65) ]
TOTAL THIS MO. 161
DPTR FM NORMAL M [PRESSURE DATA]
TOTAL FM JAN 1 220 HIGHEST SLP M ON M
DPTR FM NORMAL M LOWEST SLP M ON M
[REMARKS]
#FINAL-06-20#