000
CXUS54 KEWX 011011
CF6SSF
PRELIMINARY LOCAL CLIMATOLOGICAL DATA (WS FORM: F-6)
STATION: SAN ANTONIO STINSON FIELD
MONTH: OCTOBER
YEAR: 2020
LATITUDE: 29 19 N
LONGITUDE: 98 29 W
TEMPERATURE IN F: :PCPN: SNOW: WIND :SUNSHINE: SKY :PK WND
================================================================================
1 2 3 4 5 6A 6B 7 8 9 10 11 12 13 14 15 16 17 18
12Z AVG MX 2MIN
DY MAX MIN AVG DEP HDD CDD WTR SNW DPTH SPD SPD DIR MIN PSBL S-S WX SPD DR
================================================================================
1 89 51 70 -5 0 5 0.00 M M 3.1 13 130 M M 0 18 160
2 83 61 72 -3 0 7 0.00 M M 7.0 14 70 M M 0 19 60
3 86 53 70 -5 0 5 0.00 M M 4.9 17 150 M M 0 25 150
4 90 60 75 0 0 10 0.00 M M 2.8 10 130 M M 2 17 120
5 88 63 76 2 0 11 0.00 M M 4.5 10 160 M M 0 15 150
6 89 61 75 1 0 10 0.00 M M 2.7 12 100 M M 2 12 16 140
7 89 60 75 1 0 10 0.00 M M 1.4 12 100 M M 0 17 50
8 88 57 73 -1 0 8 0.00 M M 4.7 13 60 M M 2 18 70
9 92 70 81 8 0 16 0.00 M M 5.7 15 50 M M 4 20 50
10 97 66 82 9 0 17 0.00 M M 3.6 10 170 M M 0 16 150
11 96 62 79 6 0 14 0.00 M M 5.0 15 160 M M 0 25 160
12 94 70 82 9 0 17 0.00 M M 6.6 16 10 M M 5 25 10
13 90 65 78 6 0 13 0.00 M M 4.2 10 60 M M 0 14 60
14 91 65 78 6 0 13 0.00 M M 5.7 15 200 M M 2 1 25 230
15 90 70 80 8 0 15 0.00 M M 8.0 22 20 M M 7 33 30
16 76 63 70 -2 0 5 T M M 13.0 24 30 M M 9 40 10
17 74 58 66 -5 0 1 0.03 M M 4.4 16 130 M M 8 1 20 130
18 91 65 78 7 0 13 0.00 M M 9.0 18 170 M M 4 1 23 170
19 92 71 82 11 0 17 0.00 M M 9.0 15 140 M M 5 1 22 140
20 89 72 81 10 0 16 0.00 M M 9.4 17 140 M M 7 24 150
21 89 70 80 10 0 15 0.00 M M 8.5 16 120 M M 6 22 130
22 89 71 80 10 0 15 T M M 9.5 17 130 M M 5 23 130
23 89 55 72 2 0 7 0.00 M M 8.2 23 20 M M 7 35 20
24 69 54 62 -8 3 0 0.00 M M 5.9 15 30 M M 8 24 20
25 85 53 69 0 0 4 0.00 M M 6.9 20 180 M M 7 18 28 160
26 87 46 67 -2 0 2 0.04 M M 12.4 22 20 M M 10 1 33 20
27 47 40 44 -25 21 0 0.03 M M 10.6 21 40 M M 10 1 29 30
28 67 40 54 -14 11 0 0.06 M M 8.2 16 290 M M 3 1 24 300
29 68 43 56 -12 9 0 0.00 M M 9.0 23 350 M M 0 34 350
30 71 41 56 -12 9 0 0.00 M M 3.3 13 80 M M 0 18 80
31 77 39 58 -9 7 0 0.00 M M 1.9 12 190 M M 0 16 170
================================================================================
SM 2612 1815 60 266 0.16 M 199.1 M 113
================================================================================
AV 84.3 58.6 6.4 FASTST M M 4 MAX(MPH)
MISC ----> # 24 30 # 40 10
================================================================================
NOTES:
# LAST OF SEVERAL OCCURRENCES
COLUMN 17 PEAK WIND IN M.P.H.
PRELIMINARY LOCAL CLIMATOLOGICAL DATA (WS FORM: F-6) , PAGE 2
STATION: SAN ANTONIO STINSON FIELD
MONTH: OCTOBER
YEAR: 2020
LATITUDE: 29 19 N
LONGITUDE: 98 29 W
[TEMPERATURE DATA] [PRECIPITATION DATA] SYMBOLS USED IN COLUMN 16
AVERAGE MONTHLY: 71.4 TOTAL FOR MONTH: 0.16 1 = FOG OR MIST
DPTR FM NORMAL: -0.1 DPTR FM NORMAL: -3.59 2 = FOG REDUCING VISIBILITY
HIGHEST: 97 ON 10 GRTST 24HR 0.06 ON 28-28 TO 1/4 MILE OR LESS
LOWEST: 39 ON 31 3 = THUNDER
SNOW, ICE PELLETS, HAIL 4 = ICE PELLETS
TOTAL MONTH: M 5 = HAIL
GRTST 24HR M ON M 6 = FREEZING RAIN OR DRIZZLE
GRTST DEPTH: M ON M 7 = DUSTSTORM OR SANDSTORM:
VSBY 1/2 MILE OR LESS
8 = SMOKE OR HAZE
[NO. OF DAYS WITH] [WEATHER - DAYS WITH] 9 = BLOWING SNOW
X = TORNADO
MAX 32 OR BELOW: 0 0.01 INCH OR MORE: 4
MAX 90 OR ABOVE: 10 0.10 INCH OR MORE: 0
MIN 32 OR BELOW: 0 0.50 INCH OR MORE: 0
MIN 0 OR BELOW: 0 1.00 INCH OR MORE: 0
[HDD (BASE 65) ]
TOTAL THIS MO. 60 CLEAR (SCALE 0-3) 16
DPTR FM NORMAL 35 PTCLDY (SCALE 4-7) 12
TOTAL FM JUL 1 60 CLOUDY (SCALE 8-10) 3
DPTR FM NORMAL 34
[CDD (BASE 65) ]
TOTAL THIS MO. 266
DPTR FM NORMAL 38 [PRESSURE DATA]
TOTAL FM JAN 1 3201 HIGHEST SLP 30.35 ON 30
DPTR FM NORMAL 83 LOWEST SLP 29.70 ON 9
[REMARKS]
#FINAL-10-20#