000
CXUS54 KEWX 011011
CF6SSF
PRELIMINARY LOCAL CLIMATOLOGICAL DATA (WS FORM: F-6)
STATION: SAN ANTONIO STINSON FIELD
MONTH: JULY
YEAR: 2020
LATITUDE: 29 19 N
LONGITUDE: 98 29 W
TEMPERATURE IN F: :PCPN: SNOW: WIND :SUNSHINE: SKY :PK WND
================================================================================
1 2 3 4 5 6A 6B 7 8 9 10 11 12 13 14 15 16 17 18
12Z AVG MX 2MIN
DY MAX MIN AVG DEP HDD CDD WTR SNW DPTH SPD SPD DIR MIN PSBL S-S WX SPD DR
================================================================================
1 95 78 87 3 0 22 0.00 M M 11.2 20 140 M M 7 26 150
2 97 77 87 3 0 22 0.00 M M 9.2 18 140 M M 4 1 23 130
3 96 74 85 1 0 20 0.00 M M 6.1 13 150 M M 2 19 140
4 99 73 86 2 0 21 0.00 M M 4.7 13 160 M M 2 19 150
5 100 71 86 2 0 21 0.00 M M 6.8 14 130 M M 0 28 130
6 97 75 86 2 0 21 T M M 8.4 18 140 M M 3 26 140
7 97 78 88 4 0 23 0.00 M M 9.5 17 140 M M 5 25 150
8 99 77 88 4 0 23 0.00 M M 10.2 20 140 M M 5 30 110
9 98 78 88 4 0 23 0.00 M M 11.3 18 130 M M 6 25 140
10 103 75 89 5 0 24 0.00 M M 9.7 21 140 M M 4 30 130
11 102 75 89 5 0 24 0.00 M M 7.4 16 170 M M 2 22 150
12 101 74 88 4 0 23 0.00 M M 5.6 12 140 M M 2 8 17 160
13 105 74 90 6 0 25 0.00 M M 7.2 20 140 M M 0 27 130
14 103 74 89 5 0 24 0.00 M M 9.9 22 150 M M 2 31 130
15 100 76 88 4 0 23 0.00 M M 10.0 20 140 M M 3 27 150
16 100 75 88 4 0 23 0.00 M M 8.8 18 140 M M 4 25 150
17 100 73 87 3 0 22 0.00 M M 6.7 31 130 M M 3 40 130
18 95 70 83 -1 0 18 T M M 7.0 21 160 M M 3 30 170
19 97 70 84 0 0 19 0.00 M M 5.8 20 100 M M 3 26 120
20 98 73 86 2 0 21 0.00 M M 6.6 23 130 M M 2 29 130
21 97 73 85 0 0 20 0.00 M M 7.7 20 130 M M 3 26 130
22 98 77 88 3 0 23 0.00 M M 7.4 20 120 M M 4 27 120
23 99 76 88 3 0 23 T M M 5.4 15 360 M M 3 22 350
24 100 76 88 3 0 23 0.00 M M 8.9 20 50 M M 2 30 30
25 89 75 82 -3 0 17 0.15 M M 13.0 26 80 M M 3 1 39 90
26 94 72 83 -2 0 18 1.07 M M 10.4 26 130 M M 7 18 36 130
27 95 75 85 0 0 20 T M M 6.7 28 130 M M 4 34 130
28 96 73 85 0 0 20 0.00 M M 4.2 22 170 M M 3 31 170
29 93 72 83 -2 0 18 0.06 M M 6.6 28 150 M M 3 13 40 150
30 95 73 84 -2 0 19 0.00 M M 8.9 17 200 M M 3 27 170
31 96 71 84 -2 0 19 0.05 M M 6.4 23 350 M M 5 3 37 310
================================================================================
SM 3034 2303 0 662 1.33 M 247.7 M 102
================================================================================
AV 97.9 74.3 8.0 FASTST M M 3 MAX(MPH)
MISC ----> # 31 130 # 40 130
================================================================================
NOTES:
# LAST OF SEVERAL OCCURRENCES
COLUMN 17 PEAK WIND IN M.P.H.
PRELIMINARY LOCAL CLIMATOLOGICAL DATA (WS FORM: F-6) , PAGE 2
STATION: SAN ANTONIO STINSON FIELD
MONTH: JULY
YEAR: 2020
LATITUDE: 29 19 N
LONGITUDE: 98 29 W
[TEMPERATURE DATA] [PRECIPITATION DATA] SYMBOLS USED IN COLUMN 16
AVERAGE MONTHLY: 86.1 TOTAL FOR MONTH: 1.33 1 = FOG OR MIST
DPTR FM NORMAL: 1.8 DPTR FM NORMAL: -0.74 2 = FOG REDUCING VISIBILITY
HIGHEST: 105 ON 13 GRTST 24HR 1.07 ON 26-26 TO 1/4 MILE OR LESS
LOWEST: 70 ON 19,18 3 = THUNDER
SNOW, ICE PELLETS, HAIL 4 = ICE PELLETS
TOTAL MONTH: M 5 = HAIL
GRTST 24HR M ON M 6 = FREEZING RAIN OR DRIZZLE
GRTST DEPTH: M ON M 7 = DUSTSTORM OR SANDSTORM:
VSBY 1/2 MILE OR LESS
8 = SMOKE OR HAZE
[NO. OF DAYS WITH] [WEATHER - DAYS WITH] 9 = BLOWING SNOW
X = TORNADO
MAX 32 OR BELOW: 0 0.01 INCH OR MORE: 4
MAX 90 OR ABOVE: 30 0.10 INCH OR MORE: 2
MIN 32 OR BELOW: 0 0.50 INCH OR MORE: 1
MIN 0 OR BELOW: 0 1.00 INCH OR MORE: 1
[HDD (BASE 65) ]
TOTAL THIS MO. 0 CLEAR (SCALE 0-3) 16
DPTR FM NORMAL 0 PTCLDY (SCALE 4-7) 15
TOTAL FM JUL 1 0 CLOUDY (SCALE 8-10) 0
DPTR FM NORMAL 0
[CDD (BASE 65) ]
TOTAL THIS MO. 662
DPTR FM NORMAL 64 [PRESSURE DATA]
TOTAL FM JAN 1 1881 HIGHEST SLP 30.02 ON 17
DPTR FM NORMAL 82 LOWEST SLP 29.71 ON 5
[REMARKS]
#FINAL-07-20#