000
CXUS53 KLSX 011544 CCA
CF6STL
PRELIMINARY LOCAL CLIMATOLOGICAL DATA (WS FORM: F-6)
STATION: ST. LOUIS
MONTH: OCTOBER
YEAR: 2023
LATITUDE: 38 45 N
LONGITUDE: 90 23 W
TEMPERATURE IN F: :PCPN: SNOW: WIND :SUNSHINE: SKY :PK WND
================================================================================
1 2 3 4 5 6A 6B 7 8 9 10 11 12 13 14 15 16 17 18
12Z AVG MX 2MIN
DY MAX MIN AVG DEP HDD CDD WTR SNW DPTH SPD SPD DIR MIN PSBL S-S WX SPD DR
================================================================================
1 86 63 75 10 0 10 0.00 0.0 0 6.7 15 100 M M 1 25 70
2 87 63 75 10 0 10 0.00 0.0 0 4.4 12 120 M M 1 17 120
3 90 67 79 15 0 14 0.00 0.0 0 7.3 16 200 M M 6 23 210
4 77 68 73 9 0 8 0.02 0.0 0 6.3 18 210 M M 9 18 24 210
5 78 64 71 7 0 6 0.59 0.0 0 6.3 14 250 M M 6 1 18 230
6 71 48 60 -3 5 0 0.00 0.0 0 8.9 24 280 M M 3 31 290
7 65 43 54 -9 11 0 0.00 0.0 0 8.2 16 310 M M 2 24 320
8 73 45 59 -3 6 0 0.00 0.0 0 6.0 17 230 M M 6 26 210
9 68 48 58 -4 7 0 0.00 0.0 0 4.0 15 340 M M 3 19 260
10 71 45 58 -4 7 0 0.00 0.0 0 3.7 14 250 M M 1 8 19 240
11 80 51 66 5 0 1 0.06 0.0 0 7.6 15 170 M M 4 3 20 180
12 80 58 69 8 0 4 0.00 0.0 0 12.3 24 150 M M 1 31 150
13 71 58 65 5 0 0 0.14 0.0 0 11.0 24 270 M M 6 1 32 270
14 58 54 56 -4 9 0 0.01 0.0 0 13.8 23 320 M M 10 1 36 270
15 60 46 53 -7 12 0 0.00 0.0 0 11.0 20 320 M M 8 29 320
16 65 42 54 -5 11 0 0.00 0.0 0 7.3 15 340 M M 2 22 340
17 70 43 57 -2 8 0 0.00 0.0 0 2.6 12 240 M M 3 8 15 230
18 76 48 62 4 3 0 T 0.0 0 9.0 21 210 M M 6 29 190
19 67 59 63 5 2 0 0.00 0.0 0 9.5 18 260 M M 8 22 260
20 73 50 62 4 3 0 0.00 0.0 0 6.3 21 280 M M 2 8 30 330
21 80 51 66 9 0 1 0.00 0.0 0 9.8 23 320 M M 0 30 320
22 66 44 55 -2 10 0 0.00 0.0 0 4.8 10 130 M M 3 14 130
23 82 50 66 10 0 1 0.00 0.0 0 10.8 18 180 M M 3 25 170
24 77 65 71 15 0 6 T 0.0 0 9.3 18 160 M M 9 25 160
25 79 65 72 16 0 7 0.28 0.0 0 11.0 23 200 M M 8 8 32 200
26 79 67 73 18 0 8 T 0.0 0 11.0 21 210 M M 8 29 200
27 85 49 67 12 0 2 0.03 0.0 0 9.5 22 320 M M 6 1 29 320
28 49 42 46 -8 19 0 0.61 0.0 0 8.8 15 360 M M 10 1 20 340
29 47 38 43 -11 22 0 0.47 0.0 0 10.4 20 340 M M 10 1 27 320
30 45 31 38 -15 27 0 T 0.0 0 9.2 21 340 M M 4 29 340
31 45 30 38 -15 27 0 0.00 0.0 0 11.5 23 290 M M 3 40 280
================================================================================
SM 2200 1595 189 78 2.21 0.0 258.3 M 152
================================================================================
AV 71.0 51.5 8.3 FASTST M M 5 MAX(MPH)
MISC ----> # 24 280 40 280
================================================================================
NOTES:
# LAST OF SEVERAL OCCURRENCES
COLUMN 17 PEAK WIND IN M.P.H.
PRELIMINARY LOCAL CLIMATOLOGICAL DATA (WS FORM: F-6) , PAGE 2
STATION: ST. LOUIS
MONTH: OCTOBER
YEAR: 2023
LATITUDE: 38 45 N
LONGITUDE: 90 23 W
[TEMPERATURE DATA] [PRECIPITATION DATA] SYMBOLS USED IN COLUMN 16
AVERAGE MONTHLY: 61.2 TOTAL FOR MONTH: 2.21 1 = FOG OR MIST
DPTR FM NORMAL: 2.1 DPTR FM NORMAL: -0.94 2 = FOG REDUCING VISIBILITY
HIGHEST: 90 ON 3 GRTST 24HR 0.93 ON 28-29 TO 1/4 MILE OR LESS
LOWEST: 30 ON 31 3 = THUNDER
SNOW, ICE PELLETS, HAIL 4 = ICE PELLETS
TOTAL MONTH: 0.0 INCH 5 = HAIL
GRTST 24HR 0.0 6 = FREEZING RAIN OR DRIZZLE
GRTST DEPTH: 0 7 = DUSTSTORM OR SANDSTORM:
VSBY 1/2 MILE OR LESS
8 = SMOKE OR HAZE
[NO. OF DAYS WITH] [WEATHER - DAYS WITH] 9 = BLOWING SNOW
X = TORNADO
MAX 32 OR BELOW: 0 0.01 INCH OR MORE: 9
MAX 90 OR ABOVE: 1 0.10 INCH OR MORE: 5
MIN 32 OR BELOW: 2 0.50 INCH OR MORE: 2
MIN 0 OR BELOW: 0 1.00 INCH OR MORE: 0
[HDD (BASE 65) ]
TOTAL THIS MO. 189 CLEAR (SCALE 0-3) 14
DPTR FM NORMAL -40 PTCLDY (SCALE 4-7) 8
TOTAL FM JUL 1 189 CLOUDY (SCALE 8-10) 9
DPTR FM NORMAL -73
[CDD (BASE 65) ]
TOTAL THIS MO. 78
DPTR FM NORMAL 30 [PRESSURE DATA]
TOTAL FM JAN 1 1932 HIGHEST SLP 30.45 ON 31
DPTR FM NORMAL 222 LOWEST SLP 29.63 ON 13
[REMARKS]
#FINAL-10-23#