000
CDUS43 KFSD 070702
CLISUX


CLIMATE REPORT
NATIONAL WEATHER SERVICE SIOUX FALLS SD
159 AM CDT SAT APR 7 2018


...................................

...THE SIOUX CITY IA CLIMATE SUMMARY FOR APRIL 6 2018...

CLIMATE NORMAL PERIOD 1981 TO 2010
CLIMATE RECORD PERIOD 1889 TO 2018


WEATHER ITEM   OBSERVED TIME   RECORD YEAR NORMAL DEPARTURE LAST
                VALUE   (LST)  VALUE       VALUE  FROM      YEAR
                                                  NORMAL
..................................................................
TEMPERATURE (F)
 YESTERDAY
  MAXIMUM         32   1215 AM  91    1991  58    -26       57
  MINIMUM         18   1159 PM  12    1982  33    -15       31
  AVERAGE         25                        46    -21       44

PRECIPITATION (IN)
  YESTERDAY        T             0.64 1919   0.09  -0.09     0.00
  MONTH TO DATE    0.15                      0.52  -0.37     0.50
  SINCE MAR 1      2.10                      2.52  -0.42     2.01
  SINCE JAN 1      4.53                      3.81   0.72     3.60

SNOWFALL (IN)
  YESTERDAY        T             6.3  2003   0.1   -0.1      0.0
  MONTH TO DATE    1.0                       0.6    0.4      0.0
  SINCE MAR 1      4.9                       7.1   -2.2      3.1
  SINCE JUL 1     36.7                      33.6    3.1     28.6
  SNOW DEPTH       0

DEGREE DAYS
 HEATING
  YESTERDAY       40                        20     20       21
  MONTH TO DATE  219                       124     95       98
  SINCE MAR 1   1082                      1008     74      867
  SINCE JUL 1   6416                      6302    114     5104

 COOLING
  YESTERDAY        0                         0      0        0
  MONTH TO DATE    0                         0      0        0
  SINCE MAR 1      0                         0      0        0
  SINCE JAN 1      0                         0      0        0
..................................................................


WIND (MPH)
  HIGHEST WIND SPEED    29   HIGHEST WIND DIRECTION     N (350)
  HIGHEST GUST SPEED    35   HIGHEST GUST DIRECTION    NW (330)
  AVERAGE WIND SPEED    16.8


SKY COVER
  POSSIBLE SUNSHINE  MM
  AVERAGE SKY COVER 0.5


WEATHER CONDITIONS
 THE FOLLOWING WEATHER WAS RECORDED YESTERDAY.
  LIGHT SNOW


RELATIVE HUMIDITY (PERCENT)
 HIGHEST    63          1200 AM
 LOWEST     38           200 PM
 AVERAGE    51

..........................................................


THE SIOUX CITY IA CLIMATE NORMALS FOR TODAY
                         NORMAL    RECORD    YEAR
 MAXIMUM TEMPERATURE (F)   59        88      1988
 MINIMUM TEMPERATURE (F)   33        14      1936


SUNRISE AND SUNSET
APRIL  7 2018.........SUNRISE   658 AM CDT   SUNSET   758 PM CDT
APRIL  8 2018.........SUNRISE   656 AM CDT   SUNSET   759 PM CDT


-  INDICATES NEGATIVE NUMBERS.
R  INDICATES RECORD WAS SET OR TIED.
MM INDICATES DATA IS MISSING.
T  INDICATES TRACE AMOUNT.




$$
