039
CDUS43 KFSD 182243
CLISUX


CLIMATE REPORT
NATIONAL WEATHER SERVICE SIOUX FALLS SD
543 PM CDT FRI MAY 18 2018


...................................

...THE SIOUX CITY IA CLIMATE SUMMARY FOR MAY 18 2018...
VALID TODAY AS OF 0500 PM LOCAL TIME.

CLIMATE NORMAL PERIOD 1981 TO 2010
CLIMATE RECORD PERIOD 1889 TO 2018


WEATHER ITEM   OBSERVED TIME   RECORD YEAR NORMAL DEPARTURE LAST
                VALUE   (LST)  VALUE       VALUE  FROM      YEAR
                                                  NORMAL
..................................................................
TEMPERATURE (F)
 TODAY
  MAXIMUM         80    150 PM  99    1934  74      6       59
  MINIMUM         57    540 AM  33    1915  50      7       52
  AVERAGE         69                        62      7       56

PRECIPITATION (IN)
  TODAY            0.00          1.35 1962   0.12  -0.12      T
  MONTH TO DATE    2.43                      2.12   0.31     2.16
  SINCE MAR 1      5.52                      7.07  -1.55     6.60
  SINCE JAN 1      7.95                      8.36  -0.41     8.19

SNOWFALL (IN)
  TODAY            0.0           T    1968   0.0    0.0      0.0
  MONTH TO DATE    0.0                       0.2   -0.2       T
  SINCE MAR 1     13.4                       8.5    4.9      3.1
  SINCE JUL 1     45.2                      35.0   10.2     28.6
  SNOW DEPTH       0

DEGREE DAYS
 HEATING
  TODAY            0                         5     -5        9
  MONTH TO DATE   69                       133    -64       98
  SINCE MAR 1   1648                      1491    157     1306
  SINCE JUL 1   6982                      6785    197     5543

 COOLING
  TODAY            4                         2      2        0
  MONTH TO DATE   21                        22     -1       34
  SINCE MAR 1     29                        33     -4       35
  SINCE JAN 1     29                        33     -4       35
..................................................................


WIND (MPH)
  HIGHEST WIND SPEED    24   HIGHEST WIND DIRECTION    NW (300)
  HIGHEST GUST SPEED    35   HIGHEST GUST DIRECTION    NW (300)
  AVERAGE WIND SPEED     9.7


SKY COVER
  POSSIBLE SUNSHINE  MM
  AVERAGE SKY COVER 0.1


WEATHER CONDITIONS
 THE FOLLOWING WEATHER WAS RECORDED TODAY.
  NO SIGNIFICANT WEATHER WAS OBSERVED.


RELATIVE HUMIDITY (PERCENT)
 HIGHEST    86           500 AM
 LOWEST     48          1100 AM
 AVERAGE    67

..........................................................


THE SIOUX CITY IA CLIMATE NORMALS FOR TOMORROW
                         NORMAL    RECORD    YEAR
 MAXIMUM TEMPERATURE (F)   74        99      1934
 MINIMUM TEMPERATURE (F)   50        32      2002
                                             1895


SUNRISE AND SUNSET
MAY 18 2018...........SUNRISE   601 AM CDT   SUNSET   843 PM CDT
MAY 19 2018...........SUNRISE   600 AM CDT   SUNSET   844 PM CDT


-  INDICATES NEGATIVE NUMBERS.
R  INDICATES RECORD WAS SET OR TIED.
MM INDICATES DATA IS MISSING.
T  INDICATES TRACE AMOUNT.




$$
