000
CDUS43 KFSD 300647
CLISUX


CLIMATE REPORT
NATIONAL WEATHER SERVICE SIOUX FALLS SD
145 AM CDT MON APR 30 2018


...................................

...THE SIOUX CITY IA CLIMATE SUMMARY FOR APRIL 29 2018...

CLIMATE NORMAL PERIOD 1981 TO 2010
CLIMATE RECORD PERIOD 1889 TO 2018


WEATHER ITEM   OBSERVED TIME   RECORD YEAR NORMAL DEPARTURE LAST
                VALUE   (LST)  VALUE       VALUE  FROM      YEAR
                                                  NORMAL
..................................................................
TEMPERATURE (F)
 YESTERDAY
  MAXIMUM         78    451 PM  93    2007  68     10       52
                                      1891
  MINIMUM         38    515 AM  25    1958  42     -4       39
  AVERAGE         58                        55      3       46

PRECIPITATION (IN)
  YESTERDAY        T             1.67 1920   0.10  -0.10      T
  MONTH TO DATE    1.14                      2.84  -1.70     1.47
  SINCE MAR 1      3.09                      4.84  -1.75     2.98
  SINCE JAN 1      5.52                      6.13  -0.61     4.57

SNOWFALL (IN)
  YESTERDAY        0.0           5.0  1984   0.0    0.0      0.0
  MONTH TO DATE    9.5                       1.8    7.7       T
  SINCE MAR 1     13.4                       8.3    5.1      3.1
  SINCE JUL 1     45.2                      34.8   10.4     28.6
  SNOW DEPTH       0

DEGREE DAYS
 HEATING
  YESTERDAY        7                        11     -4       19
  MONTH TO DATE  716                       465    251      415
  SINCE MAR 1   1579                      1349    230     1184
  SINCE JUL 1   6913                      6643    270     5421

 COOLING
  YESTERDAY        0                         1     -1        0
  MONTH TO DATE    0                         9     -9        1
  SINCE MAR 1      0                         9     -9        1
  SINCE JAN 1      0                         9     -9        1
..................................................................


WIND (MPH)
  HIGHEST WIND SPEED    33   HIGHEST WIND DIRECTION     S (170)
  HIGHEST GUST SPEED    46   HIGHEST GUST DIRECTION    SE (150)
  AVERAGE WIND SPEED    20.9


SKY COVER
  POSSIBLE SUNSHINE  MM
  AVERAGE SKY COVER 0.1


WEATHER CONDITIONS
 THE FOLLOWING WEATHER WAS RECORDED YESTERDAY.
  THUNDERSTORM
  LIGHT RAIN


RELATIVE HUMIDITY (PERCENT)
 HIGHEST    54           600 AM
 LOWEST     25           100 PM
 AVERAGE    40

..........................................................


THE SIOUX CITY IA CLIMATE NORMALS FOR TODAY
                         NORMAL    RECORD    YEAR
 MAXIMUM TEMPERATURE (F)   68        93      2007
                                             1965
 MINIMUM TEMPERATURE (F)   43        22      1903


SUNRISE AND SUNSET
APRIL 30 2018.........SUNRISE   622 AM CDT   SUNSET   824 PM CDT
MAY  1 2018...........SUNRISE   621 AM CDT   SUNSET   825 PM CDT


-  INDICATES NEGATIVE NUMBERS.
R  INDICATES RECORD WAS SET OR TIED.
MM INDICATES DATA IS MISSING.
T  INDICATES TRACE AMOUNT.




$$
