000
CDUS43 KFSD 120644
CLISUX


CLIMATE REPORT
NATIONAL WEATHER SERVICE SIOUX FALLS SD
143 AM CDT THU APR 12 2018


...................................

...THE SIOUX CITY IA CLIMATE SUMMARY FOR APRIL 11 2018...

CLIMATE NORMAL PERIOD 1981 TO 2010
CLIMATE RECORD PERIOD 1889 TO 2018


WEATHER ITEM   OBSERVED TIME   RECORD YEAR NORMAL DEPARTURE LAST
                VALUE   (LST)  VALUE       VALUE  FROM      YEAR
                                                  NORMAL
..................................................................
TEMPERATURE (F)
 YESTERDAY
  MAXIMUM         68    547 PM  89    1968  61      7       63
  MINIMUM         35    442 AM  16    1940  35      0       23
  AVERAGE         52                        48      4       43

PRECIPITATION (IN)
  YESTERDAY        0.00          1.24 2001   0.10  -0.10     0.00
  MONTH TO DATE    0.17                      0.98  -0.81     0.53
  SINCE MAR 1      2.12                      2.98  -0.86     2.04
  SINCE JAN 1      4.55                      4.27   0.28     3.63

SNOWFALL (IN)
  YESTERDAY        0.0           5.0  1997   0.0    0.0      0.0
  MONTH TO DATE    1.3                       1.0    0.3       T
  SINCE MAR 1      5.2                       7.5   -2.3      3.1
  SINCE JUL 1     37.0                      34.0    3.0     28.6
  SNOW DEPTH       0

DEGREE DAYS
 HEATING
  YESTERDAY       13                        18     -5       22
  MONTH TO DATE  356                       216    140      171
  SINCE MAR 1   1219                      1100    119      940
  SINCE JUL 1   6553                      6394    159     5177

 COOLING
  YESTERDAY        0                         0      0        0
  MONTH TO DATE    0                         0      0        0
  SINCE MAR 1      0                         0      0        0
  SINCE JAN 1      0                         0      0        0
..................................................................


WIND (MPH)
  HIGHEST WIND SPEED    21   HIGHEST WIND DIRECTION     S (170)
  HIGHEST GUST SPEED    26   HIGHEST GUST DIRECTION     S (170)
  AVERAGE WIND SPEED    10.0


SKY COVER
  POSSIBLE SUNSHINE  MM
  AVERAGE SKY COVER 0.1


WEATHER CONDITIONS
 THE FOLLOWING WEATHER WAS RECORDED YESTERDAY.
  FOG
  HAZE


RELATIVE HUMIDITY (PERCENT)
 HIGHEST    82           400 AM
 LOWEST     37           600 PM
 AVERAGE    60

..........................................................


THE SIOUX CITY IA CLIMATE NORMALS FOR TODAY
                         NORMAL    RECORD    YEAR
 MAXIMUM TEMPERATURE (F)   61        86      2010
 MINIMUM TEMPERATURE (F)   35        15      1957


SUNRISE AND SUNSET
APRIL 12 2018.........SUNRISE   649 AM CDT   SUNSET   804 PM CDT
APRIL 13 2018.........SUNRISE   648 AM CDT   SUNSET   805 PM CDT


-  INDICATES NEGATIVE NUMBERS.
R  INDICATES RECORD WAS SET OR TIED.
MM INDICATES DATA IS MISSING.
T  INDICATES TRACE AMOUNT.




$$
