953
CDUS43 KFSD 100628
CLISUX


CLIMATE REPORT
NATIONAL WEATHER SERVICE SIOUX FALLS SD
128 AM CDT THU MAY 10 2018


...................................

...THE SIOUX CITY IA CLIMATE SUMMARY FOR MAY 9 2018...

CLIMATE NORMAL PERIOD 1981 TO 2010
CLIMATE RECORD PERIOD 1889 TO 2018


WEATHER ITEM   OBSERVED TIME   RECORD YEAR NORMAL DEPARTURE LAST
                VALUE   (LST)  VALUE       VALUE  FROM      YEAR
                                                  NORMAL
..................................................................
TEMPERATURE (F)
 YESTERDAY
  MAXIMUM         80    430 PM  95    2011  71      9       76
  MINIMUM         53   1159 PM  30    2010  46      7       53
  AVERAGE         67                        59      8       65

PRECIPITATION (IN)
  YESTERDAY        0.00          2.58 1903   0.12  -0.12      T
  MONTH TO DATE    1.26                      1.03   0.23     0.38
  SINCE MAR 1      4.35                      5.98  -1.63     4.82
  SINCE JAN 1      6.78                      7.27  -0.49     6.41

SNOWFALL (IN)
  YESTERDAY        0.0           4.0  1945   0.0    0.0      0.0
  MONTH TO DATE    0.0                       0.1   -0.1       T
  SINCE MAR 1     13.4                       8.4    5.0      3.1
  SINCE JUL 1     45.2                      34.9   10.3     28.6
  SNOW DEPTH       0

DEGREE DAYS
 HEATING
  YESTERDAY        0                         7     -7        0
  MONTH TO DATE   27                        78    -51       67
  SINCE MAR 1   1606                      1436    170     1275
  SINCE JUL 1   6940                      6730    210     5512

 COOLING
  YESTERDAY        2                         1      1        0
  MONTH TO DATE    8                         9     -1       12
  SINCE MAR 1     16                        20     -4       13
  SINCE JAN 1     16                        20     -4       13
..................................................................


WIND (MPH)
  HIGHEST WIND SPEED    26   HIGHEST WIND DIRECTION    NW (320)
  HIGHEST GUST SPEED    35   HIGHEST GUST DIRECTION    NW (330)
  AVERAGE WIND SPEED    11.4


SKY COVER
  POSSIBLE SUNSHINE  MM
  AVERAGE SKY COVER 0.3


WEATHER CONDITIONS
 THE FOLLOWING WEATHER WAS RECORDED YESTERDAY.
  FOG


RELATIVE HUMIDITY (PERCENT)
 HIGHEST    93           300 AM
 LOWEST     35           500 PM
 AVERAGE    64

..........................................................


THE SIOUX CITY IA CLIMATE NORMALS FOR TODAY
                         NORMAL    RECORD    YEAR
 MAXIMUM TEMPERATURE (F)   71        96      2011
 MINIMUM TEMPERATURE (F)   47        30      2002
                                             1945
                                             1909


SUNRISE AND SUNSET
MAY 10 2018...........SUNRISE   609 AM CDT   SUNSET   835 PM CDT
MAY 11 2018...........SUNRISE   608 AM CDT   SUNSET   836 PM CDT


-  INDICATES NEGATIVE NUMBERS.
R  INDICATES RECORD WAS SET OR TIED.
MM INDICATES DATA IS MISSING.
T  INDICATES TRACE AMOUNT.




$$
