000
CDUS43 KFSD 212220
CLISUX


CLIMATE REPORT
NATIONAL WEATHER SERVICE SIOUX FALLS SD
520 PM CDT SAT APR 21 2018


...................................

...THE SIOUX CITY IA CLIMATE SUMMARY FOR APRIL 21 2018...
VALID TODAY AS OF 0500 PM LOCAL TIME.

CLIMATE NORMAL PERIOD 1981 TO 2010
CLIMATE RECORD PERIOD 1889 TO 2018


WEATHER ITEM   OBSERVED TIME   RECORD YEAR NORMAL DEPARTURE LAST
                VALUE   (LST)  VALUE       VALUE  FROM      YEAR
                                                  NORMAL
..................................................................
TEMPERATURE (F)
 TODAY
  MAXIMUM         56    358 PM  94    1980  65     -9       58
  MINIMUM         42    638 AM  23    1966  39      3       32
                                      1927
  AVERAGE         49                        52     -3       45

PRECIPITATION (IN)
  TODAY            0.00          1.00 1891   0.11  -0.11     0.00
  MONTH TO DATE    1.01                      1.99  -0.98     1.34
  SINCE MAR 1      2.96                      3.99  -1.03     2.85
  SINCE JAN 1      5.39                      5.28   0.11     4.44

SNOWFALL (IN)
  TODAY            0.0           1.0  1927   0.1   -0.1      0.0
  MONTH TO DATE    9.5                       1.6    7.9       T
  SINCE MAR 1     13.4                       8.1    5.3      3.1
  SINCE JUL 1     45.2                      34.6   10.6     28.6
  SNOW DEPTH       0

DEGREE DAYS
 HEATING
  TODAY           16                        14      2       20
  MONTH TO DATE  617                       369    248      274
  SINCE MAR 1   1480                      1253    227     1043
  SINCE JUL 1   6814                      6547    267     5280

 COOLING
  TODAY            0                         1     -1        0
  MONTH TO DATE    0                         1     -1        1
  SINCE MAR 1      0                         1     -1        1
  SINCE JAN 1      0                         1     -1        1
..................................................................


WIND (MPH)
  HIGHEST WIND SPEED    12   HIGHEST WIND DIRECTION     E (90)
  HIGHEST GUST SPEED    15   HIGHEST GUST DIRECTION     E (80)
  AVERAGE WIND SPEED     7.2


SKY COVER
  POSSIBLE SUNSHINE  MM
  AVERAGE SKY COVER 0.8


WEATHER CONDITIONS
 THE FOLLOWING WEATHER WAS RECORDED TODAY.
  NO SIGNIFICANT WEATHER WAS OBSERVED.


RELATIVE HUMIDITY (PERCENT)
 HIGHEST    70           500 AM
 LOWEST     35           400 PM
 AVERAGE    53

..........................................................


THE SIOUX CITY IA CLIMATE NORMALS FOR TOMORROW
                         NORMAL    RECORD    YEAR
 MAXIMUM TEMPERATURE (F)   65        97      1980
 MINIMUM TEMPERATURE (F)   40        24      2015


SUNRISE AND SUNSET
APRIL 21 2018.........SUNRISE   635 AM CDT   SUNSET   814 PM CDT
APRIL 22 2018.........SUNRISE   634 AM CDT   SUNSET   815 PM CDT


-  INDICATES NEGATIVE NUMBERS.
R  INDICATES RECORD WAS SET OR TIED.
MM INDICATES DATA IS MISSING.
T  INDICATES TRACE AMOUNT.




$$
