906
CDUS43 KFSD 260628
CLISUX


CLIMATE REPORT
NATIONAL WEATHER SERVICE SIOUX FALLS SD
128 AM CDT THU APR 26 2018


...................................

...THE SIOUX CITY IA CLIMATE SUMMARY FOR APRIL 25 2018...

CLIMATE NORMAL PERIOD 1981 TO 2010
CLIMATE RECORD PERIOD 1889 TO 2018


WEATHER ITEM   OBSERVED TIME   RECORD YEAR NORMAL DEPARTURE LAST
                VALUE   (LST)  VALUE       VALUE  FROM      YEAR
                                                  NORMAL
..................................................................
TEMPERATURE (F)
 YESTERDAY
  MAXIMUM         63    523 PM  93    1981  66     -3       48
  MINIMUM         38    612 AM  25    2013  41     -3       38
  AVERAGE         51                        54     -3       43

PRECIPITATION (IN)
  YESTERDAY        T             2.09 1998   0.10  -0.10     0.10
  MONTH TO DATE    1.14                      2.42  -1.28     1.44
  SINCE MAR 1      3.09                      4.42  -1.33     2.95
  SINCE JAN 1      5.52                      5.71  -0.19     4.54

SNOWFALL (IN)
  YESTERDAY        0.0           3.1  1937   0.0    0.0      0.0
  MONTH TO DATE    9.5                       1.7    7.8       T
  SINCE MAR 1     13.4                       8.2    5.2      3.1
  SINCE JUL 1     45.2                      34.7   10.5     28.6
  SNOW DEPTH       0

DEGREE DAYS
 HEATING
  YESTERDAY       14                        12      2       22
  MONTH TO DATE  671                       420    251      323
  SINCE MAR 1   1534                      1304    230     1092
  SINCE JUL 1   6868                      6598    270     5329

 COOLING
  YESTERDAY        0                         1     -1        0
  MONTH TO DATE    0                         5     -5        1
  SINCE MAR 1      0                         5     -5        1
  SINCE JAN 1      0                         5     -5        1
..................................................................


WIND (MPH)
  HIGHEST WIND SPEED    16   HIGHEST WIND DIRECTION     N (350)
  HIGHEST GUST SPEED    22   HIGHEST GUST DIRECTION     N (360)
  AVERAGE WIND SPEED     6.3


SKY COVER
  POSSIBLE SUNSHINE  MM
  AVERAGE SKY COVER 0.3


WEATHER CONDITIONS
 THE FOLLOWING WEATHER WAS RECORDED YESTERDAY.
  LIGHT RAIN


RELATIVE HUMIDITY (PERCENT)
 HIGHEST    89          1200 AM
 LOWEST     32           400 PM
 AVERAGE    61

..........................................................


THE SIOUX CITY IA CLIMATE NORMALS FOR TODAY
                         NORMAL    RECORD    YEAR
 MAXIMUM TEMPERATURE (F)   67        91      1987
 MINIMUM TEMPERATURE (F)   41        25      1950


SUNRISE AND SUNSET
APRIL 26 2018.........SUNRISE   628 AM CDT   SUNSET   820 PM CDT
APRIL 27 2018.........SUNRISE   626 AM CDT   SUNSET   821 PM CDT


-  INDICATES NEGATIVE NUMBERS.
R  INDICATES RECORD WAS SET OR TIED.
MM INDICATES DATA IS MISSING.
T  INDICATES TRACE AMOUNT.




$$
