000
CDUS43 KFSD 090649
CLISUX


CLIMATE REPORT
NATIONAL WEATHER SERVICE SIOUX FALLS SD
137 AM CDT MON APR 9 2018


...................................

...THE SIOUX CITY IA CLIMATE SUMMARY FOR APRIL 8 2018...

CLIMATE NORMAL PERIOD 1981 TO 2010
CLIMATE RECORD PERIOD 1889 TO 2018


WEATHER ITEM   OBSERVED TIME   RECORD YEAR NORMAL DEPARTURE LAST
                VALUE   (LST)  VALUE       VALUE  FROM      YEAR
                                                  NORMAL
..................................................................
TEMPERATURE (F)
 YESTERDAY
  MAXIMUM         35        MM  89    1931  59    -24       79
  MINIMUM         27        MM  14    2007  34     -7       44
                                      1997
  AVERAGE         31                        46    -15       62

PRECIPITATION (IN)
  YESTERDAY        0.02          1.09 1999   0.09  -0.07     0.00
  MONTH TO DATE    0.17                      0.70  -0.53     0.50
  SINCE MAR 1      2.12                      2.70  -0.58     2.01
  SINCE JAN 1      4.55                      3.99   0.56     3.60

SNOWFALL (IN)
  YESTERDAY        0.3           1.2  1962   0.1    0.2      0.0
  MONTH TO DATE    1.3                       0.8    0.5      0.0
  SINCE MAR 1      5.2                       7.3   -2.1      3.1
  SINCE JUL 1     37.0                      33.8    3.2     28.6
  SNOW DEPTH       0

DEGREE DAYS
 HEATING
  YESTERDAY       34                        19     15        3
  MONTH TO DATE  290                       162    128      119
  SINCE MAR 1   1153                      1046    107      888
  SINCE JUL 1   6487                      6340    147     5125

 COOLING
  YESTERDAY        0                         0      0        0
  MONTH TO DATE    0                         0      0        0
  SINCE MAR 1      0                         0      0        0
  SINCE JAN 1      0                         0      0        0
..................................................................


WIND (MPH)
  HIGHEST WIND SPEED    24   HIGHEST WIND DIRECTION    SE (130)
  HIGHEST GUST SPEED    39   HIGHEST GUST DIRECTION     S (160)
  AVERAGE WIND SPEED    16.9


SKY COVER
  POSSIBLE SUNSHINE  MM
  AVERAGE SKY COVER 0.8


WEATHER CONDITIONS
 THE FOLLOWING WEATHER WAS RECORDED YESTERDAY.
  LIGHT SNOW
  FOG


RELATIVE HUMIDITY (PERCENT)
 HIGHEST    MM
 LOWEST     MM
 AVERAGE    MM

..........................................................


THE SIOUX CITY IA CLIMATE NORMALS FOR TODAY
                         NORMAL    RECORD    YEAR
 MAXIMUM TEMPERATURE (F)   60        87      1977
 MINIMUM TEMPERATURE (F)   34        16      1928


SUNRISE AND SUNSET
APRIL  9 2018.........SUNRISE   654 AM CDT   SUNSET   801 PM CDT
APRIL 10 2018.........SUNRISE   653 AM CDT   SUNSET   802 PM CDT


-  INDICATES NEGATIVE NUMBERS.
R  INDICATES RECORD WAS SET OR TIED.
MM INDICATES DATA IS MISSING.
T  INDICATES TRACE AMOUNT.




$$
