000
CDUS43 KFSD 160629
CLISUX


CLIMATE REPORT
NATIONAL WEATHER SERVICE SIOUX FALLS SD
128 AM CDT WED MAY 16 2018


...................................

...THE SIOUX CITY IA CLIMATE SUMMARY FOR MAY 15 2018...

CLIMATE NORMAL PERIOD 1981 TO 2010
CLIMATE RECORD PERIOD 1889 TO 2018


WEATHER ITEM   OBSERVED TIME   RECORD YEAR NORMAL DEPARTURE LAST
                VALUE   (LST)  VALUE       VALUE  FROM      YEAR
                                                  NORMAL
..................................................................
TEMPERATURE (F)
 YESTERDAY
  MAXIMUM         78    601 PM 101    2001  73      5       82
  MINIMUM         50    530 AM  32    2014  48      2       57
                                      1983
                                      1942
  AVERAGE         64                        61      3       70

PRECIPITATION (IN)
  YESTERDAY        0.00          1.87 1992   0.12  -0.12      T
  MONTH TO DATE    2.43                      1.75   0.68     0.86
  SINCE MAR 1      5.52                      6.70  -1.18     5.30
  SINCE JAN 1      7.95                      7.99  -0.04     6.89

SNOWFALL (IN)
  YESTERDAY        0.0           0.3  1907   0.0    0.0      0.0
  MONTH TO DATE    0.0                       0.2   -0.2       T
  SINCE MAR 1     13.4                       8.5    4.9      3.1
  SINCE JUL 1     45.2                      35.0   10.2     28.6
  SNOW DEPTH       0

DEGREE DAYS
 HEATING
  YESTERDAY        1                         6     -5        0
  MONTH TO DATE   69                       117    -48       86
  SINCE MAR 1   1648                      1475    173     1294
  SINCE JUL 1   6982                      6769    213     5531

 COOLING
  YESTERDAY        0                         2     -2        5
  MONTH TO DATE    8                        16     -8       25
  SINCE MAR 1     16                        27    -11       26
  SINCE JAN 1     16                        27    -11       26
..................................................................


WIND (MPH)
  HIGHEST WIND SPEED    10   HIGHEST WIND DIRECTION     N (340)
  HIGHEST GUST SPEED    13   HIGHEST GUST DIRECTION     E (70)
  AVERAGE WIND SPEED     4.5


SKY COVER
  POSSIBLE SUNSHINE  MM
  AVERAGE SKY COVER 0.3


WEATHER CONDITIONS
 THE FOLLOWING WEATHER WAS RECORDED YESTERDAY.
  FOG
  FOG W/VISIBILITY <= 1/4 MILE
  HAZE


RELATIVE HUMIDITY (PERCENT)
 HIGHEST   100           400 AM
 LOWEST     43           600 PM
 AVERAGE    72

..........................................................


THE SIOUX CITY IA CLIMATE NORMALS FOR TODAY
                         NORMAL    RECORD    YEAR
 MAXIMUM TEMPERATURE (F)   73        92      1936
 MINIMUM TEMPERATURE (F)   49        28      2014


SUNRISE AND SUNSET
MAY 16 2018...........SUNRISE   603 AM CDT   SUNSET   841 PM CDT
MAY 17 2018...........SUNRISE   602 AM CDT   SUNSET   842 PM CDT


-  INDICATES NEGATIVE NUMBERS.
R  INDICATES RECORD WAS SET OR TIED.
MM INDICATES DATA IS MISSING.
T  INDICATES TRACE AMOUNT.




$$
