000
CDUS43 KFSD 200637
CLISUX


CLIMATE REPORT
NATIONAL WEATHER SERVICE SIOUX FALLS SD
136 AM CDT FRI APR 20 2018


...................................

...THE SIOUX CITY IA CLIMATE SUMMARY FOR APRIL 19 2018...

CLIMATE NORMAL PERIOD 1981 TO 2010
CLIMATE RECORD PERIOD 1889 TO 2018


WEATHER ITEM   OBSERVED TIME   RECORD YEAR NORMAL DEPARTURE LAST
                VALUE   (LST)  VALUE       VALUE  FROM      YEAR
                                                  NORMAL
..................................................................
TEMPERATURE (F)
 YESTERDAY
  MAXIMUM         54    352 PM  90    1987  64    -10       52
  MINIMUM         26    611 AM  20    1928  38    -12       45
  AVERAGE         40                        51    -11       49

PRECIPITATION (IN)
  YESTERDAY        0.00          1.95 1993   0.10  -0.10     0.07
  MONTH TO DATE    1.01                      1.77  -0.76     1.34
  SINCE MAR 1      2.96                      3.77  -0.81     2.85
  SINCE JAN 1      5.39                      5.06   0.33     4.44

SNOWFALL (IN)
  YESTERDAY        0.0           0.8  1959   0.1   -0.1      0.0
  MONTH TO DATE    9.5                       1.5    8.0       T
  SINCE MAR 1     13.4                       8.0    5.4      3.1
  SINCE JUL 1     45.2                      34.5   10.7     28.6
  SNOW DEPTH       0

DEGREE DAYS
 HEATING
  YESTERDAY       25                        14     11       16
  MONTH TO DATE  581                       341    240      235
  SINCE MAR 1   1444                      1225    219     1004
  SINCE JUL 1   6778                      6519    259     5241

 COOLING
  YESTERDAY        0                         0      0        0
  MONTH TO DATE    0                         0      0        1
  SINCE MAR 1      0                         0      0        1
  SINCE JAN 1      0                         0      0        1
..................................................................


WIND (MPH)
  HIGHEST WIND SPEED    17   HIGHEST WIND DIRECTION     E (70)
  HIGHEST GUST SPEED    22   HIGHEST GUST DIRECTION    NE (60)
  AVERAGE WIND SPEED     6.9


SKY COVER
  POSSIBLE SUNSHINE  MM
  AVERAGE SKY COVER 0.1


WEATHER CONDITIONS
 THE FOLLOWING WEATHER WAS RECORDED YESTERDAY.
  NO SIGNIFICANT WEATHER WAS OBSERVED.


RELATIVE HUMIDITY (PERCENT)
 HIGHEST    92           300 AM
 LOWEST     41           300 PM
 AVERAGE    67

..........................................................


THE SIOUX CITY IA CLIMATE NORMALS FOR TODAY
                         NORMAL    RECORD    YEAR
 MAXIMUM TEMPERATURE (F)   64        91      1980
 MINIMUM TEMPERATURE (F)   39        22      2013
                                             1953


SUNRISE AND SUNSET
APRIL 20 2018.........SUNRISE   637 AM CDT   SUNSET   813 PM CDT
APRIL 21 2018.........SUNRISE   635 AM CDT   SUNSET   814 PM CDT


-  INDICATES NEGATIVE NUMBERS.
R  INDICATES RECORD WAS SET OR TIED.
MM INDICATES DATA IS MISSING.
T  INDICATES TRACE AMOUNT.




$$
