000
CDUS43 KFSD 120632
CLISUX


CLIMATE REPORT
NATIONAL WEATHER SERVICE SIOUX FALLS SD
131 AM CDT SAT MAY 12 2018


...................................

...THE SIOUX CITY IA CLIMATE SUMMARY FOR MAY 11 2018...

CLIMATE NORMAL PERIOD 1981 TO 2010
CLIMATE RECORD PERIOD 1889 TO 2018


WEATHER ITEM   OBSERVED TIME   RECORD YEAR NORMAL DEPARTURE LAST
                VALUE   (LST)  VALUE       VALUE  FROM      YEAR
                                                  NORMAL
..................................................................
TEMPERATURE (F)
 YESTERDAY
  MAXIMUM         60   1115 AM  92    1962  72    -12       70
  MINIMUM         46    332 AM  27    1946  47     -1       45
  AVERAGE         53                        59     -6       58

PRECIPITATION (IN)
  YESTERDAY        0.74          1.91 1963   0.12   0.62     0.00
  MONTH TO DATE    2.00                      1.27   0.73     0.86
  SINCE MAR 1      5.09                      6.22  -1.13     5.30
  SINCE JAN 1      7.52                      7.51   0.01     6.89

SNOWFALL (IN)
  YESTERDAY       MM             T    1952   0.0   MM        0.0
  MONTH TO DATE    0.0                       0.1   -0.1       T
  SINCE MAR 1     13.4                       8.4    5.0      3.1
  SINCE JUL 1     45.2                      34.9   10.3     28.6
  SNOW DEPTH       0

DEGREE DAYS
 HEATING
  YESTERDAY       12                         7      5        7
  MONTH TO DATE   43                        92    -49       80
  SINCE MAR 1   1622                      1450    172     1288
  SINCE JUL 1   6956                      6744    212     5525

 COOLING
  YESTERDAY        0                         1     -1        0
  MONTH TO DATE    8                        11     -3       12
  SINCE MAR 1     16                        22     -6       13
  SINCE JAN 1     16                        22     -6       13
..................................................................


WIND (MPH)
  HIGHEST WIND SPEED    32   HIGHEST WIND DIRECTION    SE (120)
  HIGHEST GUST SPEED    44   HIGHEST GUST DIRECTION     E (110)
  AVERAGE WIND SPEED    13.0


SKY COVER
  POSSIBLE SUNSHINE  MM
  AVERAGE SKY COVER 0.9


WEATHER CONDITIONS
 THE FOLLOWING WEATHER WAS RECORDED YESTERDAY.
  THUNDERSTORM
  RAIN
  LIGHT RAIN
  FOG


RELATIVE HUMIDITY (PERCENT)
 HIGHEST    93           400 AM
 LOWEST     54          1200 AM
 AVERAGE    74

..........................................................


THE SIOUX CITY IA CLIMATE NORMALS FOR TODAY
                         NORMAL    RECORD    YEAR
 MAXIMUM TEMPERATURE (F)   72        91      1940
 MINIMUM TEMPERATURE (F)   47        28      1946


SUNRISE AND SUNSET
MAY 12 2018...........SUNRISE   607 AM CDT   SUNSET   837 PM CDT
MAY 13 2018...........SUNRISE   606 AM CDT   SUNSET   838 PM CDT


-  INDICATES NEGATIVE NUMBERS.
R  INDICATES RECORD WAS SET OR TIED.
MM INDICATES DATA IS MISSING.
T  INDICATES TRACE AMOUNT.




$$
