173
CDUS43 KFSD 130631
CLISUX


CLIMATE REPORT
NATIONAL WEATHER SERVICE SIOUX FALLS SD
130 AM CDT FRI APR 13 2018


...................................

...THE SIOUX CITY IA CLIMATE SUMMARY FOR APRIL 12 2018...

CLIMATE NORMAL PERIOD 1981 TO 2010
CLIMATE RECORD PERIOD 1889 TO 2018


WEATHER ITEM   OBSERVED TIME   RECORD YEAR NORMAL DEPARTURE LAST
                VALUE   (LST)  VALUE       VALUE  FROM      YEAR
                                                  NORMAL
..................................................................
TEMPERATURE (F)
 YESTERDAY
  MAXIMUM         65    208 PM  86    2010  61      4       62
  MINIMUM         33    535 AM  15    1957  35     -2       40
  AVERAGE         49                        48      1       51

PRECIPITATION (IN)
  YESTERDAY        0.00          1.31 1927   0.09  -0.09      T
  MONTH TO DATE    0.17                      1.07  -0.90     0.53
  SINCE MAR 1      2.12                      3.07  -0.95     2.04
  SINCE JAN 1      4.55                      4.36   0.19     3.63

SNOWFALL (IN)
  YESTERDAY        0.0           1.3  1997   0.1   -0.1      0.0
  MONTH TO DATE    1.3                       1.1    0.2       T
  SINCE MAR 1      5.2                       7.6   -2.4      3.1
  SINCE JUL 1     37.0                      34.1    2.9     28.6
  SNOW DEPTH       0

DEGREE DAYS
 HEATING
  YESTERDAY       16                        17     -1       14
  MONTH TO DATE  372                       233    139      185
  SINCE MAR 1   1235                      1117    118      954
  SINCE JUL 1   6569                      6411    158     5191

 COOLING
  YESTERDAY        0                         0      0        0
  MONTH TO DATE    0                         0      0        0
  SINCE MAR 1      0                         0      0        0
  SINCE JAN 1      0                         0      0        0
..................................................................


WIND (MPH)
  HIGHEST WIND SPEED    22   HIGHEST WIND DIRECTION    NE (60)
  HIGHEST GUST SPEED    32   HIGHEST GUST DIRECTION    NE (40)
  AVERAGE WIND SPEED    11.1


SKY COVER
  POSSIBLE SUNSHINE  MM
  AVERAGE SKY COVER 0.2


WEATHER CONDITIONS
 THE FOLLOWING WEATHER WAS RECORDED YESTERDAY.
  FOG
  HAZE


RELATIVE HUMIDITY (PERCENT)
 HIGHEST    92           100 AM
 LOWEST     48           100 PM
 AVERAGE    70

..........................................................


THE SIOUX CITY IA CLIMATE NORMALS FOR TODAY
                         NORMAL    RECORD    YEAR
 MAXIMUM TEMPERATURE (F)   62        91      2006
 MINIMUM TEMPERATURE (F)   36        15      1950


SUNRISE AND SUNSET
APRIL 13 2018.........SUNRISE   648 AM CDT   SUNSET   805 PM CDT
APRIL 14 2018.........SUNRISE   646 AM CDT   SUNSET   806 PM CDT


-  INDICATES NEGATIVE NUMBERS.
R  INDICATES RECORD WAS SET OR TIED.
MM INDICATES DATA IS MISSING.
T  INDICATES TRACE AMOUNT.




$$
