000
CDUS43 KFSD 130625
CLISUX


CLIMATE REPORT
NATIONAL WEATHER SERVICE SIOUX FALLS SD
124 AM CDT WED JUN 13 2018


...................................

...THE SIOUX CITY IA CLIMATE SUMMARY FOR JUNE 12 2018...

CLIMATE NORMAL PERIOD 1981 TO 2010
CLIMATE RECORD PERIOD 1889 TO 2018


WEATHER ITEM   OBSERVED TIME   RECORD YEAR NORMAL DEPARTURE LAST
                VALUE   (LST)  VALUE       VALUE  FROM      YEAR
                                                  NORMAL
..................................................................
TEMPERATURE (F)
 YESTERDAY
  MAXIMUM         81    338 PM  99    1952  81      0       86
  MINIMUM         62   1159 PM  45    1995  58      4       72
  AVERAGE         72                        70      2       79

PRECIPITATION (IN)
  YESTERDAY        0.00          1.32 1947   0.14  -0.14     0.00
  MONTH TO DATE    3.09                      1.62   1.47     0.00
  SINCE JUN 1      3.09                      1.62   1.47     0.00
  SINCE JAN 1     12.32                     11.60   0.72     9.47

SNOWFALL (IN)
  YESTERDAY        0.0           0.0    MM   0.0    0.0      0.0
  MONTH TO DATE    0.0                       0.0    0.0      0.0
  SINCE JUN 1      0.0                       0.0    0.0      0.0
  SINCE JUL 1     45.2                      34.8   10.4     28.6
  SNOW DEPTH       0

DEGREE DAYS
 HEATING
  YESTERDAY        0                         1     -1        0
  MONTH TO DATE    0                        18    -18        0
  SINCE JUN 1      0                        18    -18        0
  SINCE JUL 1   7001                      6852    149     5638

 COOLING
  YESTERDAY        7                         6      1       14
  MONTH TO DATE  112                        53     59      142
  SINCE JUN 1    112                        53     59      142
  SINCE JAN 1    264                       117    147      180
..................................................................


WIND (MPH)
  HIGHEST WIND SPEED    18   HIGHEST WIND DIRECTION     N (340)
  HIGHEST GUST SPEED    25   HIGHEST GUST DIRECTION     N (360)
  AVERAGE WIND SPEED     8.1


SKY COVER
  POSSIBLE SUNSHINE  MM
  AVERAGE SKY COVER 0.6


WEATHER CONDITIONS
 THE FOLLOWING WEATHER WAS RECORDED YESTERDAY.
  FOG
  HAZE


RELATIVE HUMIDITY (PERCENT)
 HIGHEST   100          1200 AM
 LOWEST     58           300 PM
 AVERAGE    79

..........................................................


THE SIOUX CITY IA CLIMATE NORMALS FOR TODAY
                         NORMAL    RECORD    YEAR
 MAXIMUM TEMPERATURE (F)   82       101      1952
 MINIMUM TEMPERATURE (F)   58        39      2014


SUNRISE AND SUNSET
JUNE 13 2018..........SUNRISE   548 AM CDT   SUNSET   903 PM CDT
JUNE 14 2018..........SUNRISE   548 AM CDT   SUNSET   904 PM CDT


-  INDICATES NEGATIVE NUMBERS.
R  INDICATES RECORD WAS SET OR TIED.
MM INDICATES DATA IS MISSING.
T  INDICATES TRACE AMOUNT.




$$
