000
CDUS43 KFSD 190634
CLISUX


CLIMATE REPORT
NATIONAL WEATHER SERVICE SIOUX FALLS SD
132 AM CDT THU APR 19 2018


...................................

...THE SIOUX CITY IA CLIMATE SUMMARY FOR APRIL 18 2018...

CLIMATE NORMAL PERIOD 1981 TO 2010
CLIMATE RECORD PERIOD 1889 TO 2018


WEATHER ITEM   OBSERVED TIME   RECORD YEAR NORMAL DEPARTURE LAST
                VALUE   (LST)  VALUE       VALUE  FROM      YEAR
                                                  NORMAL
..................................................................
TEMPERATURE (F)
 YESTERDAY
  MAXIMUM         39    359 PM  92    1994  64    -25       74
  MINIMUM         31    744 AM  19    1953  38     -7       52
  AVERAGE         35                        51    -16       63

PRECIPITATION (IN)
  YESTERDAY        0.32          2.00 1995   0.11   0.21     0.35
  MONTH TO DATE    1.01                      1.67  -0.66     1.27
  SINCE MAR 1      2.96                      3.67  -0.71     2.78
  SINCE JAN 1      5.39                      4.96   0.43     4.37

SNOWFALL (IN)
  YESTERDAY        2.5           4.7  2013   0.0    2.5      0.0
  MONTH TO DATE    9.5                       1.4    8.1       T
  SINCE MAR 1     13.4                       7.9    5.5      3.1
  SINCE JUL 1     45.2                      34.4   10.8     28.6
  SNOW DEPTH       1

DEGREE DAYS
 HEATING
  YESTERDAY       30                        15     15        2
  MONTH TO DATE  556                       327    229      219
  SINCE MAR 1   1419                      1211    208      988
  SINCE JUL 1   6753                      6505    248     5225

 COOLING
  YESTERDAY        0                         0      0        0
  MONTH TO DATE    0                         0      0        1
  SINCE MAR 1      0                         0      0        1
  SINCE JAN 1      0                         0      0        1
..................................................................


WIND (MPH)
  HIGHEST WIND SPEED    26   HIGHEST WIND DIRECTION     E (80)
  HIGHEST GUST SPEED    38   HIGHEST GUST DIRECTION     E (80)
  AVERAGE WIND SPEED    13.8


SKY COVER
  POSSIBLE SUNSHINE  MM
  AVERAGE SKY COVER 1.0


WEATHER CONDITIONS
 THE FOLLOWING WEATHER WAS RECORDED YESTERDAY.
  THUNDERSTORM
  LIGHT RAIN
  SNOW
  LIGHT SNOW
  FOG
  HAZE


RELATIVE HUMIDITY (PERCENT)
 HIGHEST    92           500 AM
 LOWEST     69          1200 AM
 AVERAGE    81

..........................................................


THE SIOUX CITY IA CLIMATE NORMALS FOR TODAY
                         NORMAL    RECORD    YEAR
 MAXIMUM TEMPERATURE (F)   64        90      1987
 MINIMUM TEMPERATURE (F)   38        20      1928


SUNRISE AND SUNSET
APRIL 19 2018.........SUNRISE   638 AM CDT   SUNSET   812 PM CDT
APRIL 20 2018.........SUNRISE   637 AM CDT   SUNSET   813 PM CDT


-  INDICATES NEGATIVE NUMBERS.
R  INDICATES RECORD WAS SET OR TIED.
MM INDICATES DATA IS MISSING.
T  INDICATES TRACE AMOUNT.




$$
