241
CXUS54 KOUN 010700
CF6SWO
PRELIMINARY LOCAL CLIMATOLOGICAL DATA (WS FORM: F-6)
STATION: STILLWATER
MONTH: JUNE
YEAR: 2020
LATITUDE: 36 10 N
LONGITUDE: 97 5 W
TEMPERATURE IN F: :PCPN: SNOW: WIND :SUNSHINE: SKY :PK WND
================================================================================
1 2 3 4 5 6A 6B 7 8 9 10 11 12 13 14 15 16 17 18
12Z AVG MX 2MIN
DY MAX MIN AVG DEP HDD CDD WTR SNW DPTH SPD SPD DIR MIN PSBL S-S WX SPD DR
================================================================================
1 87 64 76 3 0 11 0.00 0.0 0 10.5 18 160 M M 0 24 180
2 89 67 78 5 0 13 0.00 0.0 0 9.9 18 170 M M 1 21 180
3 94 71 83 9 0 18 0.00 0.0 0 10.9 17 180 M M 0 22 190
4 97 73 85 11 0 20 0.00 0.0 0 8.0 17 200 M M 0 24 190
5 96 64 80 6 0 15 0.00 0.0 0 7.1 15 170 M M 0 19 170
6 97 75 86 12 0 21 0.00 0.0 0 8.8 17 140 M M 0 22 140
7 95 74 85 10 0 20 0.00 0.0 0 10.9 18 120 M M 0 23 120
8 95 70 83 8 0 18 0.00 0.0 0 6.6 16 110 M M 1 26 250
9 91 62 77 2 0 12 0.00 0.0 0 16.3 35 270 M M 5 8 48 260
10 86 56 71 -4 0 6 0.00 0.0 0 13.1 29 290 M M 1 44 290
11 93 51 72 -4 0 7 0.00 0.0 0 7.4 18 170 M M 0 23 160
12 95 65 80 4 0 15 T 0.0 0 9.5 21 170 M M 0 38 26 180
13 96 63 80 4 0 15 0.00 0.0 0 9.3 22 170 M M 0 28 160
14 96 68 82 6 0 17 0.00 0.0 0 10.4 22 190 M M 0 28 190
15 95 65 80 4 0 15 0.00 0.0 0 10.3 20 170 M M 1 24 150
16 97 70 84 7 0 19 0.00 0.0 0 11.4 23 160 M M 1 29 170
17 96 72 84 7 0 19 0.00 0.0 0 15.0 24 180 M M 0 30 180
18 96 74 85 8 0 20 0.00 0.0 0 16.4 29 150 M M 1 35 140
19 80 67 74 -3 0 9 2.02 0.0 0 11.0 24 170 M M 5 13 30 350
20 90 67 79 1 0 14 0.00 0.0 0 5.5 13 160 M M 1 15 150
21 90 67 79 1 0 14 0.43 0.0 0 9.1 22 310 M M 2 13 38 280
22 93 67 80 2 0 15 0.01 0.0 0 6.3 18 160 M M 0 3 22 150
23 89 64 77 -1 0 12 0.00 0.0 0 7.9 18 30 M M 0 23 30
24 91 60 76 -2 0 11 0.00 0.0 0 4.8 13 170 M M 0 16 140
25 95 69 82 3 0 17 0.00 0.0 0 11.6 21 150 M M 0 26 180
26 96 72 84 5 0 19 0.00 0.0 0 12.2 18 170 M M 2 1 24 170
27 94 75 85 6 0 20 0.01 0.0 0 13.3 24 180 M M 2 3 30 200
28 93 77 85 6 0 20 0.00 0.0 0 17.7 29 180 M M 3 37 180
29 95 79 87 8 0 22 T 0.0 0 19.1 29 190 M M 5 37 180
30 98 78 88 8 0 23 0.00 0.0 0 18.6 30 180 M M 1 35 170
================================================================================
SM 2795 2046 0 477 2.47 0.0 328.9 M 32
================================================================================
AV 93.2 68.2 11.0 FASTST M M 1 MAX(MPH)
MISC ----> # 35 270 # 48 260
================================================================================
NOTES:
# LAST OF SEVERAL OCCURRENCES
COLUMN 17 PEAK WIND IN M.P.H.
PRELIMINARY LOCAL CLIMATOLOGICAL DATA (WS FORM: F-6) , PAGE 2
STATION: STILLWATER
MONTH: JUNE
YEAR: 2020
LATITUDE: 36 10 N
LONGITUDE: 97 5 W
[TEMPERATURE DATA] [PRECIPITATION DATA] SYMBOLS USED IN COLUMN 16
AVERAGE MONTHLY: 80.7 TOTAL FOR MONTH: 2.47 1 = FOG OR MIST
DPTR FM NORMAL: 4.2 DPTR FM NORMAL: -2.02 2 = FOG REDUCING VISIBILITY
HIGHEST: 98 ON 30 GRTST 24HR 2.02 ON 19-19 TO 1/4 MILE OR LESS
LOWEST: 51 ON 11 3 = THUNDER
SNOW, ICE PELLETS, HAIL 4 = ICE PELLETS
TOTAL MONTH: 0.0 INCH 5 = HAIL
GRTST 24HR 0.0 6 = FREEZING RAIN OR DRIZZLE
GRTST DEPTH: 0 7 = DUSTSTORM OR SANDSTORM:
VSBY 1/2 MILE OR LESS
8 = SMOKE OR HAZE
[NO. OF DAYS WITH] [WEATHER - DAYS WITH] 9 = BLOWING SNOW
X = TORNADO
MAX 32 OR BELOW: 0 0.01 INCH OR MORE: 4
MAX 90 OR ABOVE: 25 0.10 INCH OR MORE: 2
MIN 32 OR BELOW: 0 0.50 INCH OR MORE: 1
MIN 0 OR BELOW: 0 1.00 INCH OR MORE: 1
[HDD (BASE 65) ]
TOTAL THIS MO. 0 CLEAR (SCALE 0-3) 26
DPTR FM NORMAL -2 PTCLDY (SCALE 4-7) 4
TOTAL FM JUL 1 3364 CLOUDY (SCALE 8-10) 0
DPTR FM NORMAL -420
[CDD (BASE 65) ]
TOTAL THIS MO. 477
DPTR FM NORMAL 130 [PRESSURE DATA]
TOTAL FM JAN 1 697 HIGHEST SLP M ON M
DPTR FM NORMAL 140 LOWEST SLP 29.45 ON 9
[REMARKS]
#FINAL-06-20#