000
CXUS51 KBGM 011520 CCA
CF6SYR
PRELIMINARY LOCAL CLIMATOLOGICAL DATA (WS FORM: F-6)
STATION: SYRACUSE NY
MONTH: MARCH
YEAR: 2020
LATITUDE: 43 7 N
LONGITUDE: 76 7 W
TEMPERATURE IN F: :PCPN: SNOW: WIND :SUNSHINE: SKY :PK WND
================================================================================
1 2 3 4 5 6A 6B 7 8 9 10 11 12 13 14 15 16 17 18
12Z AVG MX 2MIN
DY MAX MIN AVG DEP HDD CDD WTR SNW DPTH SPD SPD DIR MIN PSBL S-S WX SPD DR
================================================================================
1 37 10 24 -5 41 0 0.01 0.3 4 6.3 15 270 M M 6 1 20 280
2 58 31 45 16 20 0 0.17 0.0 2 7.5 23 190 M M 9 1 31 200
3 52 39 46 16 19 0 0.22 0.0 0 8.6 30 280 M M 10 12 39 280
4 47 33 40 10 25 0 0.04 0.2 0 14.3 28 260 M M 9 145 33 270
5 45 33 39 9 26 0 T T T 8.2 15 300 M M 8 21 290
6 46 31 39 9 26 0 T T 0 9.8 16 340 M M 9 1 20 90
7 36 22 29 -2 36 0 T T T 8.8 20 330 M M 2 25 330
8 58 24 41 10 24 0 0.00 0.0 0 5.3 18 250 M M 4 24 270
9 71 48 60 29 5 0 0.00 0.0 0 9.4 23 250 M M 7 29 230
10 63 35 49 17 16 0 0.23 0.0 0 14.3 32 230 M M 10 1 41 220
11 39 28 34 2 31 0 0.00 0.0 0 5.9 14 270 M M 8 18 260
12 54 32 43 11 22 0 0.00 0.0 0 6.7 16 120 M M 9 22 120
13 56 38 47 14 18 0 0.06 0.0 0 17.0 36 260 M M 9 1 45 260
14 40 34 37 4 28 0 0.00 0.0 0 12.9 29 270 M M 9 42 250
15 39 24 32 -2 33 0 0.00 0.0 0 8.9 17 310 M M 2 23 330
16 51 19 35 1 30 0 T 0.0 0 8.0 24 190 M M 6 34 160
17 45 32 39 5 26 0 0.02 0.0 0 12.2 22 260 M M 9 32 200
18 48 25 37 2 28 0 0.01 0.0 0 4.4 12 150 M M 7 17 150
19 51 40 46 11 19 0 0.10 0.0 0 9.2 15 90 M M 10 19 140
20 74 33 54 18 11 0 0.26 0.0 0 18.4 38 240 M M 9 1 50 220
21 35 22 29 -7 36 0 T T 0 11.1 24 280 M M 4 30 270
22 41 19 30 -6 35 0 0.00 0.0 0 7.5 15 100 M M 3 20 80
23 38 31 35 -2 30 0 0.88 6.4 2 9.8 21 160 M M 10 128 27 150
24 39 29 34 -3 31 0 0.01 0.2 6 3.9 10 320 M M 10 14 13 320
25 47 29 38 0 27 0 0.00 0.0 3 8.2 15 110 M M 8 18 110
26 64 33 49 11 16 0 0.09 0.0 T 7.4 18 320 M M 8 1 22 320
27 51 32 42 4 23 0 0.00 0.0 0 6.9 13 340 M M 6 17 310
28 46 29 38 -1 27 0 0.26 0.0 0 8.1 17 120 M M 8 1 21 110
29 63 42 53 14 12 0 0.50 0.0 0 12.6 26 270 M M 8 13 36 250
30 51 42 47 7 18 0 0.52 0.0 0 6.4 18 240 M M 10 1 22 280
31 54 40 47 7 18 0 0.04 0.0 0 5.7 15 360 M M 10 1 18 360
================================================================================
SM 1539 959 757 0 3.42 7.1 283.7 M 237
================================================================================
AV 49.6 30.9 9.2 FASTST M M 8 MAX(MPH)
MISC ----> # 38 240 # 50 220
================================================================================
NOTES:
# LAST OF SEVERAL OCCURRENCES
COLUMN 17 PEAK WIND IN M.P.H.
PRELIMINARY LOCAL CLIMATOLOGICAL DATA (WS FORM: F-6) , PAGE 2
STATION: SYRACUSE NY
MONTH: MARCH
YEAR: 2020
LATITUDE: 43 7 N
LONGITUDE: 76 7 W
[TEMPERATURE DATA] [PRECIPITATION DATA] SYMBOLS USED IN COLUMN 16
AVERAGE MONTHLY: 40.3 TOTAL FOR MONTH: 3.42 1 = FOG OR MIST
DPTR FM NORMAL: 6.1 DPTR FM NORMAL: 0.47 2 = FOG REDUCING VISIBILITY
HIGHEST: 74 ON 20 GRTST 24HR 0.89 ON 23-24 TO 1/4 MILE OR LESS
LOWEST: 10 ON 1 3 = THUNDER
SNOW, ICE PELLETS, HAIL 4 = ICE PELLETS
TOTAL MONTH: 7.1 INCHES 5 = HAIL
GRTST 24HR 6.6 ON 23-24 6 = FREEZING RAIN OR DRIZZLE
GRTST DEPTH: 6 ON 23 24 7 = DUSTSTORM OR SANDSTORM:
VSBY 1/2 MILE OR LESS
8 = SMOKE OR HAZE
[NO. OF DAYS WITH] [WEATHER - DAYS WITH] 9 = BLOWING SNOW
X = TORNADO
MAX 32 OR BELOW: 0 0.01 INCH OR MORE: 17
MAX 90 OR ABOVE: 0 0.10 INCH OR MORE: 9
MIN 32 OR BELOW: 18 0.50 INCH OR MORE: 3
MIN 0 OR BELOW: 0 1.00 INCH OR MORE: 0
[HDD (BASE 65) ]
TOTAL THIS MO. 757 CLEAR (SCALE 0-3) 3
DPTR FM NORMAL -200 PTCLDY (SCALE 4-7) 12
TOTAL FM JUL 1 5210 CLOUDY (SCALE 8-10) 16
DPTR FM NORMAL -578
[CDD (BASE 65) ]
TOTAL THIS MO. 0
DPTR FM NORMAL 0 [PRESSURE DATA]
TOTAL FM JAN 1 0 HIGHEST SLP 30.72 ON 22
DPTR FM NORMAL 0 LOWEST SLP 29.32 ON 3
[REMARKS]
#FINAL-03-20#
CORRECTED WINDS ON DAY 31 WHICH CHANGED TOTAL AVERAGE WIND SPEED
CORRECTED AVERAGE HIGH TEMPERATURE FOR MONTH
CORRECTED GREATEST 24 HOUR PRECIPITATION,
GREATEST 24 HOUR SNOWFALL, AND GREATEST SNOW DEPTH DAYS
10TH WARMEST MARCH
8TH LOWEST SNOWFALL AT AIRPORT (SINCE 1950)
(TAC)