000
CXUS55 KPUB 011210
CF6TAD
PRELIMINARY LOCAL CLIMATOLOGICAL DATA (WS FORM: F-6)
STATION: TRINIDAD CO
MONTH: APRIL
YEAR: 2020
LATITUDE: 37 16 N
LONGITUDE: 104 20 W
TEMPERATURE IN F: :PCPN: SNOW: WIND :SUNSHINE: SKY :PK WND
================================================================================
1 2 3 4 5 6A 6B 7 8 9 10 11 12 13 14 15 16 17 18
12Z AVG MX 2MIN
DY MAX MIN AVG DEP HDD CDD WTR SNW DPTH SPD SPD DIR MIN PSBL S-S WX SPD DR
================================================================================
1 73 44 59 13 6 0 0.00 0.0 M 9.7 25 250 M M 1 34 250
2 59 25 42 -4 23 0 0.00 0.0 0 12.9 23 50 M M 3 12 31 70
3 52 24 38 -8 27 0 0.00 0.0 M 6.4 21 70 M M 6 27 70
4 66 21 44 -2 21 0 0.00 M M 8.2 23 180 M M 1 29 180
5 76 39 58 11 7 0 0.00 M M 15.6 29 250 M M 1 39 270
6 76 40 58 11 7 0 0.00 M M 12.8 29 250 M M 0 38 300
7 76 35 56 9 9 0 0.00 M M 9.8 18 260 M M 0 25 180
8 74 36 55 8 10 0 0.00 M M 8.5 24 190 M M 1 35 180
9 65 38 52 4 13 0 T M M 9.2 23 320 M M 2 35 310
10 72 44 58 10 7 0 T M M 19.3 40 240 M M 3 58 230
11 73 37 55 7 10 0 0.00 M M 12.2 28 200 M M 1 35 200
12 53 22 38 -10 27 0 0.06 M M 12.2 31 20 M M 8 16 39 30
13 33 17 25 -24 40 0 0.16 M M 6.3 15 50 M M 10 12 21 50
14 44 18 31 -18 34 0 0.01 M M 8.7 22 250 M M 4 1 29 250
15 60 26 43 -6 22 0 0.00 M M 8.9 20 250 M M 2 24 260
16 56 23 40 -10 25 0 T M M 10.1 30 30 M M 3 39 20
17 59 21 40 -10 25 0 0.00 M M 8.6 29 250 M M 3 36 250
18 72 36 54 4 11 0 0.00 M M 14.5 30 300 M M 0 43 280
19 66 32 49 -2 16 0 0.01 M M 9.2 26 220 M M 3 3 34 240
20 67 32 50 -1 15 0 T M M 7.8 21 190 M M 4 26 170
21 65 44 55 4 10 0 0.12 M M 7.6 22 140 M M 7 3 30 140
22 70 42 56 4 9 0 0.00 M M 13.2 33 330 M M 5 45 10
23 73 39 56 4 9 0 T 0.0 M 12.7 25 350 M M 3 8 34 340
24 64 34 49 -3 16 0 T M M 11.3 26 360 M M 4 36 10
25 69 29 49 -4 16 0 0.00 0.0 M 8.4 20 130 M M 0 26 130
26 81 36 59 6 6 0 0.00 0.0 M 10.0 30 260 M M 0 40 260
27 81 39 60 7 5 0 0.00 M M 7.4 20 250 M M 0 26 250
28 78 45 62 8 3 0 0.00 M M 9.5 31 50 M M 0 41 50
29 74 34 54 0 11 0 0.00 M M 7.5 15 100 M M 0 21 120
30 90 46 68 14 0 3 0.00 M M 10.2 21 340 M M 0 32 330
================================================================================
SM 2017 998 440 3 0.36 0.0 308.7 M 75
================================================================================
AV 67.2 33.3 10.3 FASTST M M 3 MAX(MPH)
MISC ----> 40 240 58 230
================================================================================
NOTES:
# LAST OF SEVERAL OCCURRENCES
COLUMN 17 PEAK WIND IN M.P.H.
PRELIMINARY LOCAL CLIMATOLOGICAL DATA (WS FORM: F-6) , PAGE 2
STATION: TRINIDAD CO
MONTH: APRIL
YEAR: 2020
LATITUDE: 37 16 N
LONGITUDE: 104 20 W
[TEMPERATURE DATA] [PRECIPITATION DATA] SYMBOLS USED IN COLUMN 16
AVERAGE MONTHLY: 50.3 TOTAL FOR MONTH: 0.36 1 = FOG OR MIST
DPTR FM NORMAL: 0.5 DPTR FM NORMAL: -0.77 2 = FOG REDUCING VISIBILITY
HIGHEST: 90 ON 30 GRTST 24HR 0.17 ON 13-14 TO 1/4 MILE OR LESS
LOWEST: 17 ON 13 3 = THUNDER
SNOW, ICE PELLETS, HAIL 4 = ICE PELLETS
TOTAL MONTH: 0.0 INCH 5 = HAIL
GRTST 24HR 0.0 6 = FREEZING RAIN OR DRIZZLE
GRTST DEPTH: 0 7 = DUSTSTORM OR SANDSTORM:
VSBY 1/2 MILE OR LESS
8 = SMOKE OR HAZE
[NO. OF DAYS WITH] [WEATHER - DAYS WITH] 9 = BLOWING SNOW
X = TORNADO
MAX 32 OR BELOW: 0 0.01 INCH OR MORE: 5
MAX 90 OR ABOVE: 1 0.10 INCH OR MORE: 2
MIN 32 OR BELOW: 12 0.50 INCH OR MORE: 0
MIN 0 OR BELOW: 0 1.00 INCH OR MORE: 0
[HDD (BASE 65) ]
TOTAL THIS MO. 440 CLEAR (SCALE 0-3) 22
DPTR FM NORMAL -21 PTCLDY (SCALE 4-7) 6
TOTAL FM JUL 1 5045 CLOUDY (SCALE 8-10) 2
DPTR FM NORMAL -245
[CDD (BASE 65) ]
TOTAL THIS MO. 3
DPTR FM NORMAL 1 [PRESSURE DATA]
TOTAL FM JAN 1 3 HIGHEST SLP 30.29 ON 14
DPTR FM NORMAL 1 LOWEST SLP 29.34 ON 12
[REMARKS]
#FINAL-04-20#