000
CXUS55 KPUB 011210
CF6TAD
PRELIMINARY LOCAL CLIMATOLOGICAL DATA (WS FORM: F-6)
STATION: TRINIDAD CO
MONTH: OCTOBER
YEAR: 2023
LATITUDE: 37 16 N
LONGITUDE: 104 20 W
TEMPERATURE IN F: :PCPN: SNOW: WIND :SUNSHINE: SKY :PK WND
================================================================================
1 2 3 4 5 6A 6B 7 8 9 10 11 12 13 14 15 16 17 18
12Z AVG MX 2MIN
DY MAX MIN AVG DEP HDD CDD WTR SNW DPTH SPD SPD DIR MIN PSBL S-S WX SPD DR
================================================================================
1 75 53 64 4 1 0 T M M 19.7 35 190 M M 2 3 48 190
2 76 54 65 6 0 0 0.02 M M 15.6 35 180 M M 2 3 45 170
3 73 42 58 -1 7 0 0.00 M M 9.5 25 270 M M 1 35 260
4 66 41 54 -4 11 0 0.00 M M 6.7 15 300 M M 1 20 290
5 70 39 55 -3 10 0 0.00 M M 7.3 14 240 M M 0 17 240
6 59 41 50 -7 15 0 0.00 M M 8.0 25 20 M M 4 34 10
7 72 36 54 -3 11 0 0.00 M M 7.7 22 250 M M 0 28 250
8 78 41 60 4 5 0 0.00 M M 8.2 17 260 M M 0 21 240
9 78 43 61 5 4 0 0.00 M M 9.4 21 290 M M 1 27 290
10 78 38 58 2 7 0 0.00 M M 8.1 17 220 M M 1 24 220
11 80 42 61 6 4 0 0.00 M M 10.2 24 240 M M 1 35 240
12 66 38 52 -3 13 0 0.00 M M 15.4 39 270 M M 1 52 260
13 57 27 42 -12 23 0 0.00 M M 4.5 14 90 M M 1 19 100
14 56 27 42 -12 23 0 0.00 M M 5.4 12 70 M M 0 16 60
15 67 26 47 -6 18 0 0.00 M M 7.6 13 260 M M 0 16 80
16 73 34 54 1 11 0 0.00 M M 7.0 17 260 M M 0 22 270
17 84 43 64 11 1 0 0.00 M M 8.7 17 250 M M 0 22 260
18 71 44 58 6 7 0 0.00 M M 7.1 16 40 M M 0 21 50
19 80 43 62 10 3 0 0.00 M M 9.0 18 260 M M 0 24 260
20 83 45 64 13 1 0 0.00 M M 8.2 17 260 M M 0 22 260
21 84 39 62 11 3 0 0.00 M M 9.2 21 130 M M 0 29 140
22 82 39 61 10 4 0 0.00 M M 7.1 17 270 M M 0 24 270
23 82 36 59 9 6 0 0.00 M M 13.3 29 200 M M 0 40 190
24 76 48 62 12 3 0 T M M 11.2 25 250 M M 4 30 260
25 73 41 57 7 8 0 0.00 M M 10.4 24 220 M M 0 3 33 220
26 78 38 58 9 7 0 0.00 M M 9.9 26 40 M M 1 38 30
27 63 28 46 -3 19 0 0.00 M M 6.1 17 330 M M 2 25 340
28 45 22 34 -14 31 0 0.00 M M 6.9 17 50 M M 4 21 60
29 27 18 23 -25 42 0 T M M 8.1 18 20 M M 10 1 25 40
30 50 13 32 -16 33 0 0.00 M M 5.5 13 220 M M 2 14 220
31 55 19 37 -10 28 0 0.00 M M 8.4 17 240 M M 0 21 250
================================================================================
SM 2157 1138 359 0 0.02 M 279.4 M 38
================================================================================
AV 69.6 36.7 9.0 FASTST M M 1 MAX(MPH)
MISC ----> 39 270 52 260
================================================================================
NOTES:
# LAST OF SEVERAL OCCURRENCES
COLUMN 17 PEAK WIND IN M.P.H.
PRELIMINARY LOCAL CLIMATOLOGICAL DATA (WS FORM: F-6) , PAGE 2
STATION: TRINIDAD CO
MONTH: OCTOBER
YEAR: 2023
LATITUDE: 37 16 N
LONGITUDE: 104 20 W
[TEMPERATURE DATA] [PRECIPITATION DATA] SYMBOLS USED IN COLUMN 16
AVERAGE MONTHLY: 53.1 TOTAL FOR MONTH: 0.02 1 = FOG OR MIST
DPTR FM NORMAL: 0.0 DPTR FM NORMAL: -0.94 2 = FOG REDUCING VISIBILITY
HIGHEST: 84 ON 21,17 GRTST 24HR 0.10 ON 30- 1 TO 1/4 MILE OR LESS
LOWEST: 13 ON 30 3 = THUNDER
SNOW, ICE PELLETS, HAIL 4 = ICE PELLETS
TOTAL MONTH: M 5 = HAIL
GRTST 24HR M ON M 6 = FREEZING RAIN OR DRIZZLE
GRTST DEPTH: M ON M 7 = DUSTSTORM OR SANDSTORM:
VSBY 1/2 MILE OR LESS
8 = SMOKE OR HAZE
[NO. OF DAYS WITH] [WEATHER - DAYS WITH] 9 = BLOWING SNOW
X = TORNADO
MAX 32 OR BELOW: 1 0.01 INCH OR MORE: 1
MAX 90 OR ABOVE: 0 0.10 INCH OR MORE: 0
MIN 32 OR BELOW: 8 0.50 INCH OR MORE: 0
MIN 0 OR BELOW: 0 1.00 INCH OR MORE: 0
[HDD (BASE 65) ]
TOTAL THIS MO. 359 CLEAR (SCALE 0-3) 27
DPTR FM NORMAL -14 PTCLDY (SCALE 4-7) 3
TOTAL FM JUL 1 400 CLOUDY (SCALE 8-10) 1
DPTR FM NORMAL -59
[CDD (BASE 65) ]
TOTAL THIS MO. 0
DPTR FM NORMAL -6 [PRESSURE DATA]
TOTAL FM JAN 1 919 HIGHEST SLP 30.59 ON 29
DPTR FM NORMAL 42 LOWEST SLP 29.24 ON 11
[REMARKS]
#FINAL-10-23#