000
CXUS54 KBMX 031526
CLMTCL
CLIMATE REPORT
NATIONAL WEATHER SERVICE BIRMINGHAM AL
1026 AM CDT MON JUL 03 2023
...................................
...THE TUSCALOOSA CLIMATE SUMMARY FOR THE MONTH OF JUNE 2023...
CLIMATE NORMAL PERIOD 1991 TO 2020
CLIMATE RECORD PERIOD 1948 TO 2023
WEATHER OBSERVED NORMAL DEPART LAST YEAR`S
VALUE DATE(S) VALUE FROM VALUE DATE(S)
NORMAL
................................................................
TEMPERATURE (F)
RECORD
HIGH 105 06/29/2012
06/27/1954
06/28/1952
LOW 45 06/01/1984
06/03/1956
HIGHEST 96 06/30 MM MM 101 06/22
06/23
LOWEST 61 06/04 MM MM 63 06/04
AVG. MAXIMUM 88.7 89.2 -0.5 93.6
AVG. MINIMUM 66.9 69.0 -2.1 70.7
MEAN 77.8 82.2
DAYS MAX >= 90 14 17.6 -3.6 24
DAYS MAX <= 32 0 0.0 0.0 0
DAYS MIN <= 32 0 0.0 0.0 0
DAYS MIN <= 0 0 0.0 0.0 0
PRECIPITATION (INCHES)
RECORD
MAXIMUM 16.32 2021
MINIMUM 0.48 2012
TOTALS 2.92 4.67 -1.75 4.23
DAILY AVG. 0.10 0.16 -0.06
DAYS >= .01 14 9.9 4.1
DAYS >= .10 10 6.6 3.4
DAYS >= .50 1 3.3 -2.3
DAYS >= 1.00 0 1.4 -1.4
DEGREE DAYS
COOLING TOTAL 390 423 -33 521
SINCE 1/1 759 761 -2 MM
................................................................
WIND (MPH)
AVERAGE WIND SPEED 3.8
HIGHEST WIND SPEED/DIRECTION 26/040 DATE 06/04
HIGHEST GUST SPEED/DIRECTION 36/040 DATE 06/04
AVERAGE RH (PERCENT) 74
WEATHER CONDITIONS. NUMBER OF DAYS WITH
THUNDERSTORM 13 MIXED PRECIP 0
HEAVY RAIN 6 RAIN 7
LIGHT RAIN 17 FREEZING RAIN 0
LT FREEZING RAIN 0 HAIL 0
HEAVY SNOW 0 SNOW 0
LIGHT SNOW 0 SLEET 0
FOG 29 FOG W/VIS <= 1/4 MILE 5
HAZE 9
- INDICATES NEGATIVE NUMBERS.
R INDICATES RECORD WAS SET OR TIED.
MM INDICATES DATA IS MISSING.
T INDICATES TRACE AMOUNT.
$$