000
CXUS54 KEPZ 011030
CF6TCS
PRELIMINARY LOCAL CLIMATOLOGICAL DATA (WS FORM: F-6)
STATION: TRUTH OR CONSEQUENCES
MONTH: AUGUST
YEAR: 2023
LATITUDE: 33 13 N
LONGITUDE: 107 16 W
TEMPERATURE IN F: :PCPN: SNOW: WIND :SUNSHINE: SKY :PK WND
================================================================================
1 2 3 4 5 6A 6B 7 8 9 10 11 12 13 14 15 16 17 18
12Z AVG MX 2MIN
DY MAX MIN AVG DEP HDD CDD WTR SNW DPTH SPD SPD DIR MIN PSBL S-S WX SPD DR
================================================================================
1 96 72 84 4 0 19 0.13 M M 6.9 28 240 M M 2 3 38 240
2 94 67 81 1 0 16 0.00 M M 8.3 25 220 M M 1 34 220
3 96 69 83 3 0 18 0.00 M M 5.8 15 100 M M 0 23 80
4 102 70 86 6 0 21 0.00 M M 6.0 15 250 M M 0 23 180
5 106 75 91 11 0 26 0.00 M M 7.8 16 200 M M 0 23 260
6 104 77 91 11 0 26 0.00 M M 7.3 21 190 M M 0 27 190
7 100 67 84 4 0 19 0.03 M M 10.0 28 40 M M 2 3 40 350
8 97 66 82 3 0 17 T M M 10.7 37 310 M M 1 3 51 300
9 95 70 83 4 0 18 0.11 M M 10.5 24 320 M M 3 3 36 310
10 94 70 82 3 0 17 0.01 M M 10.2 32 300 M M 2 3 45 310
11 91 66 79 0 0 14 0.00 M M 9.2 28 300 M M 2 34 310
12 89 67 78 -1 0 13 0.00 M M 7.9 18 300 M M 2 28 330
13 89 70 80 1 0 15 0.00 M M 5.8 17 330 M M 1 27 320
14 88 65 77 -2 0 12 0.22 M M 8.9 28 150 M M 5 13 36 140
15 90 62 76 -3 0 11 0.00 M M 5.7 17 210 M M 1 22 150
16 95 67 81 2 0 16 0.00 M M 6.6 15 190 M M 0 22 180
17 99 71 85 6 0 20 0.00 M M 7.4 22 130 M M 0 28 190
18 98 70 84 6 0 19 T M M 7.6 20 170 M M 1 28 180
19 96 66 81 3 0 16 0.00 M M 9.0 22 170 M M 0 31 180
20 97 72 85 7 0 20 0.00 M M 12.6 28 130 M M 0 36 130
21 95 75 85 7 0 20 0.00 M M 13.2 25 150 M M 1 3 36 140
22 94 67 81 3 0 16 0.05 M M 9.2 25 110 M M 2 3 35 120
23 76 64 70 -8 0 5 0.18 M M 7.4 28 120 M M 7 13 39 120
24 88 63 76 -2 0 11 0.00 M M 6.1 22 160 M M 4 26 170
25 90 68 79 1 0 14 T M M 8.2 29 210 M M 4 3 40 220
26 90 67 79 2 0 14 0.00 M M 8.3 35 270 M M 4 44 260
27 93 68 81 4 0 16 0.00 M M 7.9 23 290 M M 1 3 29 290
28 94 71 83 6 0 18 0.00 M M 7.2 23 80 M M 1 3 30 90
29 91 69 80 3 0 15 0.00 M M 10.5 18 30 M M 2 26 140
30 94 67 81 4 0 16 0.00 M M 4.9 16 120 M M 0 22 200
31 97 67 82 6 0 17 0.00 M M 7.4 18 140 M M 0 25 120
================================================================================
SM 2918 2125 0 515 0.73 M 254.5 M 49
================================================================================
AV 94.1 68.5 8.2 FASTST M M 2 MAX(MPH)
MISC ----> 37 310 51 300
================================================================================
NOTES:
# LAST OF SEVERAL OCCURRENCES
COLUMN 17 PEAK WIND IN M.P.H.
PRELIMINARY LOCAL CLIMATOLOGICAL DATA (WS FORM: F-6) , PAGE 2
STATION: TRUTH OR CONSEQUENCES
MONTH: AUGUST
YEAR: 2023
LATITUDE: 33 13 N
LONGITUDE: 107 16 W
[TEMPERATURE DATA] [PRECIPITATION DATA] SYMBOLS USED IN COLUMN 16
AVERAGE MONTHLY: 81.3 TOTAL FOR MONTH: 0.73 1 = FOG OR MIST
DPTR FM NORMAL: 2.8 DPTR FM NORMAL: -1.03 2 = FOG REDUCING VISIBILITY
HIGHEST: 106 ON 5 GRTST 24HR 0.22 ON 14-14 TO 1/4 MILE OR LESS
LOWEST: 62 ON 15 3 = THUNDER
SNOW, ICE PELLETS, HAIL 4 = ICE PELLETS
TOTAL MONTH: M 5 = HAIL
GRTST 24HR M ON M 6 = FREEZING RAIN OR DRIZZLE
GRTST DEPTH: M ON M 7 = DUSTSTORM OR SANDSTORM:
VSBY 1/2 MILE OR LESS
8 = SMOKE OR HAZE
[NO. OF DAYS WITH] [WEATHER - DAYS WITH] 9 = BLOWING SNOW
X = TORNADO
MAX 32 OR BELOW: 0 0.01 INCH OR MORE: 7
MAX 90 OR ABOVE: 26 0.10 INCH OR MORE: 4
MIN 32 OR BELOW: 0 0.50 INCH OR MORE: 0
MIN 0 OR BELOW: 0 1.00 INCH OR MORE: 0
[HDD (BASE 65) ]
TOTAL THIS MO. 0 CLEAR (SCALE 0-3) 26
DPTR FM NORMAL 0 PTCLDY (SCALE 4-7) 5
TOTAL FM JUL 1 0 CLOUDY (SCALE 8-10) 0
DPTR FM NORMAL 0
[CDD (BASE 65) ]
TOTAL THIS MO. 515
DPTR FM NORMAL 96 [PRESSURE DATA]
TOTAL FM JAN 1 1791 HIGHEST SLP 30.19 ON 15
DPTR FM NORMAL 242 LOWEST SLP 29.70 ON 6
[REMARKS]
#FINAL-08-23#