000
CXUS54 KFWD 072133
CF6TKI
PRELIMINARY LOCAL CLIMATOLOGICAL DATA (WS FORM: F-6)
STATION: MCKINNEY
MONTH: MARCH
YEAR: 2022
LATITUDE: 33 10 N
LONGITUDE: 96 35 W
TEMPERATURE IN F: :PCPN: SNOW: WIND :SUNSHINE: SKY :PK WND
================================================================================
1 2 3 4 5 6A 6B 7 8 9 10 11 12 13 14 15 16 17 18
12Z AVG MX 2MIN
DY MAX MIN AVG DEP HDD CDD WTR SNW DPTH SPD SPD DIR MIN PSBL S-S WX SPD DR
================================================================================
1 72 31 52 0 13 0 0.00 M M 3.0 12 150 M M 0 17 190
2 77 34 56 3 9 0 0.00 M M 3.9 13 140 M M 0 19 120
3 77 42 60 7 5 0 0.00 M M 4.5 16 150 M M 0 20 150
4 74 47 61 8 4 0 0.00 M M 10.0 21 160 M M 5 18 30 170
5 79 65 72 19 0 7 T M M 15.9 29 180 M M 7 18 39 180
6 78 40 59 5 6 0 0.13 M M 14.3 29 180 M M 8 1 40 180
7 51 35 43 -11 22 0 0.15 M M 12.5 22 340 M M 5 1 34 350
8 48 31 40 -14 25 0 T M M 6.2 20 20 M M 5 25 30
9 59 25 42 -13 23 0 0.00 M M 4.2 14 50 M M 0 18 20 350
10 66 33 50 -5 15 0 0.00 M M 7.3 18 360 M M 0 25 350
11 41 28 35 -20 30 0 0.03 M M 16.9 30 360 M M 7 1 39 360
12 54 22 38 -17 27 0 0.00 M M 5.7 13 180 M M 0 17 310
13 65 30 48 -8 17 0 0.00 M M 13.7 25 180 M M 0 33 180
14 73 49 61 5 4 0 0.11 M M 13.0 25 190 M M 8 3 35 190
15 68 46 57 1 8 0 0.00 M M 8.8 23 10 M M 3 3 29 20
16 76 41 59 2 6 0 0.00 M M 6.9 20 150 M M 0 1 26 160
17 75 53 64 7 1 0 0.03 M M 16.7 31 180 M M 3 3 43 170
18 63 42 53 -4 12 0 0.00 M M 16.3 30 300 M M 5 42 310
19 73 34 54 -3 11 0 0.00 M M 4.8 15 280 M M 0 22 270
20 77 44 61 3 4 0 0.00 M M 11.6 25 180 M M 0 34 180
21 70 53 62 4 3 0 1.92 M M 12.5 29 280 M M 8 138 40 290
22 59 45 52 -6 13 0 0.00 M M 15.9 25 290 M M 6 1 36 280
23 60 41 51 -7 14 0 0.00 M M 15.0 28 310 M M 1 39 310
24 65 33 49 -10 16 0 0.00 M M 6.9 23 310 M M 0 30 320
25 78 35 57 -2 8 0 0.00 M M 2.6 12 360 M M 0 13 30
26 82 48 65 6 0 0 0.00 M M 6.5 16 160 M M 0 23 250
27 85 46 66 6 0 1 0.00 M M 9.5 20 170 M M 1 27 150
28 82 56 69 9 0 4 0.00 M M 14.2 26 180 M M 0 37 180
29 78 66 72 12 0 7 0.00 M M 23.5 36 180 M M 5 51 160
30 74 42 58 -2 7 0 1.42 M M 13.2 31 200 M M 7 13 43 210
31 66 39 53 -7 12 0 0.01 M M 6.7 25 330 M M 3 32 310
================================================================================
SM 2145 1276 315 19 3.80 M 322.7 M 87
================================================================================
AV 69.2 41.2 10.4 FASTST M M 3 MAX(MPH)
MISC ----> 36 180 51 160
================================================================================
NOTES:
# LAST OF SEVERAL OCCURRENCES
COLUMN 17 PEAK WIND IN M.P.H.
PRELIMINARY LOCAL CLIMATOLOGICAL DATA (WS FORM: F-6) , PAGE 2
STATION: MCKINNEY
MONTH: MARCH
YEAR: 2022
LATITUDE: 33 10 N
LONGITUDE: 96 35 W
[TEMPERATURE DATA] [PRECIPITATION DATA] SYMBOLS USED IN COLUMN 16
AVERAGE MONTHLY: 55.2 TOTAL FOR MONTH: 3.80 1 = FOG OR MIST
DPTR FM NORMAL: -1.3 DPTR FM NORMAL: 0.29 2 = FOG REDUCING VISIBILITY
HIGHEST: 85 ON 27 GRTST 24HR 1.92 ON 21-21 TO 1/4 MILE OR LESS
LOWEST: 22 ON 12 3 = THUNDER
SNOW, ICE PELLETS, HAIL 4 = ICE PELLETS
TOTAL MONTH: M 5 = HAIL
GRTST 24HR M ON M 6 = FREEZING RAIN OR DRIZZLE
GRTST DEPTH: M ON M 7 = DUSTSTORM OR SANDSTORM:
VSBY 1/2 MILE OR LESS
8 = SMOKE OR HAZE
[NO. OF DAYS WITH] [WEATHER - DAYS WITH] 9 = BLOWING SNOW
X = TORNADO
MAX 32 OR BELOW: 0 0.01 INCH OR MORE: 8
MAX 90 OR ABOVE: 0 0.10 INCH OR MORE: 5
MIN 32 OR BELOW: 6 0.50 INCH OR MORE: 2
MIN 0 OR BELOW: 0 1.00 INCH OR MORE: 2
[HDD (BASE 65) ]
TOTAL THIS MO. 315 CLEAR (SCALE 0-3) 18
DPTR FM NORMAL 26 PTCLDY (SCALE 4-7) 12
TOTAL FM JUL 1 2066 CLOUDY (SCALE 8-10) 1
DPTR FM NORMAL -305
[CDD (BASE 65) ]
TOTAL THIS MO. 19
DPTR FM NORMAL -6 [PRESSURE DATA]
TOTAL FM JAN 1 23 HIGHEST SLP 30.54 ON 12
DPTR FM NORMAL -10 LOWEST SLP 29.42 ON 30
[REMARKS]
#FINAL-03-22#