000
CXUS51 KCLE 010800
CF6TOL
PRELIMINARY LOCAL CLIMATOLOGICAL DATA (WS FORM: F-6)
STATION: TOLEDO OH
MONTH: APRIL
YEAR: 2021
LATITUDE: 41 35 N
LONGITUDE: 83 48 W
TEMPERATURE IN F: :PCPN: SNOW: WIND :SUNSHINE: SKY :PK WND
================================================================================
1 2 3 4 5 6A 6B 7 8 9 10 11 12 13 14 15 16 17 18
12Z AVG MX 2MIN
DY MAX MIN AVG DEP HDD CDD WTR SNW DPTH SPD SPD DIR MIN PSBL S-S WX SPD DR
================================================================================
1 37 25 31 -13 34 0 0.02 0.2 0 10.0 22 330 M M 6 1 27 310
2 48 23 36 -8 29 0 0.00 0.0 0 5.5 14 320 M M 0 19 350
3 66 28 47 2 18 0 0.00 0.0 0 12.0 25 240 M M 3 8 34 240
4 72 37 55 10 10 0 0.00 0.0 0 3.7 13 80 M M 0 16 90
5 70 45 58 13 7 0 0.13 0.0 0 4.6 21 20 M M 2 1 27 330
6 81 41 61 15 4 0 0.00 0.0 0 4.1 20 260 M M 1 18 23 260
7 84 55 70 24 0 5 0.00 0.0 0 6.0 17 200 M M 4 23 240
8 79 56 68 21 0 3 0.24 0.0 0 6.6 18 240 M M 6 3 24 180
9 79 56 68 21 0 3 0.00 0.0 0 10.4 28 190 M M 4 41 210
10 80 51 66 19 0 1 0.94 0.0 0 5.5 22 260 M M 4 1 30 170
11 58 48 53 5 12 0 0.33 0.0 0 6.0 18 190 M M 9 1 25 180
12 66 47 57 9 8 0 T 0.0 0 7.1 22 260 M M 7 12 28 260
13 67 40 54 6 11 0 0.00 0.0 0 9.4 24 260 M M 0 32 220
14 60 37 49 0 16 0 0.00 0.0 0 9.2 22 250 M M 4 28 260
15 51 34 43 -6 22 0 T 0.0 0 11.9 23 290 M M 8 31 280
16 61 42 52 2 13 0 0.00 0.0 0 9.2 16 290 M M 7 32 300
17 59 38 49 -1 16 0 0.00 0.0 0 4.6 13 60 M M 6 18 16 340
18 64 40 52 2 13 0 0.00 0.0 0 4.2 14 310 M M 4 17 330
19 68 41 55 4 10 0 T 0.0 0 11.9 29 250 M M 7 38 250
20 43 33 38 -13 27 0 0.48 4.7 0 7.3 15 350 M M 10 12 19 270
21 43 30 37 -15 28 0 0.04 0.3 5 9.4 18 240 M M 6 158 24 280
22 52 27 40 -12 25 0 0.00 0.0 0 8.3 22 270 M M 3 28 280
23 63 31 47 -5 18 0 0.00 0.0 0 10.2 22 240 M M 1 30 240
24 61 37 49 -4 16 0 0.08 0.0 0 2.4 12 180 M M 8 12 17 200
25 57 42 50 -3 15 0 0.00 0.0 0 7.9 20 320 M M 5 128 25 290
26 63 39 51 -2 14 0 0.00 0.0 0 10.5 20 90 M M 2 24 90
27 86 45 66 12 0 1 0.00 0.0 0 11.3 24 230 M M 0 34 230
28 77 63 70 16 0 5 0.28 0.0 0 11.0 22 240 M M 4 138 28 240
29 63 49 56 2 9 0 0.27 0.0 0 8.5 14 270 M M 9 1 18 260
30 58 42 50 -5 15 0 0.00 0.0 0 12.1 25 320 M M 3 31 320
================================================================================
SM 1916 1222 390 18 2.81 5.2 240.8 M 133
================================================================================
AV 63.9 40.7 8.0 FASTST M M 4 MAX(MPH)
MISC ----> 29 250 41 210
================================================================================
NOTES:
# LAST OF SEVERAL OCCURRENCES
COLUMN 17 PEAK WIND IN M.P.H.
PRELIMINARY LOCAL CLIMATOLOGICAL DATA (WS FORM: F-6) , PAGE 2
STATION: TOLEDO OH
MONTH: APRIL
YEAR: 2021
LATITUDE: 41 35 N
LONGITUDE: 83 48 W
[TEMPERATURE DATA] [PRECIPITATION DATA] SYMBOLS USED IN COLUMN 16
AVERAGE MONTHLY: 52.3 TOTAL FOR MONTH: 2.81 1 = FOG OR MIST
DPTR FM NORMAL: 2.9 DPTR FM NORMAL: -0.38 2 = FOG REDUCING VISIBILITY
HIGHEST: 86 ON 27 GRTST 24HR 1.15 ON 10-11 TO 1/4 MILE OR LESS
LOWEST: 23 ON 2 3 = THUNDER
SNOW, ICE PELLETS, HAIL 4 = ICE PELLETS
TOTAL MONTH: 5.2 INCHES 5 = HAIL
GRTST 24HR 4.7 ON 20-20 6 = FREEZING RAIN OR DRIZZLE
GRTST DEPTH: 5 ON 21 7 = DUSTSTORM OR SANDSTORM:
VSBY 1/2 MILE OR LESS
8 = SMOKE OR HAZE
[NO. OF DAYS WITH] [WEATHER - DAYS WITH] 9 = BLOWING SNOW
X = TORNADO
MAX 32 OR BELOW: 0 0.01 INCH OR MORE: 10
MAX 90 OR ABOVE: 0 0.10 INCH OR MORE: 7
MIN 32 OR BELOW: 6 0.50 INCH OR MORE: 1
MIN 0 OR BELOW: 0 1.00 INCH OR MORE: 0
[HDD (BASE 65) ]
TOTAL THIS MO. 390 CLEAR (SCALE 0-3) 10
DPTR FM NORMAL -86 PTCLDY (SCALE 4-7) 16
TOTAL FM JUL 1 5151 CLOUDY (SCALE 8-10) 4
DPTR FM NORMAL -751
[CDD (BASE 65) ]
TOTAL THIS MO. 18
DPTR FM NORMAL 10 [PRESSURE DATA]
TOTAL FM JAN 1 18 HIGHEST SLP 30.58 ON 2
DPTR FM NORMAL 10 LOWEST SLP 29.37 ON 11
[REMARKS]
#FINAL-04-21#