000
CXUS55 KCYS 031132 CCA
CF6TOR
PRELIMINARY LOCAL CLIMATOLOGICAL DATA (WS FORM: F-6)...CORRECTED
STATION: TORRINGTON WY AIRPORT
MONTH: AUGUST
YEAR: 2022
LATITUDE: 42 3 N
LONGITUDE: 104 9 W
TEMPERATURE IN F: :PCPN: SNOW: WIND :SUNSHINE: SKY :PK WND
================================================================================
1 2 3 4 5 6A 6B 7 8 9 10 11 12 13 14 15 16 17 18
12Z AVG MX 2MIN
DY MAX MIN AVG DEP HDD CDD WTR SNW DPTH SPD SPD DIR MIN PSBL S-S WX SPD DR
================================================================================
1 102 58 80 6 0 15 0.00 M M 5.8 14 120 M M 0 19 130
2 96 60 78 4 0 13 T M M 9.5 25 300 M M 1 35 290
3 92 60 76 2 0 11 0.04 M M 8.1 15 120 M M 0 20 160
4 102 63 83 9 0 18 0.00 M M 9.6 21 260 M M 0 30 230
5 104 69 87 13 0 22 T M M 8.0 31 260 M M 2 3 46 260
6 85 64 75 1 0 10 T M M 12.2 24 110 M M 3 34 110
7 86 62 74 0 0 9 0.00 M M 9.1 21 20 M M 2 29 10
8 95 57 76 2 0 11 0.00 M M 8.8 18 140 M M 0 23 130
9 99 60 80 7 0 15 0.00 M M 6.6 14 90 M M 1 25 80
10 99 63 81 8 0 16 0.00 M M 10.0 23 150 M M 0 32 160
11 100 64 82 9 0 17 0.00 M M 10.9 23 260 M M 0 38 260
12 98 65 82 9 0 17 0.35 M M 9.0 36 10 M M 1 3 46 300
13 91 64 78 5 0 13 0.14 M M 9.5 25 10 M M 5 3 30 10
14 92 64 78 6 0 13 0.36 M M 6.9 39 250 M M 3 3 53 260
15 84 61 73 1 0 8 0.01 M M 8.4 26 50 M M 4 3 33 40
16 87 58 73 1 0 8 0.00 M M 5.8 12 100 M M 1 M M
17 89 57 73 1 0 8 0.00 M M 7.1 24 60 M M 3 12 33 60
18 91 54 73 1 0 8 0.00 M M 7.4 17 360 M M 0 26 10
19 84 57 71 0 0 6 0.00 M M 6.8 15 350 M M 2 21 20
20 86 49 68 -3 0 3 0.00 M M 9.1 22 120 M M 0 29 110
21 91 56 74 3 0 9 0.00 M M 8.6 18 160 M M 1 23 130
22 93 56 75 4 0 10 0.00 M M 5.7 13 140 M M 1 18 130
23 93 57 75 5 0 10 0.00 M M 7.2 22 50 M M 0 29 50
24 89 58 74 4 0 9 0.00 M M 8.5 32 40 M M 0 44 40
25 86 54 70 0 0 5 T M M 6.2 26 220 M M 1 8 35 220
26 87 60 74 4 0 9 0.00 M M 6.6 28 200 M M 3 1 34 190
27 94 52 73 4 0 8 0.00 M M 6.6 16 250 M M 0 25 260
28 88 58 73 4 0 8 0.00 M M 11.9 25 260 M M 0 39 260
29 86 51 69 0 0 4 0.00 M M 5.4 12 30 M M 0 14 80
30 96 53 75 6 0 10 0.00 M M 5.7 13 90 M M 0 30 70
31 91 57 74 6 0 9 0.00 M M 8.4 20 70 M M 0 29 80
================================================================================
SM 2856 1821 0 332 0.90 M 249.4 M 34
================================================================================
AV 92.1 58.7 8.0 FASTST M M 1 MAX(MPH)
MISC ----> 39 250 53 260
================================================================================
NOTES:
# LAST OF SEVERAL OCCURRENCES
COLUMN 17 PEAK WIND IN M.P.H.
PRELIMINARY LOCAL CLIMATOLOGICAL DATA (WS FORM: F-6) , PAGE 2
STATION: TORRINGTON WY AIRPORT
MONTH: AUGUST
YEAR: 2022
LATITUDE: 42 3 N
LONGITUDE: 104 9 W
[TEMPERATURE DATA] [PRECIPITATION DATA] SYMBOLS USED IN COLUMN 16
AVERAGE MONTHLY: 75.4 TOTAL FOR MONTH: 0.90 1 = FOG OR MIST
DPTR FM NORMAL: 3.6 DPTR FM NORMAL: -0.07 2 = FOG REDUCING VISIBILITY
HIGHEST: 104 ON 5 GRTST 24HR 0.49 ON 12-13 TO 1/4 MILE OR LESS
LOWEST: 49 ON 20 3 = THUNDER
SNOW, ICE PELLETS, HAIL 4 = ICE PELLETS
TOTAL MONTH: M 5 = HAIL
GRTST 24HR M ON M 6 = FREEZING RAIN OR DRIZZLE
GRTST DEPTH: M ON M 7 = DUSTSTORM OR SANDSTORM:
VSBY 1/2 MILE OR LESS
8 = SMOKE OR HAZE
[NO. OF DAYS WITH] [WEATHER - DAYS WITH] 9 = BLOWING SNOW
X = TORNADO
MAX 32 OR BELOW: 0 0.01 INCH OR MORE: 5
MAX 90 OR ABOVE: 19 0.10 INCH OR MORE: 3
MIN 32 OR BELOW: 0 0.50 INCH OR MORE: 0
MIN 0 OR BELOW: 0 1.00 INCH OR MORE: 0
[HDD (BASE 65) ]
TOTAL THIS MO. 0 CLEAR (SCALE 0-3) 28
DPTR FM NORMAL -15 PTCLDY (SCALE 4-7) 3
TOTAL FM JUL 1 0 CLOUDY (SCALE 8-10) 0
DPTR FM NORMAL -15
[CDD (BASE 65) ]
TOTAL THIS MO. 332
DPTR FM NORMAL 107 [PRESSURE DATA]
TOTAL FM JAN 1 895 HIGHEST SLP 30.15 ON 30
DPTR FM NORMAL 231 LOWEST SLP 29.52 ON 27
[REMARKS]
AUGUST 16...PEAK WIND SPD/DIR MISSING.
#FINAL-08-22#