000
CXUS55 KCYS 171345
CF6TOR
PRELIMINARY LOCAL CLIMATOLOGICAL DATA (WS FORM: F-6)...CORRECTED
STATION: TORRINGTON WY AIRPORT
MONTH: NOVEMBER
YEAR: 2021
LATITUDE: 42 3 N
LONGITUDE: 104 9 W
TEMPERATURE IN F: :PCPN: SNOW: WIND :SUNSHINE: SKY :PK WND
================================================================================
1 2 3 4 5 6A 6B 7 8 9 10 11 12 13 14 15 16 17 18
12Z AVG MX 2MIN
DY MAX MIN AVG DEP HDD CDD WTR SNW DPTH SPD SPD DIR MIN PSBL S-S WX SPD DR
================================================================================
1 35 M M M M M M M M 6.0 13 100 M M 10 1 18 100
2 45 31 38 -4 27 0 0.00 M M 6.4 13 110 M M 10 17 120
3 60 31 46 5 19 0 0.00 M M 6.1 13 290 M M 5 12 17 280
4 69 28 49 8 16 0 0.00 M M 2.7 10 110 M M 0 12 120
5 70 35 53 13 12 0 0.00 M M 9.6 28 300 M M 0 39 310
6 73 33 53 13 12 0 0.00 M M 5.7 10 110 M M 0 13 240
7 75 32 54 14 11 0 0.00 M M 7.2 23 30 M M 0 31 40
8 52 31 42 3 23 0 0.00 M M 7.2 15 140 M M 0 20 150
9 59 26 43 4 22 0 0.00 M M 8.7 20 140 M M 1 27 130
10 49 34 42 3 23 0 0.08 M M 11.2 24 290 M M 6 36 340
11 44 31 38 0 27 0 0.00 M M 18.6 29 300 M M 7 42 330
12 49 29 39 1 26 0 0.00 M M 13.2 26 310 M M 4 37 330
13 67 31 49 11 16 0 0.00 M M 10.6 31 10 M M 2 45 10
14 M M M M M M 0.00 M M M M M M M M M M
15 72 47 60 23 5 0 0.00 M M 14.2 28 290 M M 0 42 280
16 66 27 47 11 18 0 0.00 M M 17.1 39 280 M M 2 59 270
17 39 13 26 -10 39 0 0.00 M M 10.0 24 320 M M 2 37 340
18 53 6 30 -6 35 0 0.00 M M 8.2 23 180 M M 0 28 180
19 66 29 48 13 17 0 T M M 9.9 28 280 M M 3 40 280
20 54 34 44 9 21 0 0.02 M M 7.8 25 320 M M 3 8 32 320
21 49 25 37 3 28 0 0.00 M M 4.9 14 310 M M 1 19 320
22 65 27 46 12 19 0 0.00 M M 7.4 18 290 M M 0 24 280
23 67 27 47 13 18 0 0.00 M M 12.4 31 240 M M 0 44 270
24 47 18 33 0 32 0 T M M 11.4 26 320 M M 3 39 330
25 55 10 33 0 32 0 0.00 M M 13.8 29 280 M M 0 40 270
26 63 42 53 21 12 0 0.00 M M 14.2 29 280 M M 0 40 290
27 52 25 39 7 26 0 0.00 M M 6.6 15 360 M M 1 24 330
28 66 20 43 11 22 0 0.00 M M 6.5 22 280 M M 0 30 280
29 68 36 52 20 13 0 0.00 M M 8.7 21 280 M M 0 30 290
30 61 30 46 15 19 0 0.00 M M 9.2 22 270 M M 0 32 260
================================================================================
SM 1690 788 590 0 0.10 M 275.5 M 60
================================================================================
AV 58.3 28.1 9.5 FASTST M M 2 MAX(MPH)
MISC ----> 39 280 59 270
================================================================================
NOTES:
# LAST OF SEVERAL OCCURRENCES
COLUMN 17 PEAK WIND IN M.P.H.
PRELIMINARY LOCAL CLIMATOLOGICAL DATA (WS FORM: F-6) , PAGE 2
STATION: TORRINGTON WY AIRPORT
MONTH: NOVEMBER
YEAR: 2021
LATITUDE: 42 3 N
LONGITUDE: 104 9 W
[TEMPERATURE DATA] [PRECIPITATION DATA] SYMBOLS USED IN COLUMN 16
AVERAGE MONTHLY: 43.2 TOTAL FOR MONTH: 0.10 1 = FOG OR MIST
DPTR FM NORMAL: 6.7 DPTR FM NORMAL: -0.16 2 = FOG REDUCING VISIBILITY
HIGHEST: 75 ON 7 GRTST 24HR 0.08 ON 10-10 TO 1/4 MILE OR LESS
LOWEST: 6 ON 18 3 = THUNDER
SNOW, ICE PELLETS, HAIL 4 = ICE PELLETS
TOTAL MONTH: M 5 = HAIL
GRTST 24HR M ON M 6 = FREEZING RAIN OR DRIZZLE
GRTST DEPTH: M ON M 7 = DUSTSTORM OR SANDSTORM:
VSBY 1/2 MILE OR LESS
8 = SMOKE OR HAZE
[NO. OF DAYS WITH] [WEATHER - DAYS WITH] 9 = BLOWING SNOW
X = TORNADO
MAX 32 OR BELOW: 0 0.01 INCH OR MORE: 2
MAX 90 OR ABOVE: 0 0.10 INCH OR MORE: 0
MIN 32 OR BELOW: 21 0.50 INCH OR MORE: 0
MIN 0 OR BELOW: 0 1.00 INCH OR MORE: 0
[HDD (BASE 65) ]
TOTAL THIS MO. 590 CLEAR (SCALE 0-3) 23
DPTR FM NORMAL -265 PTCLDY (SCALE 4-7) 4
TOTAL FM JUL 1 1024 CLOUDY (SCALE 8-10) 3
DPTR FM NORMAL -518
[CDD (BASE 65) ]
TOTAL THIS MO. 0
DPTR FM NORMAL 0 [PRESSURE DATA]
TOTAL FM JAN 1 951 HIGHEST SLP 30.52 ON 25
DPTR FM NORMAL 226 LOWEST SLP 29.54 ON 16
[REMARKS]
NOVEMBER 1...MISSING MINIMUM TEMPERATURE AND PRECIPITATION
NOVEMBER 14...MISSING TEMPERATURES, SKY AND WINDS
#FINAL-11-21#