388
CXUS55 KCYS 111737
CF6TOR
PRELIMINARY LOCAL CLIMATOLOGICAL DATA (WS FORM: F-6)
STATION: TORRINGTON WY AIRPORT
MONTH: AUGUST
YEAR: 2020
LATITUDE: 42 3 N
LONGITUDE: 104 9 W
TEMPERATURE IN F: :PCPN: SNOW: WIND :SUNSHINE: SKY :PK WND
================================================================================
1 2 3 4 5 6A 6B 7 8 9 10 11 12 13 14 15 16 17 18
12Z AVG MX 2MIN
DY MAX MIN AVG DEP HDD CDD WTR SNW DPTH SPD SPD DIR MIN PSBL S-S WX SPD DR
================================================================================
1 88 56 72 -2 0 7 0.00 M M 6.6 14 100 M M 1 20 100
2 83 58 71 -3 0 6 0.00 M M 12.1 20 100 M M 3 26 120
3 89 56 73 -1 0 8 T M M 11.1 31 120 M M 0 1 42 120
4 89 57 73 -1 0 8 T M M 7.2 23 170 M M 1 13 39 160
5 91 56 74 0 0 9 T M M 8.6 22 220 M M 0 13 30 220
6 94 58 76 2 0 11 0.00 M M 7.8 29 140 M M 0 1 39 130
7 100 57 79 5 0 14 0.00 M M 8.4 25 190 M M 0 8 36 180
8 92 59 76 3 0 11 0.00 M M 9.1 18 100 M M 0 25 80
9 98 55 77 4 0 12 0.00 M M 9.4 23 70 M M 0 31 60
10 85 56 71 -2 0 6 0.00 M M 7.9 17 110 M M 1 8 22 150
11 97 61 79 6 0 14 0.00 M M 10.0 31 190 M M 0 18 39 180
12 96 60 78 5 0 13 0.00 M M 11.9 25 190 M M 0 8 34 180
13 98 56 77 5 0 12 0.00 M M 5.1 17 330 M M 0 25 330
14 86 59 73 1 0 8 0.00 M M 8.1 24 340 M M 0 39 340
15 94 55 75 3 0 10 0.00 M M 6.9 14 30 M M 0 23 280
16 95 54 75 3 0 10 0.00 M M 7.3 15 140 M M 0 23 90
17 97 58 78 6 0 13 T M M 7.9 28 30 M M 0 8 42 80
18 100 57 79 8 0 14 0.00 M M 6.4 23 230 M M 0 36 230
19 95 62 79 8 0 14 T M M 6.3 32 270 M M 0 38 45 260
20 95 58 77 6 0 12 0.00 M M 6.2 21 290 M M 0 8 29 290
21 95 56 76 5 0 11 0.00 M M 6.1 14 70 M M 0 18 18 60
22 94 58 76 6 0 11 0.00 M M 6.0 13 170 M M 0 8 16 170
23 100 62 81 11 0 16 0.00 M M 9.2 21 200 M M 0 8 29 200
24 99 62 81 11 0 16 T M M 8.0 18 110 M M 0 8 23 100
25 102 60 81 11 0 16 0.00 M M 5.8 24 210 M M 0 8 32 210
26 96 65 81 12 0 16 0.00 M M 7.7 17 300 M M 0 8 23 310
27 98 60 79 10 0 14 0.00 M M 8.1 21 200 M M 0 18 28 200
28 85 58 72 4 0 7 0.00 M M 11.1 21 360 M M 0 8 30 340
29 84 52 68 0 0 3 T M M 9.7 24 160 M M 0 31 170
30 93 54 74 6 0 9 0.00 M M 13.5 33 30 M M 1 8 44 20
31 77 44 61 -6 4 0 0.00 M M 10.6 29 10 M M 3 36 360
================================================================================
SM 2885 1779 4 331 T M 260.1 M 10
================================================================================
AV 93.1 57.4 8.4 FASTST M M 0 MAX(MPH)
MISC ----> # 33 30 # 45 260
================================================================================
NOTES:
# LAST OF SEVERAL OCCURRENCES
COLUMN 17 PEAK WIND IN M.P.H.
PRELIMINARY LOCAL CLIMATOLOGICAL DATA (WS FORM: F-6) , PAGE 2
STATION: TORRINGTON WY AIRPORT
MONTH: AUGUST
YEAR: 2020
LATITUDE: 42 3 N
LONGITUDE: 104 9 W
[TEMPERATURE DATA] [PRECIPITATION DATA] SYMBOLS USED IN COLUMN 16
AVERAGE MONTHLY: 75.2 TOTAL FOR MONTH: T 1 = FOG OR MIST
DPTR FM NORMAL: 3.7 DPTR FM NORMAL: -1.27 2 = FOG REDUCING VISIBILITY
HIGHEST: 102 ON 25 GRTST 24HR T ON 29-29 TO 1/4 MILE OR LESS
LOWEST: 44 ON 31 3 = THUNDER
SNOW, ICE PELLETS, HAIL 4 = ICE PELLETS
TOTAL MONTH: M 5 = HAIL
GRTST 24HR M ON M 6 = FREEZING RAIN OR DRIZZLE
GRTST DEPTH: M ON M 7 = DUSTSTORM OR SANDSTORM:
VSBY 1/2 MILE OR LESS
8 = SMOKE OR HAZE
[NO. OF DAYS WITH] [WEATHER - DAYS WITH] 9 = BLOWING SNOW
X = TORNADO
MAX 32 OR BELOW: 0 0.01 INCH OR MORE: 0
MAX 90 OR ABOVE: 22 0.10 INCH OR MORE: 0
MIN 32 OR BELOW: 0 0.50 INCH OR MORE: 0
MIN 0 OR BELOW: 0 1.00 INCH OR MORE: 0
[HDD (BASE 65) ]
TOTAL THIS MO. 4 CLEAR (SCALE 0-3) 30
DPTR FM NORMAL -12 PTCLDY (SCALE 4-7) 1
TOTAL FM JUL 1 4 CLOUDY (SCALE 8-10) 0
DPTR FM NORMAL -18
[CDD (BASE 65) ]
TOTAL THIS MO. 331
DPTR FM NORMAL 114 [PRESSURE DATA]
TOTAL FM JAN 1 877 HIGHEST SLP 30.22 ON 17
DPTR FM NORMAL 244 LOWEST SLP 29.57 ON 30
[REMARKS]
#FINAL-08-20#