000
CXUS52 KTBW 020049
CF6TPA
PRELIMINARY LOCAL CLIMATOLOGICAL DATA (WS FORM: F-6)
STATION: TAMPA
MONTH: MARCH
YEAR: 2022
LATITUDE: 27 58 N
LONGITUDE: 82 32 W
TEMPERATURE IN F: :PCPN: SNOW: WIND :SUNSHINE: SKY :PK WND
================================================================================
1 2 3 4 5 6A 6B 7 8 9 10 11 12 13 14 15 16 17 18
12Z AVG MX 2MIN
DY MAX MIN AVG DEP HDD CDD WTR SNW DPTH SPD SPD DIR MIN PSBL S-S WX SPD DR
================================================================================
1 79 60 70 3 0 5 0.00 0.0 0 7.0 15 320 M M 6 26 260
2 78 58 68 1 0 3 0.00 0.0 0 6.3 16 260 M M 0 31 270
3 83 59 71 4 0 6 0.00 0.0 0 5.7 13 280 M M 3 20 270
4 89 65 77 10 0 12 0.00 0.0 0 5.7 13 340 M M 2 20 110
5 88 64 76 9 0 11 0.00 0.0 0 7.7 16 110 M M 1 27 110
6 89 66 78 11 0 13 0.00 0.0 0 8.0 16 140 M M 1 28 150
7 88 71 80 13 0 15 0.00 0.0 0 6.9 15 150 M M 4 24 150
8 86 74 80 12 0 15 0.00 0.0 0 8.2 17 190 M M 5 22 190
9 86 75 81 13 0 16 0.00 0.0 0 10.7 21 190 M M 7 30 180
10 84 72 78 10 0 13 T 0.0 0 6.9 18 320 M M 9 3 28 290
11 86 72 79 11 0 14 0.00 0.0 0 12.2 21 190 M M 6 30 190
12 79 48 64 -4 1 0 0.41 0.0 0 17.4 28 210 M M 5 138 40 310
13 70 41 56 -12 9 0 0.00 0.0 0 9.4 16 360 M M 1 25 350
14 81 54 68 0 0 3 0.00 0.0 0 8.3 15 110 M M 4 23 130
15 84 67 76 8 0 11 1.04 0.0 0 7.1 24 310 M M 8 13 35 280
16 80 68 74 6 0 9 T 0.0 0 6.2 12 260 M M 7 22 260
17 79 65 72 3 0 7 0.00 0.0 0 4.7 13 180 M M 2 1 18 240
18 87 65 76 7 0 11 0.00 0.0 0 5.6 14 190 M M 1 20 220
19 86 69 78 9 0 13 0.00 0.0 0 7.2 14 190 M M 4 17 180
20 84 65 75 6 0 10 0.00 0.0 0 8.1 15 350 M M 3 22 330
21 85 57 71 2 0 6 0.00 0.0 0 8.0 14 80 M M 1 24 80
22 88 66 77 8 0 12 0.00 0.0 0 8.4 16 130 M M 3 26 130
23 87 73 80 10 0 15 0.00 0.0 0 11.6 23 200 M M 7 36 200
24 77 63 70 0 0 5 1.42 0.0 0 7.8 15 310 M M 10 138 28 290
25 80 62 71 1 0 6 0.00 0.0 0 7.7 17 290 M M 5 30 290
26 81 60 71 1 0 6 0.00 0.0 0 8.6 18 270 M M 0 33 270
27 81 63 72 2 0 7 0.00 0.0 0 8.7 16 320 M M 0 26 300
28 83 67 75 5 0 10 0.00 0.0 0 8.1 15 270 M M 1 26 250
29 86 64 75 5 0 10 0.00 0.0 0 5.0 13 260 M M 0 28 270
30 88 69 79 8 0 14 0.00 0.0 0 10.4 18 170 M M 2 28 140
31 86 73 80 9 0 15 0.04 0.0 0 12.4 24 190 M M 6 34 190
================================================================================
SM 2588 1995 10 293 2.91 0.0 256.0 M 114
================================================================================
AV 83.5 64.4 8.3 FASTST M M 4 MAX(MPH)
MISC ----> 28 210 40 310
================================================================================
NOTES:
# LAST OF SEVERAL OCCURRENCES
COLUMN 17 PEAK WIND IN M.P.H.
PRELIMINARY LOCAL CLIMATOLOGICAL DATA (WS FORM: F-6) , PAGE 2
STATION: TAMPA
MONTH: MARCH
YEAR: 2022
LATITUDE: 27 58 N
LONGITUDE: 82 32 W
[TEMPERATURE DATA] [PRECIPITATION DATA] SYMBOLS USED IN COLUMN 16
AVERAGE MONTHLY: 73.9 TOTAL FOR MONTH: 2.91 1 = FOG OR MIST
DPTR FM NORMAL: 5.3 DPTR FM NORMAL: 0.39 2 = FOG REDUCING VISIBILITY
HIGHEST: 89 ON 4, 6 GRTST 24HR 1.42 ON 24-24 TO 1/4 MILE OR LESS
LOWEST: 41 ON 13 3 = THUNDER
SNOW, ICE PELLETS, HAIL 4 = ICE PELLETS
TOTAL MONTH: 0.0 INCH 5 = HAIL
GRTST 24HR 0.0 6 = FREEZING RAIN OR DRIZZLE
GRTST DEPTH: 0 7 = DUSTSTORM OR SANDSTORM:
VSBY 1/2 MILE OR LESS
8 = SMOKE OR HAZE
[NO. OF DAYS WITH] [WEATHER - DAYS WITH] 9 = BLOWING SNOW
X = TORNADO
MAX 32 OR BELOW: 0 0.01 INCH OR MORE: 4
MAX 90 OR ABOVE: 0 0.10 INCH OR MORE: 3
MIN 32 OR BELOW: 0 0.50 INCH OR MORE: 2
MIN 0 OR BELOW: 0 1.00 INCH OR MORE: 2
[HDD (BASE 65) ]
TOTAL THIS MO. 10 CLEAR (SCALE 0-3) 14
DPTR FM NORMAL -34 PTCLDY (SCALE 4-7) 15
TOTAL FM JUL 1 218 CLOUDY (SCALE 8-10) 2
DPTR FM NORMAL -211
[CDD (BASE 65) ]
TOTAL THIS MO. 293
DPTR FM NORMAL 139 [PRESSURE DATA]
TOTAL FM JAN 1 511 HIGHEST SLP 30.41 ON 13
DPTR FM NORMAL 215 LOWEST SLP 29.79 ON 12
[REMARKS]
#FINAL-03-22#