000
CXUS54 KFWD 010831
CF6TPL
PRELIMINARY LOCAL CLIMATOLOGICAL DATA (WS FORM: F-6)
STATION: TEMPLE
MONTH: JANUARY
YEAR: 2023
LATITUDE: 31 8 N
LONGITUDE: 97 25 W
TEMPERATURE IN F: :PCPN: SNOW: WIND :SUNSHINE: SKY :PK WND
================================================================================
1 2 3 4 5 6A 6B 7 8 9 10 11 12 13 14 15 16 17 18
12Z AVG MX 2MIN
DY MAX MIN AVG DEP HDD CDD WTR SNW DPTH SPD SPD DIR MIN PSBL S-S WX SPD DR
================================================================================
1 78 49 64 17 1 0 0.00 M M 12.3 20 180 M M 1 25 170
2 80 61 71 24 0 6 0.00 M M 14.7 24 170 M M 7 35 180
3 73 53 63 16 2 0 0.00 M M 7.5 17 280 M M 3 23 280
4 69 40 55 8 10 0 0.00 M M 9.3 22 260 M M 0 28 260
5 66 31 49 2 16 0 0.00 M M 5.0 9 330 M M 0 M M
6 73 39 56 9 9 0 0.00 M M 10.4 22 170 M M 3 31 170
7 69 54 62 15 3 0 0.00 M M 7.9 15 350 M M 9 20 340
8 65 40 53 6 12 0 0.00 M M 8.5 14 340 M M 2 21 340
9 71 33 52 5 13 0 0.00 M M 7.1 15 180 M M 0 M M
10 84 48 66 19 0 1 0.00 M M 10.5 15 170 M M 2 24 190
11 79 52 66 19 0 1 0.00 M M 11.9 23 180 M M 0 30 170
12 68 40 54 7 11 0 0.00 M M 14.3 22 310 M M 0 32 330
13 61 33 47 0 18 0 0.00 M M 6.0 13 340 M M 0 M M
14 64 29 47 0 18 0 0.00 M M 8.9 21 150 M M 0 25 150
15 73 42 58 11 7 0 0.00 M M 17.7 32 180 M M 0 41 170
16 78 55 67 20 0 2 0.00 M M 11.1 18 180 M M 2 25 180
17 83 46 65 18 0 0 0.00 M M 5.8 17 130 M M 0 M M
18 75 50 63 16 2 0 0.03 M M 10.9 22 290 M M 5 30 280
19 64 40 52 5 13 0 0.00 M M 7.0 15 330 M M 0 21 350
20 56 37 47 0 18 0 0.00 M M 7.0 12 100 M M 8 M M
21 63 39 51 4 14 0 0.00 M M 4.5 12 120 M M 6 M M
22 59 32 46 -2 19 0 0.00 M M 9.7 17 310 M M 0 23 310
23 57 27 42 -6 23 0 0.00 M M 7.3 16 80 M M 4 M M
24 48 40 44 -4 21 0 0.64 M M 12.8 24 310 M M 10 3 35 300
25 51 32 42 -6 23 0 0.00 M M 11.7 18 300 M M 5 24 320
26 56 27 42 -6 23 0 0.00 M M 4.7 9 290 M M 0 M M
27 61 29 45 -3 20 0 0.00 M M 9.4 21 170 M M 1 26 200
28 61 47 54 6 11 0 0.02 M M 8.7 13 170 M M 10 M M
29 64 33 49 1 16 0 0.03 M M 10.4 21 350 M M 9 26 350
30 33 28 31 -17 34 0 0.01 M M 15.2 18 350 M M 10 6 28 350
31 31 27 29 -19 36 0 0.08 M M 14.2 17 340 M M 10 6 25 350
================================================================================
SM 2013 1233 393 10 0.81 M 302.3 M 107
================================================================================
AV 64.9 39.8 9.8 FASTST M M 3 MAX(MPH)
MISC ----> 32 180 41 170
================================================================================
NOTES:
# LAST OF SEVERAL OCCURRENCES
COLUMN 17 PEAK WIND IN M.P.H.
PRELIMINARY LOCAL CLIMATOLOGICAL DATA (WS FORM: F-6) , PAGE 2
STATION: TEMPLE
MONTH: JANUARY
YEAR: 2023
LATITUDE: 31 8 N
LONGITUDE: 97 25 W
[TEMPERATURE DATA] [PRECIPITATION DATA] SYMBOLS USED IN COLUMN 16
AVERAGE MONTHLY: 52.4 TOTAL FOR MONTH: 0.81 1 = FOG OR MIST
DPTR FM NORMAL: 5.1 DPTR FM NORMAL: -1.44 2 = FOG REDUCING VISIBILITY
HIGHEST: 84 ON 10 GRTST 24HR 1.51 ON 24-24 TO 1/4 MILE OR LESS
LOWEST: 27 ON 31,26 3 = THUNDER
SNOW, ICE PELLETS, HAIL 4 = ICE PELLETS
TOTAL MONTH: M 5 = HAIL
GRTST 24HR M ON M 6 = FREEZING RAIN OR DRIZZLE
GRTST DEPTH: M ON M 7 = DUSTSTORM OR SANDSTORM:
VSBY 1/2 MILE OR LESS
8 = SMOKE OR HAZE
[NO. OF DAYS WITH] [WEATHER - DAYS WITH] 9 = BLOWING SNOW
X = TORNADO
MAX 32 OR BELOW: 1 0.01 INCH OR MORE: 6
MAX 90 OR ABOVE: 0 0.10 INCH OR MORE: 1
MIN 32 OR BELOW: 9 0.50 INCH OR MORE: 1
MIN 0 OR BELOW: 0 1.00 INCH OR MORE: 0
[HDD (BASE 65) ]
TOTAL THIS MO. 393 CLEAR (SCALE 0-3) 18
DPTR FM NORMAL -158 PTCLDY (SCALE 4-7) 6
TOTAL FM JUL 1 1211 CLOUDY (SCALE 8-10) 7
DPTR FM NORMAL -193
[CDD (BASE 65) ]
TOTAL THIS MO. 10
DPTR FM NORMAL 8 [PRESSURE DATA]
TOTAL FM JAN 1 10 HIGHEST SLP M ON M
DPTR FM NORMAL 8 LOWEST SLP M ON M
[REMARKS]
#FINAL-01-23#