000
CXUS54 KFWD 010730
CF6TPL
PRELIMINARY LOCAL CLIMATOLOGICAL DATA (WS FORM: F-6)
STATION: TEMPLE
MONTH: MAY
YEAR: 2022
LATITUDE: 31 8 N
LONGITUDE: 97 25 W
TEMPERATURE IN F: :PCPN: SNOW: WIND :SUNSHINE: SKY :PK WND
================================================================================
1 2 3 4 5 6A 6B 7 8 9 10 11 12 13 14 15 16 17 18
12Z AVG MX 2MIN
DY MAX MIN AVG DEP HDD CDD WTR SNW DPTH SPD SPD DIR MIN PSBL S-S WX SPD DR
================================================================================
1 85 64 75 5 0 10 0.01 M M 10.6 17 100 M M 6 22 90
2 87 70 79 9 0 14 0.00 M M 16.4 25 170 M M 8 35 160
3 81 62 72 2 0 7 0.01 M M 10.5 21 160 M M 4 22 350
4 89 63 76 6 0 11 T M M 14.1 25 150 M M 7 31 150
5 84 61 73 2 0 8 1.30 M M 10.2 32 230 M M 5 13 40 240
6 86 55 71 0 0 6 0.00 M M 7.4 14 150 M M 2 12 M M
7 92 72 82 11 0 17 0.00 M M 12.3 21 150 M M 3 1 31 160
8 93 73 83 12 0 18 0.00 M M 18.6 24 160 M M 4 30 180
9 92 75 84 12 0 19 0.00 M M 18.4 23 160 M M 4 30 160
10 91 75 83 11 0 18 0.00 M M 16.0 20 170 M M 6 25 150
11 90 71 81 9 0 16 0.00 M M 12.9 18 150 M M 4 24 150
12 90 69 80 8 0 15 0.00 M M 13.7 18 140 M M 2 8 23 150
13 89 66 78 5 0 13 0.00 M M 12.5 21 150 M M 1 30 330
14 91 69 80 7 0 15 0.00 M M 9.5 16 190 M M 0 8 M M
15 93 68 81 8 0 16 0.00 M M 12.6 18 160 M M 0 23 180
16 93 70 82 9 0 17 0.04 M M 11.5 22 80 M M 0 8 28 80
17 95 69 82 8 0 17 0.00 M M 14.3 21 160 M M 1 30 160
18 95 67 81 7 0 16 0.00 M M 17.6 28 160 M M 1 33 150
19 94 70 82 8 0 17 0.00 M M 20.4 30 160 M M 1 35 160
20 91 74 83 9 0 18 T M M 18.8 28 170 M M 5 3 35 170
21 95 65 80 5 0 15 0.00 M M 13.8 22 170 M M 5 3 41 310
22 80 61 71 -4 0 6 0.02 M M 10.5 18 10 M M 3 3 25 10
23 86 60 73 -2 0 8 0.01 M M 9.2 17 110 M M 7 1 17 130
24 88 61 75 0 0 10 1.27 M M 12.4 20 140 M M 8 13 35 330
25 80 59 70 -6 0 5 0.28 M M 10.7 20 300 M M 3 13 30 100
26 94 57 76 0 0 11 0.00 M M 8.7 17 220 M M 0 8 24 310
27 93 65 79 3 0 14 0.00 M M 5.8 9 110 M M 0 8 M M
28 94 70 82 6 0 17 0.00 M M 14.5 22 170 M M 1 1 28 170
29 94 72 83 7 0 18 0.00 M M 20.4 26 160 M M 3 33 160
30 95 74 85 9 0 20 0.00 M M 21.1 27 150 M M 5 36 160
31 94 75 85 8 0 20 0.00 M M 15.2 22 160 M M 5 28 160
================================================================================
SM 2794 2082 0 432 2.94 M 420.5 M 104
================================================================================
AV 90.1 67.2 13.6 FASTST M M 3 MAX(MPH)
MISC ----> 32 230 41 310
================================================================================
NOTES:
# LAST OF SEVERAL OCCURRENCES
COLUMN 17 PEAK WIND IN M.P.H.
PRELIMINARY LOCAL CLIMATOLOGICAL DATA (WS FORM: F-6) , PAGE 2
STATION: TEMPLE
MONTH: MAY
YEAR: 2022
LATITUDE: 31 8 N
LONGITUDE: 97 25 W
[TEMPERATURE DATA] [PRECIPITATION DATA] SYMBOLS USED IN COLUMN 16
AVERAGE MONTHLY: 78.6 TOTAL FOR MONTH: 2.94 1 = FOG OR MIST
DPTR FM NORMAL: 5.3 DPTR FM NORMAL: -1.31 2 = FOG REDUCING VISIBILITY
HIGHEST: 95 ON 30,21 GRTST 24HR 1.30 ON 5- 5 TO 1/4 MILE OR LESS
LOWEST: 55 ON 6 3 = THUNDER
SNOW, ICE PELLETS, HAIL 4 = ICE PELLETS
TOTAL MONTH: M 5 = HAIL
GRTST 24HR M ON M 6 = FREEZING RAIN OR DRIZZLE
GRTST DEPTH: M ON M 7 = DUSTSTORM OR SANDSTORM:
VSBY 1/2 MILE OR LESS
8 = SMOKE OR HAZE
[NO. OF DAYS WITH] [WEATHER - DAYS WITH] 9 = BLOWING SNOW
X = TORNADO
MAX 32 OR BELOW: 0 0.01 INCH OR MORE: 8
MAX 90 OR ABOVE: 20 0.10 INCH OR MORE: 3
MIN 32 OR BELOW: 0 0.50 INCH OR MORE: 2
MIN 0 OR BELOW: 0 1.00 INCH OR MORE: 2
[HDD (BASE 65) ]
TOTAL THIS MO. 0 CLEAR (SCALE 0-3) 14
DPTR FM NORMAL -13 PTCLDY (SCALE 4-7) 17
TOTAL FM JUL 1 1841 CLOUDY (SCALE 8-10) 0
DPTR FM NORMAL -294
[CDD (BASE 65) ]
TOTAL THIS MO. 432
DPTR FM NORMAL 162 [PRESSURE DATA]
TOTAL FM JAN 1 671 HIGHEST SLP M ON M
DPTR FM NORMAL 256 LOWEST SLP M ON M
[REMARKS]
#FINAL-05-22#