000
CXUS53 KOAX 010930
CF6TQE
PRELIMINARY LOCAL CLIMATOLOGICAL DATA (WS FORM: F-6)
STATION: TEKAMAH NE
MONTH: AUGUST
YEAR: 2021
LATITUDE: 41 46 N
LONGITUDE: 96 11 W
TEMPERATURE IN F: :PCPN: SNOW: WIND :SUNSHINE: SKY :PK WND
================================================================================
1 2 3 4 5 6A 6B 7 8 9 10 11 12 13 14 15 16 17 18
12Z AVG MX 2MIN
DY MAX MIN AVG DEP HDD CDD WTR SNW DPTH SPD SPD DIR MIN PSBL S-S WX SPD DR
================================================================================
1 81 57 69 -6 0 4 0.00 M M 7.3 18 350 M M 2 18 25 340
2 81 53 67 -8 0 2 0.00 M M 2.3 8 150 M M 1 18 11 200
3 81 54 68 -7 0 3 0.00 M M 4.1 10 120 M M 1 12 14 170
4 82 54 68 -7 0 3 0.16 M M 9.1 21 140 M M 3 123 27 140
5 87 66 77 2 0 12 0.13 M M 5.8 22 10 M M 3 13 30 10
6 87 65 76 2 0 11 0.28 M M 9.5 33 10 M M 1 13 48 10
7 84 69 77 3 0 12 0.21 M M 10.6 25 280 M M 2 13 43 270
8 85 65 75 1 0 10 0.06 M M 7.3 26 140 M M 1 1 34 140
9 93 64 79 5 0 14 0.00 M M 5.6 12 150 M M 3 12 15 150
10 89 71 80 6 0 15 0.00 M M 3.9 14 350 M M 0 1 19 350
11 90 64 77 3 0 12 0.00 M M 6.0 15 350 M M 0 1 18 360
12 88 61 75 1 0 10 0.00 M M 8.1 23 10 M M 0 1 33 10
13 86 57 72 -1 0 7 0.01 M M 4.5 15 350 M M 1 21 360
14 85 51 68 -5 0 3 0.00 M M 4.6 13 130 M M 0 17 150
15 85 52 69 -4 0 4 0.00 M M 7.1 17 150 M M 0 23 140
16 87 58 73 0 0 8 0.00 M M 8.3 17 140 M M 1 22 130
17 89 66 78 5 0 13 0.00 M M 8.9 16 160 M M 1 23 150
18 88 64 76 4 0 11 T M M 8.0 18 170 M M 1 1 25 160
19 89 64 77 5 0 12 0.00 M M 8.6 18 140 M M 4 12 25 140
20 89 68 79 7 0 14 0.20 M M 10.3 28 160 M M 6 13 36 160
21 79 55 67 -5 0 2 0.00 M M 8.7 18 340 M M 0 25 330
22 84 55 70 -2 0 5 0.00 M M 8.7 24 140 M M 2 33 140
23 94 66 80 8 0 15 0.00 M M 6.8 13 130 M M 0 1 18 160
24 92 70 81 10 0 16 T M M 6.9 17 200 M M 0 3 24 190
25 93 64 79 8 0 14 0.07 M M 6.2 17 130 M M 1 3 24 20
26 92 69 81 10 0 16 1.15 M M 10.0 26 60 M M 3 13 40 70
27 92 71 82 11 0 17 T M M 8.6 30 180 M M 2 3 46 180
28 92 70 81 11 0 16 0.05 M M 12.7 22 260 M M 2 3 31 180
29 82 59 71 1 0 6 0.19 M M 6.0 17 260 M M 2 13 22 340
30 86 59 73 3 0 8 1.74 M M 6.0 28 10 M M 5 13 37 360
31 81 62 72 2 0 7 0.69 M M 6.4 24 90 M M 4 13 32 80
================================================================================
SM 2693 1923 0 302 4.94 M 226.9 M 52
================================================================================
AV 86.9 62.0 7.3 FASTST M M 2 MAX(MPH)
MISC ----> 33 10 48 10
================================================================================
NOTES:
# LAST OF SEVERAL OCCURRENCES
COLUMN 17 PEAK WIND IN M.P.H.
PRELIMINARY LOCAL CLIMATOLOGICAL DATA (WS FORM: F-6) , PAGE 2
STATION: TEKAMAH NE
MONTH: AUGUST
YEAR: 2021
LATITUDE: 41 46 N
LONGITUDE: 96 11 W
[TEMPERATURE DATA] [PRECIPITATION DATA] SYMBOLS USED IN COLUMN 16
AVERAGE MONTHLY: 74.5 TOTAL FOR MONTH: 4.94 1 = FOG OR MIST
DPTR FM NORMAL: 1.8 DPTR FM NORMAL: 1.47 2 = FOG REDUCING VISIBILITY
HIGHEST: 94 ON 23 GRTST 24HR 2.43 ON 30-31 TO 1/4 MILE OR LESS
LOWEST: 51 ON 14 3 = THUNDER
SNOW, ICE PELLETS, HAIL 4 = ICE PELLETS
TOTAL MONTH: M 5 = HAIL
GRTST 24HR M ON M 6 = FREEZING RAIN OR DRIZZLE
GRTST DEPTH: M ON M 7 = DUSTSTORM OR SANDSTORM:
VSBY 1/2 MILE OR LESS
8 = SMOKE OR HAZE
[NO. OF DAYS WITH] [WEATHER - DAYS WITH] 9 = BLOWING SNOW
X = TORNADO
MAX 32 OR BELOW: 0 0.01 INCH OR MORE: 13
MAX 90 OR ABOVE: 8 0.10 INCH OR MORE: 9
MIN 32 OR BELOW: 0 0.50 INCH OR MORE: 3
MIN 0 OR BELOW: 0 1.00 INCH OR MORE: 2
[HDD (BASE 65) ]
TOTAL THIS MO. 0 CLEAR (SCALE 0-3) 26
DPTR FM NORMAL -8 PTCLDY (SCALE 4-7) 5
TOTAL FM JUL 1 0 CLOUDY (SCALE 8-10) 0
DPTR FM NORMAL -6
[CDD (BASE 65) ]
TOTAL THIS MO. 302
DPTR FM NORMAL 56 [PRESSURE DATA]
TOTAL FM JAN 1 1064 HIGHEST SLP 30.28 ON 14
DPTR FM NORMAL 164 LOWEST SLP 29.62 ON 7
[REMARKS]
#FINAL-08-21#