000
CXUS53 KOAX 011030
CF6TQE
PRELIMINARY LOCAL CLIMATOLOGICAL DATA (WS FORM: F-6)
STATION: TEKAMAH NE
MONTH: JANUARY
YEAR: 2024
LATITUDE: 41 46 N
LONGITUDE: 96 11 W
TEMPERATURE IN F: :PCPN: SNOW: WIND :SUNSHINE: SKY :PK WND
================================================================================
1 2 3 4 5 6A 6B 7 8 9 10 11 12 13 14 15 16 17 18
12Z AVG MX 2MIN
DY MAX MIN AVG DEP HDD CDD WTR SNW DPTH SPD SPD DIR MIN PSBL S-S WX SPD DR
================================================================================
1 35 14 25 3 40 0 0.00 M M 7.7 18 200 M M 0 24 190
2 37 24 31 9 34 0 0.00 M M 8.2 14 320 M M 2 M M
3 30 17 24 2 41 0 0.00 M M 7.6 15 350 M M 6 12 20 10
4 32 26 29 7 36 0 0.00 M M 7.9 13 160 M M 10 1 16 150
5 34 30 32 10 33 0 T M M 5.1 13 150 M M 9 18 14 160
6 33 26 30 8 35 0 T M M 9.2 20 300 M M 10 128 26 310
7 29 23 26 4 39 0 0.00 M M 7.8 17 330 M M 8 21 340
8 34 29 32 10 33 0 0.40 M M 9.7 17 20 M M 10 1 23 20
9 33 4 19 -3 46 0 0.04 M M 19.1 33 350 M M 7 1289 42 350
10 27 6 17 -5 48 0 0.03 M M 8.3 20 140 M M 4 12 24 140
11 24 4 14 -8 51 0 0.01 M M 17.6 29 360 M M 7 128 34 360
12 9 0 5 -17 60 0 0.02 M M 27.2 37 340 M M 10 1289 48 350
13 2 -15 -6 -28 71 0 T M M 23.5 37 330 M M 8 89 46 330
14 -7 -23 -15 -37 80 0 0.00 M M 9.1 18 310 M M 0 22 310
15 -1 -16 -8 -30 73 0 0.00 M M 12.9 24 300 M M 1 8 30 300
16 7 -9 -1 -23 66 0 0.00 M M 11.6 20 240 M M 0 24 260
17 23 1 12 -10 53 0 0.00 M M 5.9 16 250 M M 6 M M
18 22 2 12 -10 53 0 0.02 M M 12.7 28 330 M M 8 1289 35 330
19 4 -6 -1 -23 66 0 0.00 M M 14.1 23 320 M M 0 28 330
20 4 -20 -8 -30 73 0 0.00 M M 7.3 16 140 M M 0 19 140
21 27 -1 13 -9 52 0 0.00 M M 19.0 26 180 M M 0 33 180
22 34 20 27 5 38 0 0.00 M M 10.1 21 180 M M 5 1 25 180
23 35 32 34 12 31 0 0.00 M M 4.3 9 30 M M 10 1 10 40
24 36 33 35 13 30 0 0.00 M M 3.4 8 160 M M 10 12 M M
25 35 33 34 12 31 0 0.00 M M 4.4 10 200 M M 10 1 13 190
26 36 32 34 12 31 0 0.00 M M 7.2 12 320 M M 10 1 14 350
27 36 26 31 9 34 0 0.00 M M 5.7 13 330 M M 6 1 16 320
28 40 20 30 8 35 0 0.00 M M 5.6 10 150 M M 0 11 190
29 48 24 36 14 29 0 0.00 M M 8.0 13 320 M M 2 1 17 310
30 44 28 36 14 29 0 0.00 M M 6.6 13 10 M M 0 1 17 300
31 48 27 38 16 27 0 0.00 M M 6.7 13 180 M M 0 1 14 160
================================================================================
SM 830 391 1398 0 0.52 M 313.5 M 159
================================================================================
AV 26.8 12.6 10.1 FASTST M M 5 MAX(MPH)
MISC ----> # 37 340 48 350
================================================================================
NOTES:
# LAST OF SEVERAL OCCURRENCES
COLUMN 17 PEAK WIND IN M.P.H.
PRELIMINARY LOCAL CLIMATOLOGICAL DATA (WS FORM: F-6) , PAGE 2
STATION: TEKAMAH NE
MONTH: JANUARY
YEAR: 2024
LATITUDE: 41 46 N
LONGITUDE: 96 11 W
[TEMPERATURE DATA] [PRECIPITATION DATA] SYMBOLS USED IN COLUMN 16
AVERAGE MONTHLY: 19.7 TOTAL FOR MONTH: 0.52 1 = FOG OR MIST
DPTR FM NORMAL: -2.2 DPTR FM NORMAL: 0.01 2 = FOG REDUCING VISIBILITY
HIGHEST: 48 ON 31,29 GRTST 24HR 0.63 ON 8- 9 TO 1/4 MILE OR LESS
LOWEST: -23 ON 14 3 = THUNDER
SNOW, ICE PELLETS, HAIL 4 = ICE PELLETS
TOTAL MONTH: M 5 = HAIL
GRTST 24HR M ON M 6 = FREEZING RAIN OR DRIZZLE
GRTST DEPTH: M ON M 7 = DUSTSTORM OR SANDSTORM:
VSBY 1/2 MILE OR LESS
8 = SMOKE OR HAZE
[NO. OF DAYS WITH] [WEATHER - DAYS WITH] 9 = BLOWING SNOW
X = TORNADO
MAX 32 OR BELOW: 15 0.01 INCH OR MORE: 6
MAX 90 OR ABOVE: 0 0.10 INCH OR MORE: 1
MIN 32 OR BELOW: 29 0.50 INCH OR MORE: 0
MIN 0 OR BELOW: 8 1.00 INCH OR MORE: 0
[HDD (BASE 65) ]
TOTAL THIS MO. 1398 CLEAR (SCALE 0-3) 12
DPTR FM NORMAL 62 PTCLDY (SCALE 4-7) 10
TOTAL FM JUL 1 3467 CLOUDY (SCALE 8-10) 9
DPTR FM NORMAL -424
[CDD (BASE 65) ]
TOTAL THIS MO. 0
DPTR FM NORMAL 0 [PRESSURE DATA]
TOTAL FM JAN 1 0 HIGHEST SLP 30.77 ON 20
DPTR FM NORMAL 0 LOWEST SLP 29.38 ON 10
[REMARKS]
#FINAL-01-24#