000
CXUS56 KPQR 011155
CF6TTD
PRELIMINARY LOCAL CLIMATOLOGICAL DATA (WS FORM: F-6)
STATION: TROUTDALE OR
MONTH: AUGUST
YEAR: 2021
LATITUDE: 45 33 N
LONGITUDE: 122 25 W
TEMPERATURE IN F: :PCPN: SNOW: WIND :SUNSHINE: SKY :PK WND
================================================================================
1 2 3 4 5 6A 6B 7 8 9 10 11 12 13 14 15 16 17 18
12Z AVG MX 2MIN
DY MAX MIN AVG DEP HDD CDD WTR SNW DPTH SPD SPD DIR MIN PSBL S-S WX SPD DR
================================================================================
1 91 63 77 6 0 12 0.00 M M 3.5 12 240 M M 1 14 240
2 92 60 76 5 0 11 0.00 M M 4.6 13 250 M M 0 16 250
3 91 63 77 6 0 12 0.00 M M 4.6 12 250 M M 0 15 250
4 96 58 77 6 0 12 0.00 M M 3.3 10 250 M M 0 13 320
5 85 65 75 4 0 10 0.00 M M 3.8 12 320 M M 2 19 320
6 82 65 74 3 0 9 0.07 M M 3.7 9 310 M M 9 18 14 310
7 83 59 71 1 0 6 T M M 3.3 15 310 M M 7 23 310
8 78 58 68 -2 0 3 T M M 4.1 9 320 M M 6 17 310
9 87 55 71 1 0 6 0.00 M M 3.6 12 250 M M 2 16 260
10 94 59 77 7 0 12 0.00 M M 3.4 12 250 M M 0 16 270
11 104 63 84 14 0 19 0.00 M M 3.5 13 240 M M 0 16 250
12 103 67 85 15 0 20 0.00 M M 3.0 9 250 M M 0 8 12 260
13 97 68 83 13 0 18 0.00 M M 1.3 8 250 M M 0 8 10 250
14 92 67 80 10 0 15 0.00 M M 3.4 6 260 M M 0 M M
15 96 65 81 11 0 16 0.00 M M 3.7 12 250 M M M 14 240
16 87 62 75 5 0 10 0.00 M M 5.3 14 320 M M 4 23 310
17 71 60 66 -4 0 1 T M M 3.8 13 230 M M 7 17 210
18 81 56 69 -1 0 4 0.00 M M 3.7 12 320 M M 1 18 310
19 82 61 72 3 0 7 0.00 M M 3.3 13 310 M M 2 20 320
20 73 60 67 -2 0 2 0.01 M M 2.9 8 320 M M 10 18 12 310
21 72 60 66 -3 0 1 T M M 1.5 8 220 M M 9 11 330
22 69 55 62 -7 3 0 0.03 M M 2.7 9 330 M M 9 1 14 320
23 75 46 61 -8 4 0 0.00 M M 3.0 10 250 M M 1 15 250
24 88 47 68 -1 0 3 0.00 M M 3.4 14 100 M M 0 17 100
25 81 52 67 -2 0 2 0.00 M M 3.2 9 260 M M 0 15 310
26 78 60 69 0 0 4 T M M 3.2 10 320 M M 9 18 310
27 74 55 65 -3 0 0 0.00 M M 3.7 9 310 M M 7 14 320
28 89 48 69 1 0 4 0.00 M M 3.5 12 250 M M 0 18 320
29 89 52 71 3 0 6 0.00 M M 4.2 14 310 M M 0 26 320
30 71 52 62 -6 3 0 0.00 M M 4.1 12 240 M M 7 15 250
31 71 52 62 -6 3 0 0.00 M M 3.5 12 320 M M 4 18 320
================================================================================
SM 2622 1813 13 225 0.11 M 107.8 M 97
================================================================================
AV 84.6 58.5 3.5 FASTST M M 3 MAX(MPH)
MISC ----> 15 310 26 320
================================================================================
NOTES:
# LAST OF SEVERAL OCCURRENCES
COLUMN 17 PEAK WIND IN M.P.H.
PRELIMINARY LOCAL CLIMATOLOGICAL DATA (WS FORM: F-6) , PAGE 2
STATION: TROUTDALE OR
MONTH: AUGUST
YEAR: 2021
LATITUDE: 45 33 N
LONGITUDE: 122 25 W
[TEMPERATURE DATA] [PRECIPITATION DATA] SYMBOLS USED IN COLUMN 16
AVERAGE MONTHLY: 71.5 TOTAL FOR MONTH: 0.11 1 = FOG OR MIST
DPTR FM NORMAL: 1.9 DPTR FM NORMAL: -0.52 2 = FOG REDUCING VISIBILITY
HIGHEST: 104 ON 11 GRTST 24HR 0.07 ON 6- 6 TO 1/4 MILE OR LESS
LOWEST: 46 ON 23 3 = THUNDER
SNOW, ICE PELLETS, HAIL 4 = ICE PELLETS
TOTAL MONTH: M 5 = HAIL
GRTST 24HR M ON M 6 = FREEZING RAIN OR DRIZZLE
GRTST DEPTH: M ON M 7 = DUSTSTORM OR SANDSTORM:
VSBY 1/2 MILE OR LESS
8 = SMOKE OR HAZE
[NO. OF DAYS WITH] [WEATHER - DAYS WITH] 9 = BLOWING SNOW
X = TORNADO
MAX 32 OR BELOW: 0 0.01 INCH OR MORE: 3
MAX 90 OR ABOVE: 10 0.10 INCH OR MORE: 0
MIN 32 OR BELOW: 0 0.50 INCH OR MORE: 0
MIN 0 OR BELOW: 0 1.00 INCH OR MORE: 0
[HDD (BASE 65) ]
TOTAL THIS MO. 13 CLEAR (SCALE 0-3) 18
DPTR FM NORMAL 2 PTCLDY (SCALE 4-7) 7
TOTAL FM JUL 1 13 CLOUDY (SCALE 8-10) 6
DPTR FM NORMAL -6
[CDD (BASE 65) ]
TOTAL THIS MO. 225
DPTR FM NORMAL 71 [PRESSURE DATA]
TOTAL FM JAN 1 692 HIGHEST SLP 30.17 ON 18
DPTR FM NORMAL 326 LOWEST SLP 29.81 ON 16
[REMARKS]
#FINAL-08-21#