000
CXUS56 KPQR 011710
CF6TTD
PRELIMINARY LOCAL CLIMATOLOGICAL DATA (WS FORM: F-6)
STATION: TROUTDALE OR
MONTH: NOVEMBER
YEAR: 2020
LATITUDE: 45 33 N
LONGITUDE: 122 25 W
TEMPERATURE IN F: :PCPN: SNOW: WIND :SUNSHINE: SKY :PK WND
================================================================================
1 2 3 4 5 6A 6B 7 8 9 10 11 12 13 14 15 16 17 18
12Z AVG MX 2MIN
DY MAX MIN AVG DEP HDD CDD WTR SNW DPTH SPD SPD DIR MIN PSBL S-S WX SPD DR
================================================================================
1 63 51 57 8 8 0 0.00 M M 20.2 25 90 M M 0 33 80
2 66 49 58 9 7 0 0.00 M M 14.3 25 90 M M 0 32 80
3 58 43 51 2 14 0 0.48 M M 4.6 16 90 M M 6 1 25 80
4 69 57 63 15 2 0 0.02 M M 5.2 17 220 M M 10 1 24 180
5 66 51 59 11 6 0 0.65 M M 6.4 21 220 M M 10 1 25 200
6 53 42 48 0 17 0 0.24 M M 2.9 8 250 M M 10 1 10 320
7 49 36 43 -5 22 0 0.07 M M 4.4 14 230 M M 9 18 21 340
8 45 30 38 -10 27 0 0.00 M M 1.5 8 100 M M 4 1 9 100
9 47 28 38 -9 27 0 T M M 2.1 20 220 M M 8 12 30 240
10 53 44 49 2 16 0 0.05 M M 8.5 25 230 M M 10 1 33 220
11 52 33 43 -4 22 0 T M M 0.7 6 70 M M 6 1 8 330
12 51 32 42 -5 23 0 0.10 M M 5.8 15 80 M M 5 1 19 90
13 55 43 49 3 16 0 0.80 M M 8.8 22 230 M M 8 13 32 220
14 50 43 47 1 18 0 0.63 M M 8.0 21 80 M M 10 1 25 80
15 57 44 51 5 14 0 0.25 M M 6.4 24 240 M M 7 1 32 240
16 53 48 51 5 14 0 0.06 M M 19.2 33 80 M M 6 1 42 80
17 61 44 53 8 12 0 0.05 M M 12.6 29 90 M M 5 38 80
18 54 42 48 3 17 0 0.68 M M 6.7 21 210 M M 9 1 28 210
19 54 45 50 5 15 0 0.21 M M 7.2 18 220 M M 10 1 23 210
20 53 34 44 0 21 0 0.00 M M 3.1 13 110 M M 4 1 17 130
21 48 38 43 -1 22 0 0.00 M M 8.6 26 90 M M 5 1 35 90
22 48 42 45 1 20 0 0.04 M M 11.8 26 90 M M 4 1 34 90
23 51 39 45 1 20 0 0.16 M M 3.1 12 220 M M 8 1 15 220
24 53 37 45 2 20 0 0.30 M M 3.4 23 260 M M 10 1 33 250
25 51 40 46 3 19 0 0.06 M M 5.0 15 220 M M 10 1 18 210
26 51 38 45 2 20 0 T M M 2.1 10 210 M M 9 1 12 220
27 50 34 42 -1 23 0 0.00 M M 2.8 10 80 M M 6 12 13 80
28 49 39 44 2 21 0 0.10 M M 1.5 7 110 M M 10 12 8 120
29 52 39 46 4 19 0 0.00 M M 15.2 23 100 M M 1 12 30 120
30 53 34 44 2 21 0 0.12 M M 7.8 26 90 M M 6 1 34 80
================================================================================
SM 1615 1219 523 0 5.07 M 209.9 M 206
================================================================================
AV 53.8 40.6 7.0 FASTST M M 7 MAX(MPH)
MISC ----> 33 80 42 80
================================================================================
NOTES:
# LAST OF SEVERAL OCCURRENCES
COLUMN 17 PEAK WIND IN M.P.H.
PRELIMINARY LOCAL CLIMATOLOGICAL DATA (WS FORM: F-6) , PAGE 2
STATION: TROUTDALE OR
MONTH: NOVEMBER
YEAR: 2020
LATITUDE: 45 33 N
LONGITUDE: 122 25 W
[TEMPERATURE DATA] [PRECIPITATION DATA] SYMBOLS USED IN COLUMN 16
AVERAGE MONTHLY: 47.2 TOTAL FOR MONTH: 5.07 1 = FOG OR MIST
DPTR FM NORMAL: 1.6 DPTR FM NORMAL: -2.21 2 = FOG REDUCING VISIBILITY
HIGHEST: 69 ON 4 GRTST 24HR 0.86 ON 12-13 TO 1/4 MILE OR LESS
LOWEST: 28 ON 9 3 = THUNDER
SNOW, ICE PELLETS, HAIL 4 = ICE PELLETS
TOTAL MONTH: M 5 = HAIL
GRTST 24HR M ON M 6 = FREEZING RAIN OR DRIZZLE
GRTST DEPTH: M ON M 7 = DUSTSTORM OR SANDSTORM:
VSBY 1/2 MILE OR LESS
8 = SMOKE OR HAZE
[NO. OF DAYS WITH] [WEATHER - DAYS WITH] 9 = BLOWING SNOW
X = TORNADO
MAX 32 OR BELOW: 0 0.01 INCH OR MORE: 20
MAX 90 OR ABOVE: 0 0.10 INCH OR MORE: 13
MIN 32 OR BELOW: 3 0.50 INCH OR MORE: 4
MIN 0 OR BELOW: 0 1.00 INCH OR MORE: 0
[HDD (BASE 65) ]
TOTAL THIS MO. 523 CLEAR (SCALE 0-3) 3
DPTR FM NORMAL -59 PTCLDY (SCALE 4-7) 15
TOTAL FM JUL 1 867 CLOUDY (SCALE 8-10) 12
DPTR FM NORMAL -234
[CDD (BASE 65) ]
TOTAL THIS MO. 0
DPTR FM NORMAL 0 [PRESSURE DATA]
TOTAL FM JAN 1 520 HIGHEST SLP 30.55 ON 30
DPTR FM NORMAL 180 LOWEST SLP 29.33 ON 13
[REMARKS]
#FINAL-11-20#