000
CXUS51 KPHI 071455
CF6TTN
PRELIMINARY LOCAL CLIMATOLOGICAL DATA (WS FORM: F-6)
STATION: TRENTON NJ
MONTH: MAY
YEAR: 2022
LATITUDE: 40 16 N
LONGITUDE: 74 49 W
TEMPERATURE IN F: :PCPN: SNOW: WIND :SUNSHINE: SKY :PK WND
================================================================================
1 2 3 4 5 6A 6B 7 8 9 10 11 12 13 14 15 16 17 18
12Z AVG MX 2MIN
DY MAX MIN AVG DEP HDD CDD WTR SNW DPTH SPD SPD DIR MIN PSBL S-S WX SPD DR
================================================================================
1 71 35 53 -5 12 0 T 0.0 0 4.3 14 210 M M 3 21 260
2 63 49 56 -2 9 0 1.25 0.0 0 5.1 15 300 M M 8 13 22 290
3 68 49 59 1 6 0 0.00 0.0 0 7.8 16 110 M M 5 1 20 130
4 66 49 58 -1 7 0 0.15 0.0 0 3.7 10 110 M M 9 1 13 110
5 72 56 64 5 1 0 0.00 0.0 0 6.1 15 170 M M 5 1 19 180
6 59 47 53 -6 12 0 1.05 0.0 0 7.8 20 90 M M 8 1 27 100
7 50 41 46 -14 19 0 0.97 0.0 0 18.1 36 70 M M 10 1 52 70
8 60 40 50 -10 15 0 0.10 0.0 0 13.2 26 50 M M 9 1 36 60
9 70 45 58 -2 7 0 0.00 0.0 0 12.8 24 50 M M 1 33 70
10 72 48 60 0 5 0 0.00 0.0 0 11.8 23 50 M M 2 32 50
11 73 52 63 2 2 0 0.00 0.0 0 8.5 20 30 M M 4 26 20
12 75 52 64 3 1 0 0.00 0.0 0 7.9 16 70 M M 6 1 22 50
13 72 57 65 4 0 0 0.02 0.0 0 6.6 13 140 M M 10 1 16 50
14 68 60 64 3 1 0 0.74 0.0 0 5.1 12 110 M M 9 12 14 110
15 79 62 71 9 0 6 0.00 0.0 0 7.0 13 240 M M 5 12 13 240
16 79 58 69 7 0 4 0.39 0.0 0 7.1 22 270 M M 5 13 40 260
17 77 50 64 2 1 0 0.00 0.0 0 9.8 24 290 M M 0 35 300
18 71 51 61 -1 4 0 0.02 0.0 0 4.8 16 340 M M 2 21 350
19 74 53 64 1 1 0 0.78 0.0 0 4.5 12 110 M M 3 1 14 90
20 85 55 70 7 0 5 0.46 0.0 0 5.7 24 170 M M 5 123 35 280
21 92 62 77 14 0 12 0.00 0.0 0 4.6 13 210 M M 4 12 20 280
22 88 69 79 15 0 14 0.01 0.0 0 6.6 18 250 M M 1 3 25 240
23 74 57 66 2 0 1 0.00 0.0 0 8.0 20 340 M M 3 29 350
24 67 54 61 -3 4 0 T 0.0 0 7.7 16 140 M M 9 21 110
25 72 50 61 -3 4 0 0.00 0.0 0 7.9 15 120 M M 2 20 140
26 72 50 61 -4 4 0 0.00 0.0 0 5.7 14 170 M M 8 18 160
27 76 64 70 5 0 5 0.61 0.0 0 7.0 18 210 M M 9 123 24 190
28 75 62 69 4 0 4 0.62 0.0 0 6.7 18 310 M M 6 1 27 310
29 79 57 68 2 0 3 0.00 0.0 0 4.0 13 330 M M 2 17 280
30 87 59 73 7 0 8 0.00 0.0 0 4.5 14 190 M M 0 1 19 190
31 92 69 81 15 0 16 0.00 0.0 0 6.4 14 340 M M 1 20 270
================================================================================
SM 2278 1662 115 78 7.17 0.0 226.8 M 154
================================================================================
AV 73.5 53.6 7.3 FASTST M M 5 MAX(MPH)
MISC ----> 36 70 52 70
================================================================================
NOTES:
# LAST OF SEVERAL OCCURRENCES
COLUMN 17 PEAK WIND IN M.P.H.
PRELIMINARY LOCAL CLIMATOLOGICAL DATA (WS FORM: F-6) , PAGE 2
STATION: TRENTON NJ
MONTH: MAY
YEAR: 2022
LATITUDE: 40 16 N
LONGITUDE: 74 49 W
[TEMPERATURE DATA] [PRECIPITATION DATA] SYMBOLS USED IN COLUMN 16
AVERAGE MONTHLY: 63.5 TOTAL FOR MONTH: 7.17 1 = FOG OR MIST
DPTR FM NORMAL: 1.5 DPTR FM NORMAL: 3.18 2 = FOG REDUCING VISIBILITY
HIGHEST: 92 ON 31,21 GRTST 24HR 1.25 ON 2- 2 TO 1/4 MILE OR LESS
LOWEST: 35 ON 1 3 = THUNDER
SNOW, ICE PELLETS, HAIL 4 = ICE PELLETS
TOTAL MONTH: 0.0 INCH 5 = HAIL
GRTST 24HR 0.0 6 = FREEZING RAIN OR DRIZZLE
GRTST DEPTH: 0 7 = DUSTSTORM OR SANDSTORM:
VSBY 1/2 MILE OR LESS
8 = SMOKE OR HAZE
[NO. OF DAYS WITH] [WEATHER - DAYS WITH] 9 = BLOWING SNOW
X = TORNADO
MAX 32 OR BELOW: 0 0.01 INCH OR MORE: 14
MAX 90 OR ABOVE: 2 0.10 INCH OR MORE: 11
MIN 32 OR BELOW: 0 0.50 INCH OR MORE: 7
MIN 0 OR BELOW: 0 1.00 INCH OR MORE: 2
[HDD (BASE 65) ]
TOTAL THIS MO. 115 CLEAR (SCALE 0-3) 12
DPTR FM NORMAL -33 PTCLDY (SCALE 4-7) 10
TOTAL FM JUL 1 4675 CLOUDY (SCALE 8-10) 9
DPTR FM NORMAL -280
[CDD (BASE 65) ]
TOTAL THIS MO. 78
DPTR FM NORMAL 23 [PRESSURE DATA]
TOTAL FM JAN 1 82 HIGHEST SLP M ON M
DPTR FM NORMAL 14 LOWEST SLP 29.53 ON 16
[REMARKS]
#FINAL-05-22#