000
CXUS55 KTWC 010855
CF6TUS
PRELIMINARY LOCAL CLIMATOLOGICAL DATA (WS FORM: F-6)
STATION: TUCSON AZ
MONTH: MAY
YEAR: 2023
LATITUDE: 32 7 N
LONGITUDE: 110 56 W
TEMPERATURE IN F: :PCPN: SNOW: WIND :SUNSHINE: SKY :PK WND
================================================================================
1 2 3 4 5 6A 6B 7 8 9 10 11 12 13 14 15 16 17 18
12Z AVG MX 2MIN
DY MAX MIN AVG DEP HDD CDD WTR SNW DPTH SPD SPD DIR MIN PSBL S-S WX SPD DR
================================================================================
1 88 63 76 4 0 11 0.00 M M 10.8 26 190 M M 0 35 190
2 89 60 75 3 0 10 0.00 M M 7.4 20 200 M M 0 27 210
3 87 61 74 2 0 9 0.00 M M 10.2 25 200 M M 0 35 220
4 84 58 71 -2 0 6 0.00 M M 8.7 21 250 M M 0 34 230
5 83 53 68 -5 0 3 0.00 M M 7.6 23 240 M M 0 35 290
6 88 54 71 -2 0 6 0.00 M M 5.7 18 270 M M 0 25 260
7 90 55 73 -1 0 8 0.00 M M 5.3 15 310 M M 0 20 310
8 93 56 75 1 0 10 0.00 M M 5.9 16 350 M M M 8 22 10
9 94 59 77 3 0 12 0.00 M M 7.3 18 230 M M M 26 210
10 80 56 68 -7 0 3 0.00 M M 10.4 25 270 M M M 47 240
11 86 51 69 -6 0 4 0.00 M M 5.2 14 340 M M 0 19 250
12 91 57 74 -1 0 9 0.00 M M 6.2 15 350 M M 0 20 340
13 95 62 79 3 0 14 0.00 M M 6.1 14 240 M M 0 20 290
14 96 73 85 9 0 20 T M M 13.7 36 150 M M 0 38 44 160
15 95 71 83 7 0 18 T M M 12.2 28 130 M M 2 39 110
16 96 68 82 5 0 17 T M M 8.1 24 230 M M 2 3 39 230
17 95 72 84 7 0 19 0.04 M M 6.8 30 130 M M 3 3 40 140
18 92 65 79 2 0 14 0.48 M M 8.2 23 110 M M 3 3 31 110
19 91 63 77 -1 0 12 0.01 M M 5.9 18 290 M M 1 24 320
20 94 63 79 1 0 14 0.00 M M 5.6 15 310 M M 0 20 200
21 95 66 81 3 0 16 0.00 M M 6.3 15 260 M M 0 21 290
22 96 65 81 2 0 16 0.00 M M 6.9 17 190 M M 0 26 200
23 97 66 82 3 0 17 0.00 M M 6.6 18 230 M M 0 26 230
24 95 65 80 0 0 15 0.00 M M 7.7 17 210 M M 0 26 240
25 96 63 80 0 0 15 0.00 M M 8.0 18 200 M M 0 30 250
26 97 62 80 0 0 15 0.00 M M 8.0 22 270 M M 0 36 240
27 97 64 81 0 0 16 0.00 M M 6.7 24 250 M M 0 34 270
28 96 64 80 -1 0 15 0.00 M M 7.4 21 280 M M 0 28 290
29 97 67 82 1 0 17 0.00 M M 7.3 17 200 M M 0 24 250
30 95 67 81 -1 0 16 0.00 M M 8.4 20 230 M M 0 31 200
31 91 62 77 -5 0 12 0.00 M M 10.4 28 230 M M 0 37 190
================================================================================
SM 2859 1931 0 389 0.53 M 241.0 M 11
================================================================================
AV 92.2 62.3 7.8 FASTST M M 0 MAX(MPH)
MISC ----> 36 150 47 240
================================================================================
NOTES:
# LAST OF SEVERAL OCCURRENCES
COLUMN 17 PEAK WIND IN M.P.H.
PRELIMINARY LOCAL CLIMATOLOGICAL DATA (WS FORM: F-6) , PAGE 2
STATION: TUCSON AZ
MONTH: MAY
YEAR: 2023
LATITUDE: 32 7 N
LONGITUDE: 110 56 W
[TEMPERATURE DATA] [PRECIPITATION DATA] SYMBOLS USED IN COLUMN 16
AVERAGE MONTHLY: 77.3 TOTAL FOR MONTH: 0.53 1 = FOG OR MIST
DPTR FM NORMAL: 0.5 DPTR FM NORMAL: 0.33 2 = FOG REDUCING VISIBILITY
HIGHEST: 97 ON 29,27 GRTST 24HR 0.48 ON 18-18 TO 1/4 MILE OR LESS
LOWEST: 51 ON 11 3 = THUNDER
SNOW, ICE PELLETS, HAIL 4 = ICE PELLETS
TOTAL MONTH: M 5 = HAIL
GRTST 24HR M ON M 6 = FREEZING RAIN OR DRIZZLE
GRTST DEPTH: M ON M 7 = DUSTSTORM OR SANDSTORM:
VSBY 1/2 MILE OR LESS
8 = SMOKE OR HAZE
[NO. OF DAYS WITH] [WEATHER - DAYS WITH] 9 = BLOWING SNOW
X = TORNADO
MAX 32 OR BELOW: 0 0.01 INCH OR MORE: 3
MAX 90 OR ABOVE: 23 0.10 INCH OR MORE: 1
MIN 32 OR BELOW: 0 0.50 INCH OR MORE: 0
MIN 0 OR BELOW: 0 1.00 INCH OR MORE: 0
[HDD (BASE 65) ]
TOTAL THIS MO. 0 CLEAR (SCALE 0-3) 27
DPTR FM NORMAL -4 PTCLDY (SCALE 4-7) 1
TOTAL FM JUL 1 1495 CLOUDY (SCALE 8-10) 3
DPTR FM NORMAL 168
[CDD (BASE 65) ]
TOTAL THIS MO. 389
DPTR FM NORMAL 19 [PRESSURE DATA]
TOTAL FM JAN 1 582 HIGHEST SLP M ON M
DPTR FM NORMAL 27 LOWEST SLP 29.62 ON 25
[REMARKS]
#FINAL-05-23#