000
CXUS55 KTWC 010855
CF6TUS
PRELIMINARY LOCAL CLIMATOLOGICAL DATA (WS FORM: F-6)
STATION: TUCSON AZ
MONTH: AUGUST
YEAR: 2023
LATITUDE: 32 7 N
LONGITUDE: 110 56 W
TEMPERATURE IN F: :PCPN: SNOW: WIND :SUNSHINE: SKY :PK WND
================================================================================
1 2 3 4 5 6A 6B 7 8 9 10 11 12 13 14 15 16 17 18
12Z AVG MX 2MIN
DY MAX MIN AVG DEP HDD CDD WTR SNW DPTH SPD SPD DIR MIN PSBL S-S WX SPD DR
================================================================================
1 101 75 88 1 0 23 0.00 M M 5.5 14 250 M M 0 21 290
2 103 80 92 5 0 27 0.00 M M 5.0 16 300 M M 0 21 300
3 105 80 93 6 0 28 0.00 M M 4.5 16 280 M M 0 25 300
4 109 78 94 7 0 29 0.00 M M 4.9 16 350 M M 0 26 340
5 110 79 95 8 0 30 0.00 M M 6.7 16 290 M M 0 22 320
6 107 85 96 9 0 31 0.00 M M 8.4 29 180 M M 0 3 36 180
7 104 84 94 7 0 29 0.00 M M 7.3 20 210 M M 1 3 26 210
8 99 77 88 1 0 23 0.04 M M 7.6 25 250 M M 2 3 35 220
9 104 75 90 3 0 25 0.00 M M 7.3 20 300 M M 0 24 290
10 102 81 92 5 0 27 T M M 7.7 29 170 M M 1 38 34 180
11 95 82 89 2 0 24 0.00 M M 9.3 22 120 M M 2 3 30 130
12 98 76 87 0 0 22 T M M 7.1 26 130 M M 0 3 32 140
13 101 74 88 1 0 23 0.00 M M 7.5 21 340 M M 1 3 30 330
14 103 78 91 4 0 26 0.02 M M 6.1 23 230 M M 3 3 31 240
15 101 84 93 6 0 28 0.00 M M 10.7 24 120 M M 1 36 130
16 108 84 96 9 0 31 T M M 7.5 36 190 M M 1 38 49 200
17 107 74 91 4 0 26 0.26 M M 8.3 28 180 M M 1 3 38 190
18 99 72 86 -1 0 21 0.84 M M 9.8 36 210 M M 2 3 62 250
19 89 73 81 -6 0 16 T M M 7.9 21 200 M M 0 31 190
20 95 75 85 -2 0 20 0.01 M M 12.6 31 150 M M 1 43 170
21 92 68 80 -7 0 15 0.79 M M 5.8 35 150 M M M 3 48 150
22 99 69 84 -3 0 19 0.35 M M 4.7 37 130 M M M 3 62 140
23 96 72 84 -3 0 19 0.00 M M 10.9 24 120 M M M 32 130
24 99 75 87 0 0 22 0.00 M M 3.9 12 150 M M 0 14 140
25 105 76 91 4 0 26 0.00 M M 6.2 26 300 M M M 3 37 320
26 103 81 92 5 0 27 0.02 M M 9.9 24 120 M M M 3 36 120
27 105 81 93 7 0 28 0.00 M M 4.8 18 170 M M M 24 160
28 109 80 95 9 0 30 0.00 M M 6.6 16 80 M M 0 3 23 80
29 108 83 96 10 0 31 0.00 M M 6.6 16 120 M M 0 3 23 150
30 107 79 93 7 0 28 0.06 M M 9.0 31 80 M M 1 3 45 80
31 103 77 90 4 0 25 0.00 M M 6.8 26 200 M M 0 3 36 190
================================================================================
SM 3166 2407 0 779 2.39 M 226.9 M 17
================================================================================
AV102.1 77.6 7.3 FASTST M M 1 MAX(MPH)
MISC ----> 37 130 # 62 250
================================================================================
NOTES:
# LAST OF SEVERAL OCCURRENCES
COLUMN 17 PEAK WIND IN M.P.H.
PRELIMINARY LOCAL CLIMATOLOGICAL DATA (WS FORM: F-6) , PAGE 2
STATION: TUCSON AZ
MONTH: AUGUST
YEAR: 2023
LATITUDE: 32 7 N
LONGITUDE: 110 56 W
[TEMPERATURE DATA] [PRECIPITATION DATA] SYMBOLS USED IN COLUMN 16
AVERAGE MONTHLY: 89.9 TOTAL FOR MONTH: 2.39 1 = FOG OR MIST
DPTR FM NORMAL: 3.0 DPTR FM NORMAL: 0.41 2 = FOG REDUCING VISIBILITY
HIGHEST: 110 ON 5 GRTST 24HR 1.10 ON 17-18 TO 1/4 MILE OR LESS
LOWEST: 68 ON 21 3 = THUNDER
SNOW, ICE PELLETS, HAIL 4 = ICE PELLETS
TOTAL MONTH: M 5 = HAIL
GRTST 24HR M ON M 6 = FREEZING RAIN OR DRIZZLE
GRTST DEPTH: M ON M 7 = DUSTSTORM OR SANDSTORM:
VSBY 1/2 MILE OR LESS
8 = SMOKE OR HAZE
[NO. OF DAYS WITH] [WEATHER - DAYS WITH] 9 = BLOWING SNOW
X = TORNADO
MAX 32 OR BELOW: 0 0.01 INCH OR MORE: 9
MAX 90 OR ABOVE: 30 0.10 INCH OR MORE: 4
MIN 32 OR BELOW: 0 0.50 INCH OR MORE: 2
MIN 0 OR BELOW: 0 1.00 INCH OR MORE: 0
[HDD (BASE 65) ]
TOTAL THIS MO. 0 CLEAR (SCALE 0-3) 24
DPTR FM NORMAL 0 PTCLDY (SCALE 4-7) 1
TOTAL FM JUL 1 0 CLOUDY (SCALE 8-10) 6
DPTR FM NORMAL 0
[CDD (BASE 65) ]
TOTAL THIS MO. 779
DPTR FM NORMAL 100 [PRESSURE DATA]
TOTAL FM JAN 1 2867 HIGHEST SLP M ON M
DPTR FM NORMAL 278 LOWEST SLP 29.65 ON 31
[REMARKS]
#FINAL-08-23#