000
CXUS53 KAPX 271518
CF6TVC
PRELIMINARY LOCAL CLIMATOLOGICAL DATA (WS FORM: F-6)
STATION: TRAVERSE CITY MI
MONTH: JANUARY
YEAR: 2023
LATITUDE: 44 44 N
LONGITUDE: 85 34 W
TEMPERATURE IN F: :PCPN: SNOW: WIND :SUNSHINE: SKY :PK WND
================================================================================
1 2 3 4 5 6A 6B 7 8 9 10 11 12 13 14 15 16 17 18
12Z AVG MX 2MIN
DY MAX MIN AVG DEP HDD CDD WTR SNW DPTH SPD SPD DIR MIN PSBL S-S WX SPD DR
================================================================================
1 39 33 36 11 29 0 0.10 M M 4.2 16 260 M M 10 16 21 260
2 42 32 37 12 28 0 0.00 M M 2.8 10 230 M M 10 18 15 220
3 40 35 38 13 27 0 0.10 M M 5.2 13 50 M M 10 18 24 100
4 41 38 40 15 25 0 0.03 M M 5.3 13 50 M M 10 1 20 80
5 38 33 36 12 29 0 0.03 M M 3.2 10 190 M M 10 1 13 180
6 35 32 34 10 31 0 T M M 6.9 12 320 M M 10 1 16 310
7 32 27 30 6 35 0 0.01 M M 6.4 14 320 M M 10 18 22 320
8 34 27 31 7 34 0 0.00 M M 7.2 14 230 M M 9 23 220
9 32 30 31 7 34 0 0.00 M M 7.6 15 230 M M 9 1 28 240
10 37 31 34 10 31 0 T M M 6.7 13 120 M M 10 18 120
11 40 35 38 14 27 0 0.02 M M 4.8 12 150 M M 10 18 22 140
12 39 32 36 13 29 0 0.01 M M 11.3 21 360 M M 10 1 31 20
13 32 24 28 5 37 0 T M M 13.6 23 20 M M 10 9 34 350
14 33 23 28 5 37 0 0.00 M M 4.2 9 200 M M 7 13 220
15 43 28 36 13 29 0 0.00 M M 7.3 15 180 M M 7 25 170
16 39 34 37 14 28 0 0.12 M M 6.2 12 170 M M 8 1 20 150
17 44 37 41 18 24 0 0.02 M M 7.5 16 270 M M 10 1 22 240
18 38 33 36 13 29 0 T M M 7.7 17 310 M M 10 1 22 310
19 37 34 36 14 29 0 0.43 M M 7.5 20 100 M M 10 1 29 80
20 34 28 31 9 34 0 0.03 M 3 7.4 15 330 M M 10 1 26 340
21 33 29 31 9 34 0 0.03 M M 6.3 14 210 M M 10 22 210
22 32 31 32 10 33 0 T M M 4.0 13 190 M M 10 16 19 220
23 32 28 30 8 35 0 0.03 M M 8.8 18 230 M M 10 19 29 200
24 34 30 32 10 33 0 T M M 7.2 17 300 M M 10 1 22 290
25 35 30 33 11 32 0 0.02 M M 5.8 15 30 M M 10 1 22 30
26 33 24 29 7 36 0 0.02 M M 6.1 15 340 M M 10 1 21 340
27 33 25 29 7 36 0 0.01 M M 11.4 23 280 M M 10 89 42 160
28 29 21 25 3 40 0 T M 4 7.7 21 310 M M 10 8 27 280
29 25 14 20 -2 45 0 0.02 M M 6.1 16 50 M M 10 18 23 30
30 20 10 15 -7 50 0 T M M 10.3 23 270 M M 10 189 28 260
31 18 10 14 -8 51 0 T M M 7.8 18 230 M M 9 27 230
================================================================================
SM 1073 878 1031 0 1.03 M 214.5 M 299
================================================================================
AV 34.6 28.3 6.9 FASTST M M 10 MAX(MPH)
MISC ----> # 23 20 42 160
================================================================================
NOTES:
# LAST OF SEVERAL OCCURRENCES
COLUMN 17 PEAK WIND IN M.P.H.
PRELIMINARY LOCAL CLIMATOLOGICAL DATA (WS FORM: F-6) , PAGE 2
STATION: TRAVERSE CITY MI
MONTH: JANUARY
YEAR: 2023
LATITUDE: 44 44 N
LONGITUDE: 85 34 W
[TEMPERATURE DATA] [PRECIPITATION DATA] SYMBOLS USED IN COLUMN 16
AVERAGE MONTHLY: 31.5 TOTAL FOR MONTH: 1.03 1 = FOG OR MIST
DPTR FM NORMAL: 8.4 DPTR FM NORMAL: -0.64 2 = FOG REDUCING VISIBILITY
HIGHEST: 44 ON 17 GRTST 24HR 0.50 ON 19-20 TO 1/4 MILE OR LESS
LOWEST: 10 ON 31,30 3 = THUNDER
SNOW, ICE PELLETS, HAIL 4 = ICE PELLETS
TOTAL MONTH: M 5 = HAIL
GRTST 24HR M ON M 6 = FREEZING RAIN OR DRIZZLE
GRTST DEPTH: 4 ON 28 7 = DUSTSTORM OR SANDSTORM:
VSBY 1/2 MILE OR LESS
8 = SMOKE OR HAZE
[NO. OF DAYS WITH] [WEATHER - DAYS WITH] 9 = BLOWING SNOW
X = TORNADO
MAX 32 OR BELOW: 9 0.01 INCH OR MORE: 17
MAX 90 OR ABOVE: 0 0.10 INCH OR MORE: 4
MIN 32 OR BELOW: 22 0.50 INCH OR MORE: 0
MIN 0 OR BELOW: 0 1.00 INCH OR MORE: 0
[HDD (BASE 65) ]
TOTAL THIS MO. 1031 CLEAR (SCALE 0-3) 0
DPTR FM NORMAL -266 PTCLDY (SCALE 4-7) 2
TOTAL FM JUL 1 3343 CLOUDY (SCALE 8-10) 29
DPTR FM NORMAL -530
[CDD (BASE 65) ]
TOTAL THIS MO. 0
DPTR FM NORMAL 0 [PRESSURE DATA]
TOTAL FM JAN 1 0 HIGHEST SLP 30.42 ON 7
DPTR FM NORMAL 0 LOWEST SLP 29.38 ON 17
[REMARKS]
#FINAL-01-23#