000
CXUS55 KREV 010936 RRA
CF6TVL
PRELIMINARY LOCAL CLIMATOLOGICAL DATA (WS FORM: F-6)
STATION: SOUTH LAKE TAHOE CA
MONTH: JULY
YEAR: 2023
LATITUDE: 38 53 N
LONGITUDE: 119 60 W
TEMPERATURE IN F: :PCPN: SNOW: WIND :SUNSHINE: SKY :PK WND
================================================================================
1 2 3 4 5 6A 6B 7 8 9 10 11 12 13 14 15 16 17 18
12Z AVG MX 2MIN
DY MAX MIN AVG DEP HDD CDD WTR SNW DPTH SPD SPD DIR MIN PSBL S-S WX SPD DR
================================================================================
1 85 45 65 6 0 0 0.00 M M 3.8 15 20 M M 1 18 20
2 86 46 66 7 0 1 0.00 M M 2.5 12 20 M M 0 17 200
3 83 44 64 4 1 0 0.00 M M 3.6 15 190 M M 0 25 200
4 81 47 64 4 1 0 0.00 M M 3.3 14 30 M M 2 18 20
5 82 47 65 5 0 0 0.00 M M 4.4 17 190 M M 0 23 210
6 78 45 62 2 3 0 0.00 M M 4.8 16 30 M M 0 31 180
7 77 43 60 0 5 0 0.00 M M 3.8 14 30 M M 0 20 190
8 78 41 60 -1 5 0 0.00 M M 4.2 15 30 M M 0 19 160
9 77 44 61 0 4 0 0.00 M M 4.9 17 190 M M 0 23 190
10 79 41 60 -1 5 0 0.00 M M 3.6 13 200 M M 0 21 270
11 80 38 59 -2 6 0 0.00 M M 5.0 17 200 M M 0 23 200
12 79 39 59 -2 6 0 0.00 M M 4.7 16 190 M M 0 24 190
13 81 37 59 -3 6 0 0.00 M M 3.0 14 30 M M 0 18 30
14 85 40 63 1 2 0 0.00 M M 3.6 12 20 M M 0 8 15 40
15 92 45 69 7 0 4 0.00 M M 3.8 16 190 M M 0 24 200
16 93 45 69 7 0 4 0.00 M M 3.9 14 190 M M 0 24 180
17 89 60 75 13 0 10 0.00 M M 3.6 17 180 M M 0 27 170
18 87 55 71 9 0 6 0.00 M M 5.3 17 190 M M 0 30 180
19 84 50 67 5 0 2 0.00 M M 4.0 15 190 M M 0 22 190
20 85 46 66 4 0 1 0.00 0.0 M 4.5 15 30 M M 0 19 30
21 90 45 68 6 0 3 0.00 0.0 M 3.6 13 190 M M 0 21 200
22 90 46 68 6 0 3 0.00 0.0 M 3.4 16 200 M M 0 24 170
23 91 50 71 9 0 6 0.00 0.0 M 4.5 26 190 M M 0 37 200
24 80 48 64 2 1 0 0.00 0.0 M 6.0 23 190 M M 0 36 180
25 83 37 60 -2 5 0 0.00 M M 5.3 20 200 M M 0 28 190
26 84 45 65 3 0 0 0.00 M M 5.4 24 190 M M 0 31 190
27 81 48 65 3 0 0 0.00 M M 7.4 23 190 M M 0 36 180
28 81 41 61 -1 4 0 0.00 M M 4.8 18 190 M M 0 26 180
29 81 50 66 4 0 1 0.00 M M 3.4 18 190 M M 0 30 190
30 82 43 63 1 2 0 0.00 M M 4.1 17 200 M M 0 27 190
31 82 52 67 5 0 2 0.00 M M 6.2 22 190 M M 0 34 180
================================================================================
SM 2586 1403 56 43 0.00 0.0 134.4 M 3
================================================================================
AV 83.4 45.3 4.3 FASTST M M 0 MAX(MPH)
MISC ----> 26 190 37 200
================================================================================
NOTES:
# LAST OF SEVERAL OCCURRENCES
COLUMN 17 PEAK WIND IN M.P.H.
PRELIMINARY LOCAL CLIMATOLOGICAL DATA (WS FORM: F-6) , PAGE 2
STATION: SOUTH LAKE TAHOE CA
MONTH: JULY
YEAR: 2023
LATITUDE: 38 53 N
LONGITUDE: 119 60 W
[TEMPERATURE DATA] [PRECIPITATION DATA] SYMBOLS USED IN COLUMN 16
AVERAGE MONTHLY: 64.3 TOTAL FOR MONTH: 0.00 1 = FOG OR MIST
DPTR FM NORMAL: 2.8 DPTR FM NORMAL: -0.39 2 = FOG REDUCING VISIBILITY
HIGHEST: 93 ON 16 GRTST 24HR T ON 3- 3 TO 1/4 MILE OR LESS
LOWEST: 37 ON 25,13 3 = THUNDER
SNOW, ICE PELLETS, HAIL 4 = ICE PELLETS
TOTAL MONTH: 0.0 INCH 5 = HAIL
GRTST 24HR 0.0 6 = FREEZING RAIN OR DRIZZLE
GRTST DEPTH: M ON M 7 = DUSTSTORM OR SANDSTORM:
VSBY 1/2 MILE OR LESS
8 = SMOKE OR HAZE
[NO. OF DAYS WITH] [WEATHER - DAYS WITH] 9 = BLOWING SNOW
X = TORNADO
MAX 32 OR BELOW: 0 0.01 INCH OR MORE: 0
MAX 90 OR ABOVE: 5 0.10 INCH OR MORE: 0
MIN 32 OR BELOW: 0 0.50 INCH OR MORE: 0
MIN 0 OR BELOW: 0 1.00 INCH OR MORE: 0
[HDD (BASE 65) ]
TOTAL THIS MO. 56 CLEAR (SCALE 0-3) 31
DPTR FM NORMAL -72 PTCLDY (SCALE 4-7) 0
TOTAL FM JUL 1 56 CLOUDY (SCALE 8-10) 0
DPTR FM NORMAL -70
[CDD (BASE 65) ]
TOTAL THIS MO. 43
DPTR FM NORMAL 25 [PRESSURE DATA]
TOTAL FM JAN 1 43 HIGHEST SLP M ON M
DPTR FM NORMAL 23 LOWEST SLP 29.87 ON 7
[REMARKS]
...THE SOUTH LAKE TAHOE CA CLIMATE SUMMARY FOR THE MONTH OF JULY 2023...
THE AVERAGE TEMPERATURE FOR JULY 2023 AT THE SOUTH LAKE TAHOE
AIRPORT WAS 64.3 DEGREES, WHICH IS 2.8 DEGREES ABOVE NORMAL. THE
HIGHEST TEMPERATURE FOR JULY WAS 93 DEGREES, WHICH OCCURRED ON THE
16TH. THE LOWEST TEMPERATURE FOR THE MONTH WAS 37 DEGREES, WHICH
OCCURRED ON THE 13TH AND 25TH.
FOR JULY 2023, 0.00 INCHES OF PRECIPITATION WERE RECORDED AT THE
SOUTH LAKE TAHOE AIRPORT. THIS IS 0.01 INCHES BELOW NORMAL FOR THE
MONTH AND ALSO TIED THE LOWEST ALL TIME RECORD OF 0.00 SET IN 2000
AND 1968.
THE AVERAGE WIND SPEED FOR JULY 2023 WAS 4.3 MPH. THE PEAK WIND GUST
FOR THE MONTH WAS 37 MPH FROM THE SOUTH ON THE 23RD.
#FINAL-07-23#