000
CXUS55 KBOI 011002
CF6TWF
PRELIMINARY LOCAL CLIMATOLOGICAL DATA (WS FORM: F-6)
STATION: TWIN FALLS ID
MONTH: JANUARY
YEAR: 2023
LATITUDE: 42 28 N
LONGITUDE: 114 29 W
TEMPERATURE IN F: :PCPN: SNOW: WIND :SUNSHINE: SKY :PK WND
================================================================================
1 2 3 4 5 6A 6B 7 8 9 10 11 12 13 14 15 16 17 18
12Z AVG MX 2MIN
DY MAX MIN AVG DEP HDD CDD WTR SNW DPTH SPD SPD DIR MIN PSBL S-S WX SPD DR
================================================================================
1 31 28 30 2 35 0 0.00 M M 8.7 15 290 M M 10 12 20 290
2 33 22 28 0 37 0 0.00 M M 5.6 16 280 M M 5 22 270
3 33 23 28 0 37 0 0.00 M M 9.1 16 200 M M 7 22 200
4 40 27 34 6 31 0 0.00 M M 8.5 17 200 M M 5 24 200
5 43 29 36 8 29 0 0.07 M M 7.2 16 180 M M 8 1 21 180
6 43 27 35 7 30 0 T M M 9.2 18 270 M M 7 26 280
7 42 24 33 4 32 0 0.00 M M 3.9 13 160 M M 0 18 160
8 46 29 38 9 27 0 0.01 0.0 0 16.8 35 240 M M 3 47 240
9 44 27 36 7 29 0 0.09 0.0 0 10.1 28 180 M M 7 1 36 170
10 39 29 34 5 31 0 0.19 M M 5.9 13 190 M M 7 12 17 190
11 44 32 38 9 27 0 0.01 M M 12.3 20 250 M M 4 28 240
12 46 29 38 9 27 0 0.00 M M 5.4 13 200 M M 5 19 190
13 43 29 36 7 29 0 T M M 6.0 23 190 M M 2 35 190
14 51 35 43 14 22 0 0.01 M M 12.0 25 200 M M 6 36 190
15 44 31 38 9 27 0 T M M 9.9 22 280 M M 7 31 290
16 41 26 34 5 31 0 0.01 M M 6.5 15 210 M M 4 1 20 210
17 34 27 31 2 34 0 0.03 M M 10.3 18 290 M M 9 1 23 280
18 38 22 30 1 35 0 0.00 M M 10.4 17 180 M M 1 24 180
19 32 24 28 -1 37 0 0.14 M M 7.1 22 190 M M 10 18 32 200
20 29 14 22 -7 43 0 0.00 M M 10.4 17 270 M M 4 24 280
21 26 5 16 -13 49 0 0.00 M M 7.2 14 210 M M 0 18 220
22 24 13 19 -10 46 0 0.03 M M 7.9 14 290 M M 10 1 20 300
23 30 16 23 -6 42 0 0.00 M M 9.6 18 280 M M 6 24 270
24 32 16 24 -5 41 0 0.00 M M 9.7 20 270 M M 2 27 270
25 30 15 23 -7 42 0 0.00 M M 6.1 13 270 M M 6 18 270
26 39 21 30 0 35 0 0.00 M M 12.9 21 240 M M 5 29 230
27 41 32 37 7 28 0 T M M 17.8 33 270 M M 7 48 270
28 39 23 31 1 34 0 0.16 M M 10.8 23 280 M M 7 1 31 280
29 22 9 16 -14 49 0 0.03 M M 17.1 26 90 M M 10 18 34 90
30 14 -4 5 -25 60 0 0.00 M M 5.1 13 100 M M 4 17 100
31 16 -2 7 -23 58 0 0.00 M M 7.3 12 100 M M 6 14 200
================================================================================
SM 1109 678 1114 0 0.78 0.0 286.8 M 174
================================================================================
AV 35.8 21.9 9.3 FASTST M M 6 MAX(MPH)
MISC ----> 35 240 48 270
================================================================================
NOTES:
# LAST OF SEVERAL OCCURRENCES
COLUMN 17 PEAK WIND IN M.P.H.
PRELIMINARY LOCAL CLIMATOLOGICAL DATA (WS FORM: F-6) , PAGE 2
STATION: TWIN FALLS ID
MONTH: JANUARY
YEAR: 2023
LATITUDE: 42 28 N
LONGITUDE: 114 29 W
[TEMPERATURE DATA] [PRECIPITATION DATA] SYMBOLS USED IN COLUMN 16
AVERAGE MONTHLY: 28.8 TOTAL FOR MONTH: 0.78 1 = FOG OR MIST
DPTR FM NORMAL: -0.3 DPTR FM NORMAL: -0.17 2 = FOG REDUCING VISIBILITY
HIGHEST: 51 ON 14 GRTST 24HR 0.19 ON 10-10 TO 1/4 MILE OR LESS
LOWEST: -4 ON 30 3 = THUNDER
SNOW, ICE PELLETS, HAIL 4 = ICE PELLETS
TOTAL MONTH: 0.0 INCH 5 = HAIL
GRTST 24HR 0.0 6 = FREEZING RAIN OR DRIZZLE
GRTST DEPTH: 0 7 = DUSTSTORM OR SANDSTORM:
VSBY 1/2 MILE OR LESS
8 = SMOKE OR HAZE
[NO. OF DAYS WITH] [WEATHER - DAYS WITH] 9 = BLOWING SNOW
X = TORNADO
MAX 32 OR BELOW: 11 0.01 INCH OR MORE: 12
MAX 90 OR ABOVE: 0 0.10 INCH OR MORE: 3
MIN 32 OR BELOW: 30 0.50 INCH OR MORE: 0
MIN 0 OR BELOW: 2 1.00 INCH OR MORE: 0
[HDD (BASE 65) ]
TOTAL THIS MO. 1114 CLEAR (SCALE 0-3) 5
DPTR FM NORMAL 0 PTCLDY (SCALE 4-7) 21
TOTAL FM JUL 1 3683 CLOUDY (SCALE 8-10) 5
DPTR FM NORMAL -81
[CDD (BASE 65) ]
TOTAL THIS MO. 0
DPTR FM NORMAL 0 [PRESSURE DATA]
TOTAL FM JAN 1 0 HIGHEST SLP 30.59 ON 31
DPTR FM NORMAL 0 LOWEST SLP 29.44 ON 15
[REMARKS]
#FINAL-01-23#