000
CXUS55 KBOI 011002
CF6TWF
PRELIMINARY LOCAL CLIMATOLOGICAL DATA (WS FORM: F-6)
STATION: TWIN FALLS ID
MONTH: FEBRUARY
YEAR: 2022
LATITUDE: 42 28 N
LONGITUDE: 114 29 W
TEMPERATURE IN F: :PCPN: SNOW: WIND :SUNSHINE: SKY :PK WND
================================================================================
1 2 3 4 5 6A 6B 7 8 9 10 11 12 13 14 15 16 17 18
12Z AVG MX 2MIN
DY MAX MIN AVG DEP HDD CDD WTR SNW DPTH SPD SPD DIR MIN PSBL S-S WX SPD DR
================================================================================
1 27 17 22 -8 43 0 T M M 14.6 20 280 M M 3 1 26 220
2 23 13 18 -12 47 0 0.00 M M 11.7 21 260 M M 5 12 27 260
3 27 11 19 -11 46 0 0.00 M M 4.8 14 230 M M 7 18 18 220
4 30 10 20 -10 45 0 0.00 M M 5.0 12 170 M M 3 1 13 170
5 35 13 24 -6 41 0 0.00 M M 11.9 21 250 M M 0 1 27 260
6 34 17 26 -5 39 0 0.00 M M 6.3 14 270 M M 0 17 270
7 31 11 21 -10 44 0 0.00 M M 8.6 15 120 M M 2 12 18 120
8 35 11 23 -8 42 0 0.00 M M 7.7 16 250 M M 1 18 22 220
9 39 19 29 -2 36 0 0.00 M M 9.2 18 230 M M 0 18 24 230
10 46 28 37 6 28 0 0.00 M M 13.2 18 220 M M 0 24 230
11 44 25 35 3 30 0 0.00 M M 11.0 24 280 M M 0 12 32 270
12 38 22 30 -2 35 0 0.00 M M 6.4 13 120 M M 5 12 15 130
13 42 19 31 -1 34 0 0.00 M M 5.5 12 120 M M 0 1 14 120
14 50 26 38 6 27 0 0.00 M M 9.2 32 270 M M 2 41 270
15 36 29 33 0 32 0 T M M 16.0 23 270 M M 8 1 31 270
16 38 29 34 1 31 0 T M M 19.0 28 260 M M 5 1 36 250
17 41 26 34 1 31 0 0.00 M M 15.2 22 270 M M 0 28 230
18 48 32 40 7 25 0 0.00 M M 12.7 18 290 M M 0 25 230
19 56 27 42 8 23 0 0.00 M M 9.2 21 210 M M 0 29 200
20 48 26 37 3 28 0 0.01 M M 13.5 25 300 M M 4 1 35 300
21 32 21 27 -7 38 0 0.00 M M 12.4 23 260 M M 4 29 260
22 24 14 19 -16 46 0 T M M 20.6 32 90 M M 5 41 80
23 18 10 14 -21 51 0 T M M 11.9 22 250 M M 6 18 29 260
24 24 10 17 -18 48 0 0.05 M M 12.2 18 290 M M 7 128 23 270
25 24 7 16 -20 49 0 0.00 M M 8.3 15 230 M M 5 21 230
26 27 0 14 -22 51 0 0.00 M M 7.3 17 80 M M 0 20 70
27 33 8 21 -15 44 0 0.00 M M 8.7 14 130 M M 1 17 130
28 50 18 34 -3 31 0 0.00 M M 8.0 15 30 M M 2 17 200
================================================================================
SM 1000 499 1065 0 0.06 M 300.1 M 75
================================================================================
AV 35.7 17.8 10.7 FASTST M M 3 MAX(MPH)
MISC ----> # 32 270 # 41 270
================================================================================
NOTES:
# LAST OF SEVERAL OCCURRENCES
COLUMN 17 PEAK WIND IN M.P.H.
PRELIMINARY LOCAL CLIMATOLOGICAL DATA (WS FORM: F-6) , PAGE 2
STATION: TWIN FALLS ID
MONTH: FEBRUARY
YEAR: 2022
LATITUDE: 42 28 N
LONGITUDE: 114 29 W
[TEMPERATURE DATA] [PRECIPITATION DATA] SYMBOLS USED IN COLUMN 16
AVERAGE MONTHLY: 26.8 TOTAL FOR MONTH: 0.06 1 = FOG OR MIST
DPTR FM NORMAL: -6.0 DPTR FM NORMAL: -0.62 2 = FOG REDUCING VISIBILITY
HIGHEST: 56 ON 19 GRTST 24HR 0.05 ON 24-24 TO 1/4 MILE OR LESS
LOWEST: 0 ON 26 3 = THUNDER
SNOW, ICE PELLETS, HAIL 4 = ICE PELLETS
TOTAL MONTH: M 5 = HAIL
GRTST 24HR M ON M 6 = FREEZING RAIN OR DRIZZLE
GRTST DEPTH: M ON M 7 = DUSTSTORM OR SANDSTORM:
VSBY 1/2 MILE OR LESS
8 = SMOKE OR HAZE
[NO. OF DAYS WITH] [WEATHER - DAYS WITH] 9 = BLOWING SNOW
X = TORNADO
MAX 32 OR BELOW: 11 0.01 INCH OR MORE: 2
MAX 90 OR ABOVE: 0 0.10 INCH OR MORE: 0
MIN 32 OR BELOW: 28 0.50 INCH OR MORE: 0
MIN 0 OR BELOW: 1 1.00 INCH OR MORE: 0
[HDD (BASE 65) ]
TOTAL THIS MO. 1065 CLEAR (SCALE 0-3) 16
DPTR FM NORMAL 163 PTCLDY (SCALE 4-7) 11
TOTAL FM JUL 1 4575 CLOUDY (SCALE 8-10) 1
DPTR FM NORMAL -90
[CDD (BASE 65) ]
TOTAL THIS MO. 0
DPTR FM NORMAL 0 [PRESSURE DATA]
TOTAL FM JAN 1 0 HIGHEST SLP 30.69 ON 4
DPTR FM NORMAL 0 LOWEST SLP 29.63 ON 14
[REMARKS]
#FINAL-02-22#